11-06 16:01:02.502 D/AndroidRuntime(22108): Calling main entry
com.android.commands.settings.SettingsCmd
11-06 16:01:02.505 D/dalvikvm(22108): Note: class
Landroid/app/ActivityManagerNative; has 157 unimplemented (abstract) methods
11-06 16:01:02.518 D/AndroidRuntime(22108): Shutting down VM
11-06 16:01:03.078 D/SettingsProvider( 1901): User 0 external modification to
/data/data/com.android.providers.settings/databases/settings.db; event=8
11-06 16:01:03.078 D/SettingsProvider( 1901): User 0 updating our caches for
/data/data/com.android.providers.settings/databases/settings.db
11-06 16:01:04.701 I/AndroidCll-EventHandler( 3344): Draining All events
11-06 16:01:04.701 I/AndroidCll-NormalEventHandler( 3344): Writing 1 events to disk
11-06 16:01:04.715 I/AndroidCll-FileStorage( 3344): Creating new file
11-06 16:01:04.715 I/AndroidCll-AbstractHandler( 3344): File 0e04be7f-eed7-4423-
ad58-8832b6bd0c5c.crit.cllevent is in use still
11-06 16:01:04.728 I/AndroidCll-EventQueueWriter( 3344): Starting upload
11-06 16:01:04.728 I/AndroidCll-FileStorage( 3344): Read 1 events from file
11-06 16:01:04.728 I/AndroidCll-EventQueueWriter( 3344): Preparing to send
11-06 16:01:04.728 I/AndroidCll-EventQueueWriter( 3344): Sending Batch of events
11-06 16:01:04.728 I/AndroidCll-EventQueueWriter( 3344): Compressing events
11-06 16:01:04.735 E/AndroidCll-EventSender( 3344): Error connecting.
11-06 16:01:04.735 E/AndroidCll-EventSender( 3344): Error writing data
--------- beginning of /dev/log/main
11-07 19:28:44.386 I/init.andy( 1183): Vendor not defined
11-07 19:28:44.876 I/init.andy( 1193): Setting properties...
11-07 19:28:45.053 I/init.andy( 1196): done.
11-07 19:28:45.583 I/init.andy( 1204): running
11-07 19:28:45.716 I/init.andy( 1207): Inserting kmods...
11-07 19:28:46.193 I/init.andy( 1212): ..for VirtualBox
11-07 19:28:47.063 I/HostConnServer( 1206): Start hostconn server...
11-07 19:28:47.066 I/HostConnServer( 1206): HostConnServer::HostConnServer()
11-07 19:28:47.066 I/HostConnServer( 1206): listening at port 45053
11-07 19:28:47.336 I/init.andy( 1225): done.
11-07 19:28:47.463 D/DHCP ( 1228): ===== DHCP message:
11-07 19:28:47.463 D/DHCP ( 1228): op = BOOTREQUEST (1), htype = 1, hlen = 6,
hops = 0
11-07 19:28:47.463 D/DHCP ( 1228): xid = 0x8a1d0000 secs = 0, flags = 0x8000
optlen = 14
11-07 19:28:47.463 D/DHCP ( 1228): ciaddr = 0.0.0.0
11-07 19:28:47.463 D/DHCP ( 1228): yiaddr = 0.0.0.0
11-07 19:28:47.463 D/DHCP ( 1228): siaddr = 0.0.0.0
11-07 19:28:47.463 D/DHCP ( 1228): giaddr = 0.0.0.0
11-07 19:28:47.463 D/DHCP ( 1228): chaddr = { 08 00 27 ee b3 53 }
11-07 19:28:47.463 D/DHCP ( 1228): sname = ''
11-07 19:28:47.463 D/DHCP ( 1228): file = ''
11-07 19:28:47.463 D/DHCP ( 1228): op 53 len 1 { 01 } discover
11-07 19:28:47.463 D/DHCP ( 1228): op 55 len 4 { 01 03 06 1c }
11-07 19:28:47.513 D/DHCP ( 1228): ===== DHCP message:
11-07 19:28:47.513 D/DHCP ( 1228): op = BOOTREPLY (2), htype = 1, hlen = 6, hops
= 0
11-07 19:28:47.513 D/DHCP ( 1228): xid = 0x8a1d0000 secs = 0, flags = 0x0000
optlen = 312
11-07 19:28:47.513 D/DHCP ( 1228): ciaddr = 192.168.56.100
11-07 19:28:47.513 D/DHCP ( 1228): yiaddr = 192.168.56.100
11-07 19:28:47.513 D/DHCP ( 1228): siaddr = 0.0.0.0
11-07 19:28:47.513 D/DHCP ( 1228): giaddr = 0.0.0.0
11-07 19:28:47.513 D/DHCP ( 1228): chaddr = { 08 00 27 ee b3 53 }
11-07 19:28:47.513 D/DHCP ( 1228): sname = ''
11-07 19:28:47.513 D/DHCP ( 1228): file = ''
11-07 19:28:47.513 D/DHCP ( 1228): op 54 len 4 { c0 a8 38 02 }
11-07 19:28:47.513 D/DHCP ( 1228): op 53 len 1 { 02 } offer
11-07 19:28:47.513 D/DHCP ( 1228): op 51 len 4 { 00 00 04 b0 }
11-07 19:28:47.513 D/DHCP ( 1228): op 1 len 4 { ff ff ff 00 }
11-07 19:28:47.513 D/DHCP ( 1228): --- dhcp offer (2) ---
11-07 19:28:47.513 D/DHCP ( 1228): ip 192.168.56.100 gw 0.0.0.0 prefixLength 24
11-07 19:28:47.513 D/DHCP ( 1228): server 192.168.56.2, lease 1200 seconds
11-07 19:28:47.513 D/DHCP ( 1228): ===== DHCP message:
11-07 19:28:47.513 D/DHCP ( 1228): op = BOOTREQUEST (1), htype = 1, hlen = 6,
hops = 0
11-07 19:28:47.513 D/DHCP ( 1228): xid = 0x8b1d0000 secs = 0, flags = 0x8000
optlen = 26
11-07 19:28:47.513 D/DHCP ( 1228): ciaddr = 0.0.0.0
11-07 19:28:47.513 D/DHCP ( 1228): yiaddr = 0.0.0.0
11-07 19:28:47.513 D/DHCP ( 1228): siaddr = 0.0.0.0
11-07 19:28:47.513 D/DHCP ( 1228): giaddr = 0.0.0.0
11-07 19:28:47.513 D/DHCP ( 1228): chaddr = { 08 00 27 ee b3 53 }
11-07 19:28:47.513 D/DHCP ( 1228): sname = ''
11-07 19:28:47.513 D/DHCP ( 1228): file = ''
11-07 19:28:47.513 D/DHCP ( 1228): op 53 len 1 { 03 } request
11-07 19:28:47.513 D/DHCP ( 1228): op 55 len 4 { 01 03 06 1c }
11-07 19:28:47.513 D/DHCP ( 1228): op 50 len 4 { c0 a8 38 64 }
11-07 19:28:47.513 D/DHCP ( 1228): op 54 len 4 { c0 a8 38 02 }
11-07 19:28:47.513 D/DHCP ( 1228): ===== DHCP message:
11-07 19:28:47.513 D/DHCP ( 1228): op = BOOTREPLY (2), htype = 1, hlen = 6, hops
= 0
11-07 19:28:47.513 D/DHCP ( 1228): xid = 0x8b1d0000 secs = 0, flags = 0x0000
optlen = 312
11-07 19:28:47.513 D/DHCP ( 1228): ciaddr = 192.168.56.100
11-07 19:28:47.513 D/DHCP ( 1228): yiaddr = 192.168.56.100
11-07 19:28:47.513 D/DHCP ( 1228): siaddr = 0.0.0.0
11-07 19:28:47.513 D/DHCP ( 1228): giaddr = 0.0.0.0
11-07 19:28:47.513 D/DHCP ( 1228): chaddr = { 08 00 27 ee b3 53 }
11-07 19:28:47.513 D/DHCP ( 1228): sname = ''
11-07 19:28:47.513 D/DHCP ( 1228): file = ''
11-07 19:28:47.513 D/DHCP ( 1228): op 54 len 4 { c0 a8 38 02 }
11-07 19:28:47.513 D/DHCP ( 1228): op 53 len 1 { 05 } ack
11-07 19:28:47.513 D/DHCP ( 1228): op 51 len 4 { 00 00 04 b0 }
11-07 19:28:47.513 D/DHCP ( 1228): op 1 len 4 { ff ff ff 00 }
11-07 19:28:47.513 D/DHCP ( 1228): --- dhcp ack (5) ---
11-07 19:28:47.513 D/DHCP ( 1228): ip 192.168.56.100 gw 0.0.0.0 prefixLength 24
11-07 19:28:47.513 D/DHCP ( 1228): server 192.168.56.2, lease 1200 seconds
11-07 19:28:47.513 D/DHCP ( 1228): configuring eth0
11-07 19:28:47.529 D/NetUtils( 1228): Don't create null default route on eth0
11-07 19:28:47.573 D/DHCP ( 1229): ===== DHCP message:
11-07 19:28:47.573 D/DHCP ( 1229): op = BOOTREQUEST (1), htype = 1, hlen = 6,
hops = 0
11-07 19:28:47.573 D/DHCP ( 1229): xid = 0xfc1d0000 secs = 0, flags = 0x8000
optlen = 14
11-07 19:28:47.573 D/DHCP ( 1229): ciaddr = 0.0.0.0
11-07 19:28:47.573 D/DHCP ( 1229): yiaddr = 0.0.0.0
11-07 19:28:47.573 D/DHCP ( 1229): siaddr = 0.0.0.0
11-07 19:28:47.573 D/DHCP ( 1229): giaddr = 0.0.0.0
11-07 19:28:47.573 D/DHCP ( 1229): chaddr = { 08 00 27 12 e7 9e }
11-07 19:28:47.573 D/DHCP ( 1229): sname = ''
11-07 19:28:47.573 D/DHCP ( 1229): file = ''
11-07 19:28:47.573 D/DHCP ( 1229): op 53 len 1 { 01 } discover
11-07 19:28:47.573 D/DHCP ( 1229): op 55 len 4 { 01 03 06 1c }
11-07 19:28:47.596 D/DHCP ( 1229): ===== DHCP message:
11-07 19:28:47.596 D/DHCP ( 1229): op = BOOTREPLY (2), htype = 1, hlen = 6, hops
= 0
11-07 19:28:47.596 D/DHCP ( 1229): xid = 0xfc1d0000 secs = 0, flags = 0x8000
optlen = 312
11-07 19:28:47.596 D/DHCP ( 1229): ciaddr = 0.0.0.0
11-07 19:28:47.596 D/DHCP ( 1229): yiaddr = 10.0.3.15
11-07 19:28:47.596 D/DHCP ( 1229): siaddr = 10.0.3.4
11-07 19:28:47.596 D/DHCP ( 1229): giaddr = 0.0.0.0
11-07 19:28:47.596 D/DHCP ( 1229): chaddr = { 08 00 27 12 e7 9e }
11-07 19:28:47.596 D/DHCP ( 1229): sname = ''
11-07 19:28:47.596 D/DHCP ( 1229): file = 'andy.pxe'
11-07 19:28:47.596 D/DHCP ( 1229): op 53 len 1 { 02 } offer
11-07 19:28:47.596 D/DHCP ( 1229): op 1 len 4 { ff ff ff 00 }
11-07 19:28:47.596 D/DHCP ( 1229): op 3 len 4 { 0a 00 03 02 }
11-07 19:28:47.596 D/DHCP ( 1229): op 6 len 12 { 08 08 08 08 08 08 04 04
c0 a8 01 01 }
11-07 19:28:47.596 D/DHCP ( 1229): op 51 len 4 { 00 01 51 80 }
11-07 19:28:47.596 D/DHCP ( 1229): op 54 len 4 { 0a 00 03 02 }
11-07 19:28:47.596 D/DHCP ( 1229): --- dhcp offer (2) ---
11-07 19:28:47.596 D/DHCP ( 1229): ip 10.0.3.15 gw 10.0.3.2 prefixLength 24
11-07 19:28:47.596 D/DHCP ( 1229): dns1: 8.8.8.8
11-07 19:28:47.596 D/DHCP ( 1229): dns2: 8.8.4.4
11-07 19:28:47.596 D/DHCP ( 1229): server 10.0.3.2, lease 86400 seconds
11-07 19:28:47.596 D/DHCP ( 1229): ===== DHCP message:
11-07 19:28:47.596 D/DHCP ( 1229): op = BOOTREQUEST (1), htype = 1, hlen = 6,
hops = 0
11-07 19:28:47.596 D/DHCP ( 1229): xid = 0xfd1d0000 secs = 0, flags = 0x8000
optlen = 26
11-07 19:28:47.596 D/DHCP ( 1229): ciaddr = 0.0.0.0
11-07 19:28:47.596 D/DHCP ( 1229): yiaddr = 0.0.0.0
11-07 19:28:47.596 D/DHCP ( 1229): siaddr = 0.0.0.0
11-07 19:28:47.596 D/DHCP ( 1229): giaddr = 0.0.0.0
11-07 19:28:47.596 D/DHCP ( 1229): chaddr = { 08 00 27 12 e7 9e }
11-07 19:28:47.596 D/DHCP ( 1229): sname = ''
11-07 19:28:47.596 D/DHCP ( 1229): file = ''
11-07 19:28:47.596 D/DHCP ( 1229): op 53 len 1 { 03 } request
11-07 19:28:47.596 D/DHCP ( 1229): op 55 len 4 { 01 03 06 1c }
11-07 19:28:47.596 D/DHCP ( 1229): op 50 len 4 { 0a 00 03 0f }
11-07 19:28:47.596 D/DHCP ( 1229): op 54 len 4 { 0a 00 03 02 }
11-07 19:28:47.596 D/DHCP ( 1229): ===== DHCP message:
11-07 19:28:47.596 D/DHCP ( 1229): op = BOOTREPLY (2), htype = 1, hlen = 6, hops
= 0
11-07 19:28:47.596 D/DHCP ( 1229): xid = 0xfd1d0000 secs = 0, flags = 0x8000
optlen = 312
11-07 19:28:47.596 D/DHCP ( 1229): ciaddr = 10.0.3.15
11-07 19:28:47.596 D/DHCP ( 1229): yiaddr = 10.0.3.15
11-07 19:28:47.596 D/DHCP ( 1229): siaddr = 10.0.3.4
11-07 19:28:47.596 D/DHCP ( 1229): giaddr = 0.0.0.0
11-07 19:28:47.596 D/DHCP ( 1229): chaddr = { 08 00 27 12 e7 9e }
11-07 19:28:47.596 D/DHCP ( 1229): sname = ''
11-07 19:28:47.596 D/DHCP ( 1229): file = 'andy.pxe'
11-07 19:28:47.596 D/DHCP ( 1229): op 53 len 1 { 05 } ack
11-07 19:28:47.596 D/DHCP ( 1229): op 1 len 4 { ff ff ff 00 }
11-07 19:28:47.596 D/DHCP ( 1229): op 3 len 4 { 0a 00 03 02 }
11-07 19:28:47.596 D/DHCP ( 1229): op 6 len 12 { 08 08 08 08 08 08 04 04
c0 a8 01 01 }
11-07 19:28:47.596 D/DHCP ( 1229): op 51 len 4 { 00 01 51 80 }
11-07 19:28:47.596 D/DHCP ( 1229): op 54 len 4 { 0a 00 03 02 }
11-07 19:28:47.596 D/DHCP ( 1229): --- dhcp ack (5) ---
11-07 19:28:47.596 D/DHCP ( 1229): ip 10.0.3.15 gw 10.0.3.2 prefixLength 24
11-07 19:28:47.596 D/DHCP ( 1229): dns1: 8.8.8.8
11-07 19:28:47.596 D/DHCP ( 1229): dns2: 8.8.4.4
11-07 19:28:47.596 D/DHCP ( 1229): server 10.0.3.2, lease 86400 seconds
11-07 19:28:47.596 D/DHCP ( 1229): configuring eth1
11-07 19:28:47.666 I/init.andy( 1231): IP Management : 192.168.56.100
11-07 19:28:48.719 I/init.andy( 1248): Starting id-manager...
11-07 19:28:48.766 I/init.andy( 1250): Done
11-07 19:28:49.932 I/init.andy( 1275): Trying to mount /dev/block/sdc
11-07 19:28:50.159 I/init.andy( 1278): Mounting /Shared...
11-07 19:28:50.196 I/init.andy( 1279): ...for VirtualBox
11-07 19:28:50.702 I/init.andy( 1290): done.
11-07 19:28:51.466 I/init.andy( 1307): Andy VM version: 46.1.112
11-07 19:28:51.962 I/init.andy( 1316): Starting andy-ifkickstart...
11-07 19:28:52.022 I/init.andy( 1318): Done
11-07 19:28:52.682 I/DEBUG ( 1328): debuggerd: Apr 21 2016 12:25:24
11-07 19:28:52.736 I/installd( 1335): installd firing up
11-07 19:28:52.919 I/init.andy( 1341): Starting opengl-stream-manager...
11-07 19:28:53.035 I/init.andy( 1346): Done
11-07 19:28:53.102 I/init.andy( 1349): Starting network-manager...
11-07 19:28:53.189 I/init.andy( 1351): Done
11-07 19:28:53.242 I/init.andy( 1353): Starting service-manager...
11-07 19:28:53.299 I/init.andy( 1355): Done
11-07 19:28:53.402 I/init.andy( 1356): Starting presetting...
11-07 19:28:53.605 I/init.andy( 1360): Done
11-07 19:28:53.705 I/init.andy( 1363): Starting prebundled-apps-manager...
11-07 19:28:53.819 I/init.andy( 1366): Done
11-07 19:28:53.925 I/init.andy( 1371): Starting zmq logger...
11-07 19:28:54.095 I/init.andy( 1376): Done
11-07 19:28:54.382 I/init.andy( 1380): init.andy exited
--------- beginning of /dev/log/system
11-07 19:28:54.489 I/Vold ( 1325): Vold 2.1 (the revenge) firing up
11-07 19:28:54.492 D/Vold ( 1325): Volume sdcard0 state changing -1
(Initializing) -> 0 (No-Media)
11-07 19:28:54.559 I/SurfaceFlinger( 1330): SurfaceFlinger is starting
11-07 19:28:54.562 D/Vold ( 1325): Volume sdcard0 state changing 0 (No-Media) ->
1 (Idle-Unmounted)
11-07 19:28:54.589 I/SurfaceFlinger( 1330): SurfaceFlinger's main thread ready to
run. Initializing graphics H/W...
11-07 19:28:54.702 I/Netd ( 1327): Netd 1.0 starting
11-07 19:28:54.712 W/InterfaceController( 1327): Warning (Cannot load library:
load_library(linker.cpp:745): library "/system/lib/libnetcmdiface.so" not found)
while opening the net interface command library
11-07 19:28:57.202 D/libEGL ( 1330): loaded /system/lib/egl/libEGL_emulation.so
11-07 19:28:57.409 I/mediaserver( 1333): ServiceManager: 0xb8ba9068
11-07 19:28:57.409 I/AudioFlinger( 1333): Using default 3000 mSec as standby time.
11-07 19:28:57.442 I/CameraService( 1333): CameraService started (pid=1333)
11-07 19:28:57.602 I/AndyHostConnection( 1330): Connecting to /dev/andypipe
11-07 19:28:57.615 D/HostConnection( 1330): HostConnection::get() New Host
Connection established 0xb7d58960, tid 1401
11-07 19:28:57.735 D/libEGL ( 1330): loaded
/system/lib/egl/libGLESv1_CM_emulation.so
11-07 19:28:57.735 D/libEGL ( 1330): loaded /system/lib/egl/libGLESv2_emulation.so
11-07 19:28:58.115 E/SurfaceFlinger( 1330): hwcomposer module not found
11-07 19:28:58.115 W/SurfaceFlinger( 1330): getting VSYNC period from fb HAL:
16666666
11-07 19:28:58.115 W/SurfaceFlinger( 1330): no suitable EGLConfig found, trying
without EGL_FRAMEBUFFER_TARGET_ANDROID
11-07 19:28:58.118 W/SurfaceFlinger( 1330): no suitable EGLConfig found, trying
without EGL_RECORDABLE_ANDROID
11-07 19:28:58.122 E/Trace ( 1330): error opening trace file: No such file or
directory (2)
11-07 19:28:58.125 I/andy.camera.HAL( 1333): andy_get_number_of_cameras
11-07 19:28:58.125 I/andy.camera.Device( 1333): get 0
11-07 19:28:58.212 D/SurfaceFlinger( 1330): setOrientation, mFbdev=0xb7d5a880,
mFbDev->setOrientation=0xb63c0e60, orientation=0
11-07 19:28:58.212 I/gralloc_andy( 1330): setOrientation: orientation=0
11-07 19:28:58.228 I/SurfaceFlinger( 1330): EGL informations:
11-07 19:28:58.228 I/SurfaceFlinger( 1330): vendor : Android
11-07 19:28:58.228 I/SurfaceFlinger( 1330): version : 1.4 Android META-EGL
11-07 19:28:58.228 I/SurfaceFlinger( 1330): extensions: EGL_KHR_image_base
EGL_KHR_fence_sync EGL_ANDROID_image_native_buffer
11-07 19:28:58.228 I/SurfaceFlinger( 1330): Client API: OpenGL_ES
11-07 19:28:58.228 I/SurfaceFlinger( 1330): EGLSurface: 8-8-8-8, config=0xb
11-07 19:28:58.228 I/SurfaceFlinger( 1330): OpenGL ES informations:
11-07 19:28:58.228 I/SurfaceFlinger( 1330): vendor : Imagination Technologies
11-07 19:28:58.228 I/SurfaceFlinger( 1330): renderer : PowerVR SGX 544MP
11-07 19:28:58.235 I/SurfaceFlinger( 1330): version : OpenGL ES-CM 1.1
11-07 19:28:58.235 I/SurfaceFlinger( 1330): extensions: GL_EXT_debug_marker
GL_OES_blend_func_separate GL_OES_blend_equation_separate GL_OES_blend_subtract
GL_OES_byte_coordinates GL_OES_compressed_paletted_texture GL_OES_point_size_array
GL_OES_point_sprite GL_OES_single_precision GL_OES_stencil_wrap
GL_OES_texture_env_crossbar GL_OES_texture_mirored_repeat GL_OES_EGL_image
GL_OES_element_index_uint GL_OES_draw_texture GL_OES_texture_cube_map
GL_OES_draw_texture GL_OES_framebuffer_object GL_OES_depth24 GL_OES_depth32
GL_OES_fbo_render_mipmap GL_OES_rgb8_rgba8 GL_OES_stencil1 GL_OES_stencil4
GL_OES_stencil8 GL_OES_packed_depth_stencil GL_EXT_texture_format_BGRA8888
GL_APPLE_texture_format_BGRA8888 GL_OES_compressed_ETC1_RGB8_texture
11-07 19:28:58.235 I/SurfaceFlinger( 1330): GL_MAX_TEXTURE_SIZE = 8192
11-07 19:28:58.235 I/SurfaceFlinger( 1330): GL_MAX_VIEWPORT_DIMS = 8192 x 8192
11-07 19:28:58.282 D/SurfaceFlinger( 1330): Screen acquired, type=0
flinger=0xb7d585c0
11-07 19:28:58.392 W/andy.zmq.AndroidLogsService( 1375): Fixed port is empty,
trying to bind to random port
11-07 19:28:58.422 I/andy.camera.ControlService( 1333): bound inproc socket
11-07 19:28:58.452 I/andy.camera.FrameFeeder( 1333): threadLoop started
11-07 19:28:58.495 I/andy.camera.ControlProxy( 1333): connected to inproc
11-07 19:28:58.495 I/andy.camera.ControlProxy( 1333): connected m_control_socket
11-07 19:28:58.498 I/andy.camera.ControlProxy( 1333): queryConnect
11-07 19:28:58.502 I/andy.camera.ControlProxy( 1333): sent 2 bytes to inproc
11-07 19:28:58.505 I/andy.camera.ControlProxy( 1333): connected to inproc
11-07 19:28:58.505 I/andy.camera.ControlProxy( 1333): connected m_control_socket
11-07 19:28:58.505 I/andy.camera.FrameFeeder( 1333): threadLoop waiting...
11-07 19:28:58.515 W/andy.zmq.Camera/Control( 1333): Fixed port is empty, trying to
bind to random port
11-07 19:28:58.572 I/andy.camera.ControlService( 1333): on_bind
11-07 19:28:58.572 W/andy.zmq.Camera/Frame( 1333): Fixed port is empty, trying to
bind to random port
11-07 19:28:58.572 I/andy.camera.FrameService( 1333): on_bind
11-07 19:28:59.192 D/libEGL ( 1502): loaded /system/lib/egl/libEGL_emulation.so
11-07 19:28:59.245 I/AndyHostConnection( 1502): Connecting to /dev/andypipe
11-07 19:28:59.248 D/HostConnection( 1502): HostConnection::get() New Host
Connection established 0xb8e12200, tid 1529
11-07 19:28:59.255 D/libEGL ( 1502): loaded
/system/lib/egl/libGLESv1_CM_emulation.so
11-07 19:28:59.258 D/libEGL ( 1502): loaded /system/lib/egl/libGLESv2_emulation.so
11-07 19:28:59.275 E/Trace ( 1502): error opening trace file: No such file or
directory (2)
11-07 19:28:59.288 I/AndyHostConnection( 1330): Connecting to /dev/andypipe
11-07 19:28:59.292 D/HostConnection( 1330): HostConnection::get() New Host
Connection established 0xb7d617c8, tid 1330
11-07 19:28:59.292 E/Netd ( 1327): exec() res=768 for /system/bin/ip6tables -t
filter -N bw_INPUT
11-07 19:28:59.302 D/AndroidRuntime( 1331):
11-07 19:28:59.302 D/AndroidRuntime( 1331): >>>>>> AndroidRuntime START
com.android.internal.os.ZygoteInit <<<<<<
11-07 19:28:59.302 D/AndroidRuntime( 1377):
11-07 19:28:59.302 D/AndroidRuntime( 1377): >>>>>> AndroidRuntime START
com.android.internal.os.RuntimeInit <<<<<<
11-07 19:28:59.305 D/AndroidRuntime( 1377): CheckJNI is OFF
11-07 19:28:59.305 D/AndroidRuntime( 1331): CheckJNI is OFF
11-07 19:28:59.425 D/AndroidRuntime( 1378):
11-07 19:28:59.425 D/AndroidRuntime( 1378): >>>>>> AndroidRuntime START
com.android.internal.os.RuntimeInit <<<<<<
11-07 19:28:59.425 D/AndroidRuntime( 1378): CheckJNI is OFF
11-07 19:28:59.475 D/AndroidRuntime( 1406):
11-07 19:28:59.475 D/AndroidRuntime( 1406): >>>>>> AndroidRuntime START
com.android.internal.os.RuntimeInit <<<<<<
11-07 19:28:59.475 D/AndroidRuntime( 1406): CheckJNI is OFF
11-07 19:28:59.558 D/dalvikvm( 1377): DexOpt: sleeping on flock(/data/dalvik-
cache/system@framework@core.jar@classes.dex)
11-07 19:28:59.558 D/dalvikvm( 1378): DexOpt: sleeping on flock(/data/dalvik-
cache/system@framework@core.jar@classes.dex)
11-07 19:28:59.582 D/dalvikvm( 1406): DexOpt: sleeping on flock(/data/dalvik-
cache/system@framework@core.jar@classes.dex)
11-07 19:28:59.715 D/dalvikvm( 1331): DexOpt: sleeping on flock(/data/dalvik-
cache/system@framework@core-junit.jar@classes.dex)
11-07 19:28:59.715 D/dalvikvm( 1378): DexOpt: sleeping on flock(/data/dalvik-
cache/system@framework@core-junit.jar@classes.dex)
11-07 19:28:59.718 D/dalvikvm( 1406): DexOpt: sleeping on flock(/data/dalvik-
cache/system@framework@core-junit.jar@classes.dex)
11-07 19:28:59.735 D/dalvikvm( 1406): DexOpt: sleeping on flock(/data/dalvik-
cache/system@framework@bouncycastle.jar@classes.dex)
11-07 19:28:59.735 D/dalvikvm( 1378): DexOpt: sleeping on flock(/data/dalvik-
cache/system@framework@bouncycastle.jar@classes.dex)
11-07 19:28:59.738 D/dalvikvm( 1331): DexOpt: sleeping on flock(/data/dalvik-
cache/system@framework@bouncycastle.jar@classes.dex)
11-07 19:28:59.778 D/dalvikvm( 1378): DexOpt: sleeping on flock(/data/dalvik-
cache/system@framework@ext.jar@classes.dex)
11-07 19:28:59.778 D/dalvikvm( 1377): DexOpt: sleeping on flock(/data/dalvik-
cache/system@framework@ext.jar@classes.dex)
11-07 19:28:59.782 D/dalvikvm( 1406): DexOpt: sleeping on flock(/data/dalvik-
cache/system@framework@ext.jar@classes.dex)
11-07 19:28:59.842 I/AndyHostConnection( 1330): Connecting to /dev/andypipe
11-07 19:28:59.848 D/HostConnection( 1330): HostConnection::get() New Host
Connection established 0xb7d5d328, tid 1537
11-07 19:28:59.902 E/Netd ( 1327): exec() res=768 for /system/bin/ip6tables -t
filter -A INPUT -j bw_INPUT
11-07 19:28:59.922 D/dalvikvm( 1377): DexOpt: sleeping on flock(/data/dalvik-
cache/system@framework@framework.jar@classes.dex)
11-07 19:28:59.925 D/dalvikvm( 1406): DexOpt: sleeping on flock(/data/dalvik-
cache/system@framework@framework.jar@classes.dex)
11-07 19:28:59.925 D/dalvikvm( 1378): DexOpt: sleeping on flock(/data/dalvik-
cache/system@framework@framework.jar@classes.dex)
11-07 19:29:00.012 D/dalvikvm( 1406): DexOpt: sleeping on flock(/data/dalvik-
cache/system@framework@telephony-common.jar@classes.dex)
11-07 19:29:00.015 D/dalvikvm( 1377): DexOpt: sleeping on flock(/data/dalvik-
cache/system@framework@telephony-common.jar@classes.dex)
11-07 19:29:00.015 D/dalvikvm( 1378): DexOpt: sleeping on flock(/data/dalvik-
cache/system@framework@telephony-common.jar@classes.dex)
11-07 19:29:00.035 D/dalvikvm( 1377): DexOpt: sleeping on flock(/data/dalvik-
cache/system@framework@mms-common.jar@classes.dex)
11-07 19:29:00.038 D/dalvikvm( 1378): DexOpt: sleeping on flock(/data/dalvik-
cache/system@framework@mms-common.jar@classes.dex)
11-07 19:29:00.038 D/dalvikvm( 1406): DexOpt: sleeping on flock(/data/dalvik-
cache/system@framework@mms-common.jar@classes.dex)
11-07 19:29:00.072 D/dalvikvm( 1378): DexOpt: sleeping on flock(/data/dalvik-
cache/system@framework@android.policy.jar@classes.dex)
11-07 19:29:00.072 D/dalvikvm( 1377): DexOpt: sleeping on flock(/data/dalvik-
cache/system@framework@android.policy.jar@classes.dex)
11-07 19:29:00.078 D/dalvikvm( 1406): DexOpt: sleeping on flock(/data/dalvik-
cache/system@framework@android.policy.jar@classes.dex)
11-07 19:29:00.118 D/dalvikvm( 1331): DexOpt: sleeping on flock(/data/dalvik-
cache/system@framework@services.jar@classes.dex)
11-07 19:29:00.118 D/dalvikvm( 1377): DexOpt: sleeping on flock(/data/dalvik-
cache/system@framework@services.jar@classes.dex)
11-07 19:29:00.122 D/dalvikvm( 1378): DexOpt: sleeping on flock(/data/dalvik-
cache/system@framework@services.jar@classes.dex)
11-07 19:29:00.158 D/dalvikvm( 1331): DexOpt: sleeping on flock(/data/dalvik-
cache/system@framework@apache-xml.jar@classes.dex)
11-07 19:29:00.162 D/dalvikvm( 1377): DexOpt: sleeping on flock(/data/dalvik-
cache/system@framework@apache-xml.jar@classes.dex)
11-07 19:29:00.162 D/dalvikvm( 1378): DexOpt: sleeping on flock(/data/dalvik-
cache/system@framework@apache-xml.jar@classes.dex)
11-07 19:29:00.532 D/dalvikvm( 1377): Trying to load lib libjavacore.so 0x0
11-07 19:29:00.532 D/dalvikvm( 1331): Trying to load lib libjavacore.so 0x0
11-07 19:29:00.542 D/dalvikvm( 1378): Trying to load lib libjavacore.so 0x0
11-07 19:29:00.548 D/dalvikvm( 1406): Trying to load lib libjavacore.so 0x0
11-07 19:29:00.598 D/dalvikvm( 1406): Added shared lib libjavacore.so 0x0
11-07 19:29:00.598 D/dalvikvm( 1378): Added shared lib libjavacore.so 0x0
11-07 19:29:00.602 D/dalvikvm( 1331): Added shared lib libjavacore.so 0x0
11-07 19:29:00.605 D/dalvikvm( 1377): Added shared lib libjavacore.so 0x0
11-07 19:29:00.735 D/dalvikvm( 1406): Trying to load lib libnativehelper.so 0x0
11-07 19:29:00.735 D/dalvikvm( 1378): Trying to load lib libnativehelper.so 0x0
11-07 19:29:00.735 D/dalvikvm( 1378): Added shared lib libnativehelper.so 0x0
11-07 19:29:00.745 D/dalvikvm( 1406): Added shared lib libnativehelper.so 0x0
11-07 19:29:00.755 D/dalvikvm( 1377): Trying to load lib libnativehelper.so 0x0
11-07 19:29:00.755 D/dalvikvm( 1377): Added shared lib libnativehelper.so 0x0
11-07 19:29:00.788 D/dalvikvm( 1331): Trying to load lib libnativehelper.so 0x0
11-07 19:29:00.788 D/dalvikvm( 1331): Added shared lib libnativehelper.so 0x0
11-07 19:29:00.965 D/dalvikvm( 1377): DexOpt: sleeping on flock(/data/dalvik-
cache/system@framework@settings.jar@classes.dex)
11-07 19:29:01.048 E/Netd ( 1327): exec() res=768 for /system/bin/ip6tables -t
filter -N fw_INPUT
11-07 19:29:01.255 E/Netd ( 1327): exec() res=768 for /system/bin/ip6tables -t
filter -A INPUT -j fw_INPUT
11-07 19:29:01.402 I/andy.camera.ControlService( 1333): sock_send
11-07 19:29:01.522 I/andy.camera.ControlService( 1333): sock_recv
11-07 19:29:01.522 I/andy.camera.ControlService( 1333): sock_send
11-07 19:29:01.522 I/andy.camera.ControlProxy( 1333): recv 2 bytes from inproc
11-07 19:29:01.522 I/andy.camera.Device( 1333): count
11-07 19:29:01.548 I/AudioPolicyManagerBase( 1333): loadAudioPolicyConfig()
loaded /system/etc/audio_policy.conf
11-07 19:29:01.638 D/audio_utils_zmq( 1333): ALSA | adev_open
11-07 19:29:01.642 I/AudioFlinger( 1333): loadHwModule() Loaded primary audio
interface from Andy audio HW HAL (audio) handle 1
11-07 19:29:01.642 D/audio_utils_zmq( 1333): ALSA | adev_open_output_stream
11-07 19:29:01.645 I/AudioFlinger( 1333): HAL output buffer size 512 frames, normal
mix buffer size 1024 frames
11-07 19:29:01.698 I/AudioMixer( 1333): found effect "Multichannel Downmix To
Stereo" from The Android Open Source Project
11-07 19:29:01.698 E/MonoPipe( 1333): Failed to fetch local time frequency when
constructing a MonoPipe (res = -32). getNextWriteTimestamp calls will be non-
functional
11-07 19:29:02.638 I/SamplingProfilerIntegration( 1331): Profiling disabled.
11-07 19:29:02.755 I/Zygote ( 1331): Preloading classes...
11-07 19:29:02.768 D/AndroidRuntime( 1377): Calling main entry
com.android.commands.settings.SettingsCmd
11-07 19:29:02.775 D/dalvikvm( 1377): Note: class
Landroid/app/ActivityManagerNative; has 157 unimplemented (abstract) methods
11-07 19:29:02.805 D/AndroidRuntime( 1378): Calling main entry
com.android.commands.settings.SettingsCmd
11-07 19:29:02.832 D/dalvikvm( 1378): Note: class
Landroid/app/ActivityManagerNative; has 157 unimplemented (abstract) methods
11-07 19:29:02.865 D/AndroidRuntime( 1377): Shutting down VM
11-07 19:29:02.865 D/AndroidRuntime( 1406): Calling main entry
com.android.commands.am.Am
11-07 19:29:02.872 D/dalvikvm( 1406): Note: class
Landroid/app/ActivityManagerNative; has 157 unimplemented (abstract) methods
11-07 19:29:02.875 D/AndroidRuntime( 1378): Shutting down VM
11-07 19:29:02.905 I/AndroidRuntime( 1406): VM exiting with result code 1.
11-07 19:29:02.955 D/dalvikvm( 1331): Note: class
Landroid/app/ActivityManagerNative; has 157 unimplemented (abstract) methods
11-07 19:29:03.111 W/Zygote ( 1331): Class not found for preloading:
android.bluetooth.BluetoothAudioGateway
11-07 19:29:03.125 W/Zygote ( 1331): Class not found for preloading:
android.bluetooth.HeadsetBase
11-07 19:29:03.145 W/Zygote ( 1331): Class not found for preloading:
undroid.content.AbstractThreadedSyncAdapter$SyncThread
11-07 19:29:03.475 E/Netd ( 1327): exec() res=768 for /system/bin/ip6tables -t
filter -N oem_fwd
11-07 19:29:03.915 E/Netd ( 1327): exec() res=768 for /system/bin/ip6tables -t
filter -A FORWARD -j oem_fwd
11-07 19:29:04.391 D/AndroidRuntime( 1671):
11-07 19:29:04.391 D/AndroidRuntime( 1671): >>>>>> AndroidRuntime START
com.android.internal.os.RuntimeInit <<<<<<
11-07 19:29:04.391 D/AndroidRuntime( 1671): CheckJNI is OFF
11-07 19:29:04.558 D/dalvikvm( 1671): Trying to load lib libjavacore.so 0x0
11-07 19:29:04.571 D/dalvikvm( 1671): Added shared lib libjavacore.so 0x0
11-07 19:29:04.641 D/dalvikvm( 1671): Trying to load lib libnativehelper.so 0x0
11-07 19:29:04.641 D/dalvikvm( 1671): Added shared lib libnativehelper.so 0x0
11-07 19:29:04.791 D/TextLayoutCache( 1331): Using debug level = 0 - Debug Enabled
= 0
11-07 19:29:05.175 I/dalvikvm( 1331): threadid=1: recursive native library load
attempt (/system/lib/libmedia_jni.so)
11-07 19:29:05.181 D/MtpDeviceJNI( 1331): register_android_mtp_MtpDevice
11-07 19:29:05.185 I/dalvikvm( 1331): threadid=1: recursive native library load
attempt (/system/lib/libmedia_jni.so)
11-07 19:29:05.195 I/dalvikvm( 1331): threadid=1: recursive native library load
attempt (/system/lib/libmedia_jni.so)
11-07 19:29:05.815 E/Netd ( 1327): exec() res=768 for /system/bin/ip6tables -t
filter -N fw_FORWARD
11-07 19:29:05.928 D/AndroidRuntime( 1671): Calling main entry
com.android.commands.am.Am
11-07 19:29:05.968 D/dalvikvm( 1671): Note: class
Landroid/app/ActivityManagerNative; has 157 unimplemented (abstract) methods
11-07 19:29:05.985 I/AndroidRuntime( 1671): VM exiting with result code 1.
11-07 19:29:06.321 E/Netd ( 1327): exec() res=768 for /system/bin/ip6tables -t
filter -A FORWARD -j fw_FORWARD
11-07 19:29:07.298 D/AndroidRuntime( 1764):
11-07 19:29:07.298 D/AndroidRuntime( 1764): >>>>>> AndroidRuntime START
com.android.internal.os.RuntimeInit <<<<<<
11-07 19:29:07.298 D/AndroidRuntime( 1764): CheckJNI is OFF
11-07 19:29:07.515 D/dalvikvm( 1764): Trying to load lib libjavacore.so 0x0
11-07 19:29:07.528 D/dalvikvm( 1764): Added shared lib libjavacore.so 0x0
11-07 19:29:07.641 D/dalvikvm( 1764): Trying to load lib libnativehelper.so 0x0
11-07 19:29:07.648 D/dalvikvm( 1764): Added shared lib libnativehelper.so 0x0
11-07 19:29:08.131 W/Zygote ( 1331): Class not found for preloading:
android.server.BluetoothA2dpService
11-07 19:29:08.131 W/Zygote ( 1331): Class not found for preloading:
android.server.BluetoothEventLoop
11-07 19:29:08.131 W/Zygote ( 1331): Class not found for preloading:
android.server.BluetoothService
11-07 19:29:08.134 D/TelephonyManager( 1331): No /proc/cmdline
exception=java.io.FileNotFoundException: /proc/cmdline: open failed: EACCES
(Permission denied)
11-07 19:29:08.134 D/TelephonyManager( 1331): /proc/cmdline=
11-07 19:29:08.224 E/Netd ( 1327): exec() res=768 for /system/bin/ip6tables -t
filter -N bw_FORWARD
11-07 19:29:08.344 W/Zygote ( 1331): Class not found for preloading:
android.util.LocaleUtil
11-07 19:29:08.514 E/Netd ( 1327): exec() res=768 for /system/bin/ip6tables -t
filter -A FORWARD -j bw_FORWARD
11-07 19:29:08.551 W/Zygote ( 1331): Class not found for preloading:
android.view.ViewRootImpl$ResizedInfo
11-07 19:29:08.561 W/Zygote ( 1331): Class not found for preloading:
android.view.Window$LocalWindowManager
11-07 19:29:08.571 W/Zygote ( 1331): Class not found for preloading:
android.view.WindowManagerImpl$CompatModeWrapper
11-07 19:29:08.661 D/AndroidRuntime( 1764): Calling main entry
com.android.commands.am.Am
11-07 19:29:08.661 D/dalvikvm( 1764): Note: class
Landroid/app/ActivityManagerNative; has 157 unimplemented (abstract) methods
11-07 19:29:08.664 I/AndroidRuntime( 1764): VM exiting with result code 1.
11-07 19:29:09.868 D/AndroidRuntime( 1830):
11-07 19:29:09.868 D/AndroidRuntime( 1830): >>>>>> AndroidRuntime START
com.android.internal.os.RuntimeInit <<<<<<
11-07 19:29:09.868 D/AndroidRuntime( 1830): CheckJNI is OFF
11-07 19:29:09.984 D/AndroidRuntime( 1841):
11-07 19:29:09.984 D/AndroidRuntime( 1841): >>>>>> AndroidRuntime START
com.android.internal.os.RuntimeInit <<<<<<
11-07 19:29:10.001 D/AndroidRuntime( 1841): CheckJNI is OFF
11-07 19:29:10.324 D/dalvikvm( 1830): Trying to load lib libjavacore.so 0x0
11-07 19:29:10.344 D/dalvikvm( 1830): Added shared lib libjavacore.so 0x0
11-07 19:29:10.468 D/dalvikvm( 1841): Trying to load lib libjavacore.so 0x0
11-07 19:29:10.474 D/dalvikvm( 1841): Added shared lib libjavacore.so 0x0
11-07 19:29:10.488 D/dalvikvm( 1830): Trying to load lib libnativehelper.so 0x0
11-07 19:29:10.488 D/dalvikvm( 1830): Added shared lib libnativehelper.so 0x0
11-07 19:29:10.614 D/dalvikvm( 1841): Trying to load lib libnativehelper.so 0x0
11-07 19:29:10.614 D/dalvikvm( 1841): Added shared lib libnativehelper.so 0x0
11-07 19:29:10.854 E/Netd ( 1327): exec() res=768 for /system/bin/ip6tables -t
filter -N natctrl_FORWARD
11-07 19:29:11.231 I/dalvikvm( 1331): threadid=1: recursive native library load
attempt (/system/lib/libwebcore.so)
11-07 19:29:11.231 D/dalvikvm( 1331): No JNI_OnLoad found in
/system/lib/libchromium_net.so 0x0, skipping init
11-07 19:29:11.271 E/Netd ( 1327): exec() res=768 for /system/bin/ip6tables -t
filter -A FORWARD -j natctrl_FORWARD
11-07 19:29:11.651 D/AndroidRuntime( 1830): Calling main entry
com.android.commands.settings.SettingsCmd
11-07 19:29:11.668 D/dalvikvm( 1830): Note: class
Landroid/app/ActivityManagerNative; has 157 unimplemented (abstract) methods
11-07 19:29:11.698 D/AndroidRuntime( 1830): Shutting down VM
11-07 19:29:11.801 D/AndroidRuntime( 1841): Calling main entry
com.android.commands.am.Am
11-07 19:29:11.808 D/dalvikvm( 1841): Note: class
Landroid/app/ActivityManagerNative; has 157 unimplemented (abstract) methods
11-07 19:29:11.834 I/AndroidRuntime( 1841): VM exiting with result code 1.
11-07 19:29:12.181 W/Zygote ( 1331): Class not found for preloading:
java.text.DecimalFormat$1
11-07 19:29:12.278 W/Zygote ( 1331): Class not found for preloading:
java.util.concurrent.FutureTask$Sync
11-07 19:29:12.308 W/Zygote ( 1331): Class not found for preloading:
java.util.concurrent.atomic.UnsafeAccess
11-07 19:29:12.311 W/Zygote ( 1331): Class not found for preloading:
java.util.concurrent.locks.UnsafeAccess
11-07 19:29:12.328 W/Zygote ( 1331): Class not found for preloading:
libcore.icu.ErrorCode
11-07 19:29:12.861 I/System ( 1331): Loaded time zone names for in 533ms (533ms
in ICU)
11-07 19:29:12.978 I/System ( 1331): Loaded time zone names for en_US in 117ms
(117ms in ICU)
11-07 19:29:13.084 D/AndroidRuntime( 1930):
11-07 19:29:13.084 D/AndroidRuntime( 1930): >>>>>> AndroidRuntime START
com.android.internal.os.RuntimeInit <<<<<<
11-07 19:29:13.084 D/AndroidRuntime( 1930): CheckJNI is OFF
11-07 19:29:13.304 D/dalvikvm( 1930): Trying to load lib libjavacore.so 0x0
11-07 19:29:13.327 I/System ( 1331): Loaded time zone names for es_US in 349ms
(336ms in ICU)
11-07 19:29:13.374 D/dalvikvm( 1930): Added shared lib libjavacore.so 0x0
11-07 19:29:13.544 D/dalvikvm( 1930): Trying to load lib libnativehelper.so 0x0
11-07 19:29:13.544 D/dalvikvm( 1930): Added shared lib libnativehelper.so 0x0
11-07 19:29:13.694 E/Netd ( 1327): exec() res=768 for /system/bin/ip6tables -t
filter -N oem_out
11-07 19:29:13.767 I/Zygote ( 1331): ...preloaded 2541 classes in 11013ms.
11-07 19:29:13.767 I/Zygote ( 1331): Preloading resources...
11-07 19:29:14.117 E/Netd ( 1327): exec() res=768 for /system/bin/ip6tables -t
filter -A OUTPUT -j oem_out
11-07 19:29:14.434 D/AndroidRuntime( 1930): Calling main entry
com.android.commands.am.Am
11-07 19:29:14.457 D/dalvikvm( 1930): Note: class
Landroid/app/ActivityManagerNative; has 157 unimplemented (abstract) methods
11-07 19:29:14.524 I/AndroidRuntime( 1930): VM exiting with result code 1.
11-07 19:29:15.701 E/Netd ( 1327): exec() res=768 for /system/bin/ip6tables -t
filter -N fw_OUTPUT
11-07 19:29:15.797 D/AndroidRuntime( 1997):
11-07 19:29:15.797 D/AndroidRuntime( 1997): >>>>>> AndroidRuntime START
com.android.internal.os.RuntimeInit <<<<<<
11-07 19:29:15.797 D/AndroidRuntime( 1997): CheckJNI is OFF
11-07 19:29:15.937 D/dalvikvm( 1997): Trying to load lib libjavacore.so 0x0
11-07 19:29:15.944 D/dalvikvm( 1997): Added shared lib libjavacore.so 0x0
11-07 19:29:16.044 D/dalvikvm( 1997): Trying to load lib libnativehelper.so 0x0
11-07 19:29:16.047 D/dalvikvm( 1997): Added shared lib libnativehelper.so 0x0
11-07 19:29:16.107 E/Netd ( 1327): exec() res=768 for /system/bin/ip6tables -t
filter -A OUTPUT -j fw_OUTPUT
11-07 19:29:16.504 I/Zygote ( 1331): ...preloaded 270 resources in 2736ms.
11-07 19:29:16.647 I/Zygote ( 1331): ...preloaded 31 resources in 143ms.
11-07 19:29:16.724 I/dalvikvm( 1331): System server process 2040 has been created
11-07 19:29:16.787 I/Zygote ( 1331): Accepting command socket connections
11-07 19:29:17.414 D/AndroidRuntime( 1997): Calling main entry
com.android.commands.am.Am
11-07 19:29:17.441 D/dalvikvm( 1997): Note: class
Landroid/app/ActivityManagerNative; has 157 unimplemented (abstract) methods
11-07 19:29:17.461 I/AndroidRuntime( 1997): VM exiting with result code 1.
11-07 19:29:18.261 E/BatteryService( 2040): acOnlinePath not found
11-07 19:29:18.261 E/BatteryService( 2040): usbOnlinePath not found
11-07 19:29:18.261 E/BatteryService( 2040): wirelessOnlinePath not found
11-07 19:29:18.261 E/BatteryService( 2040): batteryStatusPath not found
11-07 19:29:18.261 E/BatteryService( 2040): batteryHealthPath not found
11-07 19:29:18.264 E/BatteryService( 2040): batteryPresentPath not found
11-07 19:29:18.264 E/BatteryService( 2040): batteryCapacityPath and
batteryEnergyPaths not found
11-07 19:29:18.264 E/BatteryService( 2040): batteryVoltagePath not found
11-07 19:29:18.264 E/BatteryService( 2040): batteryTemperaturePath not found
11-07 19:29:18.264 E/BatteryService( 2040): batteryTechnologyPath not found
11-07 19:29:18.264 I/BatteryService( 2040): overriding Battery service paths with
fake ones
11-07 19:29:18.354 I/sysproc ( 2040): Entered system_init()
11-07 19:29:18.354 I/sysproc ( 2040): ServiceManager: 0xb833dad8
11-07 19:29:18.354 D/SensorService( 2040): nuSensorService starting...
11-07 19:29:18.400 D/AndroidRuntime( 2062):
11-07 19:29:18.400 D/AndroidRuntime( 2062): >>>>>> AndroidRuntime START
com.android.internal.os.RuntimeInit <<<<<<
11-07 19:29:18.400 D/AndroidRuntime( 2062): CheckJNI is OFF
11-07 19:29:18.440 E/Netd ( 1327): exec() res=768 for /system/bin/ip6tables -t
filter -N bw_OUTPUT
11-07 19:29:18.557 D/Sensors ( 2040): Initialization...
11-07 19:29:18.560 I/Sensors ( 2040): setActive() with handle = 0, enabled = 0
11-07 19:29:18.564 I/Sensors ( 2040): setActive() with handle = 7, enabled = 0
11-07 19:29:18.564 I/Sensors ( 2040): setActive() with handle = 1, enabled = 0
11-07 19:29:18.564 I/SensorService( 2040): Acceleration sensor
11-07 19:29:18.564 I/SensorService( 2040): Gyroscope
11-07 19:29:18.564 I/SensorService( 2040): Compass
11-07 19:29:18.590 D/AndroidRuntime( 2076):
11-07 19:29:18.590 D/AndroidRuntime( 2076): >>>>>> AndroidRuntime START
com.android.internal.os.RuntimeInit <<<<<<
11-07 19:29:18.590 D/AndroidRuntime( 2076): CheckJNI is OFF
11-07 19:29:18.594 I/sysproc ( 2040): System server: starting Android runtime.
11-07 19:29:18.594 I/sysproc ( 2040): System server: starting Android services.
11-07 19:29:18.610 D/SensorService( 2040): nuSensorService thread starting...
11-07 19:29:18.614 I/SystemServer( 2040): Entered the Android system server!
11-07 19:29:18.630 I/sysproc ( 2040): System server: entering thread pool.
11-07 19:29:18.670 D/dalvikvm( 2062): Trying to load lib libjavacore.so 0x0
11-07 19:29:18.677 D/dalvikvm( 2062): Added shared lib libjavacore.so 0x0
11-07 19:29:18.700 I/SystemServer( 2040): Waiting for installd to be ready.
11-07 19:29:18.710 I/Installer( 2040): connecting...
11-07 19:29:18.727 I/installd( 1335): new connection
11-07 19:29:18.730 I/SystemServer( 2040): Entropy Mixer
11-07 19:29:18.740 D/dalvikvm( 2062): Trying to load lib libnativehelper.so 0x0
11-07 19:29:18.740 D/dalvikvm( 2062): Added shared lib libnativehelper.so 0x0
11-07 19:29:18.837 I/SystemServer( 2040): Power Manager
11-07 19:29:18.847 I/SystemServer( 2040): Activity Manager
11-07 19:29:18.870 E/Netd ( 1327): exec() res=768 for /system/bin/ip6tables -t
filter -A OUTPUT -j bw_OUTPUT
11-07 19:29:18.960 I/ActivityManager( 2040): Memory class: 256
11-07 19:29:19.037 D/dalvikvm( 2076): Trying to load lib libjavacore.so 0x0
11-07 19:29:19.037 D/dalvikvm( 2076): Added shared lib libjavacore.so 0x0
11-07 19:29:19.050 W/BatteryStatsImpl( 2040): Couldn't get kernel wake lock stats
11-07 19:29:19.074 D/dalvikvm( 2076): Trying to load lib libnativehelper.so 0x0
11-07 19:29:19.074 D/dalvikvm( 2076): Added shared lib libnativehelper.so 0x0
11-07 19:29:19.197 I/UsageStats( 2040): Deleting usage file : usage-20171101
11-07 19:29:19.807 I/SystemServer( 2040): Display Manager
11-07 19:29:19.820 I/SystemServer( 2040): Telephony Registry
11-07 19:29:19.854 I/SystemServer( 2040): Scheduling Policy
11-07 19:29:19.934 D/AndroidRuntime( 2062): Calling main entry
com.android.commands.settings.SettingsCmd
11-07 19:29:19.934 D/dalvikvm( 2062): Note: class
Landroid/app/ActivityManagerNative; has 157 unimplemented (abstract) methods
11-07 19:29:19.950 I/DisplayManagerService( 2040): Display device added:
DisplayDeviceInfo{"Pantalla integrada": 1280 x 800, 60.000004 fps, density 160,
160.0 x 160.0 dpi, touch INTERNAL, FLAG_DEFAULT_DISPLAY, FLAG_ROTATES_WITH_CONTENT,
FLAG_SECURE, FLAG_SUPPORTS_PROTECTED_BUFFERS, rotation 0, type BUILT_IN, address
null}
11-07 19:29:19.977 D/AndroidRuntime( 2062): Shutting down VM
11-07 19:29:19.997 I/SystemServer( 2040): Package Manager
11-07 19:29:20.220 D/AndroidRuntime( 2076): Calling main entry
com.android.commands.am.Am
11-07 19:29:20.220 D/dalvikvm( 2076): Note: class
Landroid/app/ActivityManagerNative; has 157 unimplemented (abstract) methods
11-07 19:29:20.230 I/AndroidRuntime( 2076): VM exiting with result code 1.
11-07 19:29:20.770 I/AudioFlinger( 1333): Using module 1 has the primary audio
interface
11-07 19:29:20.780 I/AudioFlinger( 1333): AudioFlinger's thread 0xb8be1880 ready to
run
11-07 19:29:20.784 I/AudioPolicyService( 1333): Loaded audio policy from LEGACY
Audio Policy HAL (audio_policy)
11-07 19:29:21.037 I/NativeHelper( 2040): <app arch=armeabi-v7a>
11-07 19:29:21.037 I/NativeHelper( 2040): </app>
11-07 19:29:21.037 I/NativeHelper( 2040):
id=com.dena.west.TransformersBattleTactics filter=ABI2_ONLY ignore=[]
11-07 19:29:21.037 I/NativeHelper( 2040): <app arch=null>
11-07 19:29:21.037 I/NativeHelper( 2040): <ignore lib=libconceal.so>
11-07 19:29:21.037 I/NativeHelper( 2040): </ignore>
11-07 19:29:21.037 I/NativeHelper( 2040): </app>
11-07 19:29:21.037 I/NativeHelper( 2040): id=com.snapchat.android
filter=ABI_AND_ABI2 ignore=[libconceal.so]
11-07 19:29:21.037 I/NativeHelper( 2040): <app arch=null>
11-07 19:29:21.037 I/NativeHelper( 2040): <ignore
lib=libs3eAndroidGooglePlayBilling_ext.so>
11-07 19:29:21.037 I/NativeHelper( 2040): </ignore>
11-07 19:29:21.037 I/NativeHelper( 2040): </app>
11-07 19:29:21.037 I/NativeHelper( 2040): id=com.teamlava.jewel filter=ABI_AND_ABI2
ignore=[libs3eAndroidGooglePlayBilling_ext.so]
11-07 19:29:21.037 I/NativeHelper( 2040): <app arch=null>
11-07 19:29:21.037 I/NativeHelper( 2040): <ignore
lib=libs3eAndroidGooglePlayBilling_ext.so>
11-07 19:29:21.037 I/NativeHelper( 2040): </ignore>
11-07 19:29:21.037 I/NativeHelper( 2040): </app>
11-07 19:29:21.037 I/NativeHelper( 2040): id=com.teamlava.fantasy52
filter=ABI_AND_ABI2 ignore=[libs3eAndroidGooglePlayBilling_ext.so]
11-07 19:29:21.037 I/NativeHelper( 2040): <app arch=null>
11-07 19:29:21.037 I/NativeHelper( 2040): <ignore
lib=libs3eAndroidGooglePlayBilling_ext.so>
11-07 19:29:21.037 I/NativeHelper( 2040): </ignore>
11-07 19:29:21.037 I/NativeHelper( 2040): </app>
11-07 19:29:21.037 I/NativeHelper( 2040): id=com.teamlava.bubble
filter=ABI_AND_ABI2 ignore=[libs3eAndroidGooglePlayBilling_ext.so]
11-07 19:29:21.037 I/NativeHelper( 2040): <app arch=null>
11-07 19:29:21.037 I/NativeHelper( 2040): <ignore
lib=libs3eAndroidGooglePlayBilling_ext.so>
11-07 19:29:21.037 I/NativeHelper( 2040): </ignore>
11-07 19:29:21.037 I/NativeHelper( 2040): </app>
11-07 19:29:21.037 I/NativeHelper( 2040): id=com.sharkparty.monopolybingo
filter=ABI_AND_ABI2 ignore=[libs3eAndroidGooglePlayBilling_ext.so]
11-07 19:29:21.037 I/NativeHelper( 2040): <app arch=null>
11-07 19:29:21.037 I/NativeHelper( 2040): <ignore
lib=libs3eAndroidGooglePlayBilling_ext.so>
11-07 19:29:21.037 I/NativeHelper( 2040): </ignore>
11-07 19:29:21.037 I/NativeHelper( 2040): </app>
11-07 19:29:21.037 I/NativeHelper( 2040): id=com.teamlava.dragon
filter=ABI_AND_ABI2 ignore=[libs3eAndroidGooglePlayBilling_ext.so]
11-07 19:29:21.037 I/NativeHelper( 2040): <app arch=null>
11-07 19:29:21.037 I/NativeHelper( 2040): <ignore
lib=libs3eAndroidGooglePlayBilling_ext.so>
11-07 19:29:21.037 I/NativeHelper( 2040): </ignore>
11-07 19:29:21.037 I/NativeHelper( 2040): </app>
11-07 19:29:21.037 I/NativeHelper( 2040): id=com.teamlava.candy filter=ABI_AND_ABI2
ignore=[libs3eAndroidGooglePlayBilling_ext.so]
11-07 19:29:21.037 I/NativeHelper( 2040): <app arch=null>
11-07 19:29:21.037 I/NativeHelper( 2040): <ignore
lib=libs3eAndroidGooglePlayBilling_ext.so>
11-07 19:29:21.037 I/NativeHelper( 2040): </ignore>
11-07 19:29:21.037 I/NativeHelper( 2040): </app>
11-07 19:29:21.037 I/NativeHelper( 2040): id=com.teamlava.matchbakery
filter=ABI_AND_ABI2 ignore=[libs3eAndroidGooglePlayBilling_ext.so]
11-07 19:29:21.037 I/NativeHelper( 2040): <app arch=null>
11-07 19:29:21.037 I/NativeHelper( 2040): <ignore
lib=libs3eAndroidGooglePlayBilling_ext.so>
11-07 19:29:21.037 I/NativeHelper( 2040): </ignore>
11-07 19:29:21.037 I/NativeHelper( 2040): </app>
11-07 19:29:21.037 I/NativeHelper( 2040): id=com.teamlava.fantasy
filter=ABI_AND_ABI2 ignore=[libs3eAndroidGooglePlayBilling_ext.so]
11-07 19:29:21.037 I/NativeHelper( 2040): <app arch=null>
11-07 19:29:21.037 I/NativeHelper( 2040): <ignore
lib=libs3eAndroidGooglePlayBilling_ext.so>
11-07 19:29:21.037 I/NativeHelper( 2040): </ignore>
11-07 19:29:21.037 I/NativeHelper( 2040): </app>
11-07 19:29:21.037 I/NativeHelper( 2040): id=com.teamlava.bestofbubble
filter=ABI_AND_ABI2 ignore=[libs3eAndroidGooglePlayBilling_ext.so]
11-07 19:29:21.037 I/NativeHelper( 2040): <app arch=null>
11-07 19:29:21.037 I/NativeHelper( 2040): <ignore
lib=libs3eAndroidGooglePlayBilling_ext.so>
11-07 19:29:21.037 I/NativeHelper( 2040): </ignore>
11-07 19:29:21.037 I/NativeHelper( 2040): </app>
11-07 19:29:21.090 I/NativeHelper( 2040): id=om.teamlava.dragon51
filter=ABI_AND_ABI2 ignore=[libs3eAndroidGooglePlayBilling_ext.so]
11-07 19:29:21.090 I/NativeHelper( 2040): <app arch=null>
11-07 19:29:21.090 I/NativeHelper( 2040): <ignore
lib=libs3eAndroidGooglePlayBilling_ext.so>
11-07 19:29:21.090 I/NativeHelper( 2040): </ignore>
11-07 19:29:21.090 I/NativeHelper( 2040): </app>
11-07 19:29:21.090 I/NativeHelper( 2040): id=com.teamlava.dragon47
filter=ABI_AND_ABI2 ignore=[libs3eAndroidGooglePlayBilling_ext.so]
11-07 19:29:21.090 I/NativeHelper( 2040): <app arch=null>
11-07 19:29:21.090 I/NativeHelper( 2040): <ignore
lib=libs3eAndroidGooglePlayBilling_ext.so>
11-07 19:29:21.090 I/NativeHelper( 2040): </ignore>
11-07 19:29:21.090 I/NativeHelper( 2040): </app>
11-07 19:29:21.090 I/NativeHelper( 2040): id=com.teamlava.jewel49
filter=ABI_AND_ABI2 ignore=[libs3eAndroidGooglePlayBilling_ext.so]
11-07 19:29:21.090 I/NativeHelper( 2040): <app arch=null>
11-07 19:29:21.090 I/NativeHelper( 2040): <ignore
lib=libs3eAndroidGooglePlayBilling_ext.so>
11-07 19:29:21.090 I/NativeHelper( 2040): </ignore>
11-07 19:29:21.090 I/NativeHelper( 2040): </app>
11-07 19:29:21.090 I/NativeHelper( 2040): id=com.teamlava.candy51
filter=ABI_AND_ABI2 ignore=[libs3eAndroidGooglePlayBilling_ext.so]
11-07 19:29:21.090 I/NativeHelper( 2040): <app arch=null>
11-07 19:29:21.090 I/NativeHelper( 2040): <ignore
lib=libs3eAndroidGooglePlayBilling_ext.so>
11-07 19:29:21.090 I/NativeHelper( 2040): </ignore>
11-07 19:29:21.090 I/NativeHelper( 2040): </app>
11-07 19:29:21.090 I/NativeHelper( 2040): id=com.sharkparty.bingo
filter=ABI_AND_ABI2 ignore=[libs3eAndroidGooglePlayBilling_ext.so]
11-07 19:29:21.090 I/NativeHelper( 2040): <app arch=null>
11-07 19:29:21.090 I/NativeHelper( 2040): <ignore
lib=libs3eAndroidGooglePlayBilling_ext.so>
11-07 19:29:21.090 I/NativeHelper( 2040): </ignore>
11-07 19:29:21.090 I/NativeHelper( 2040): </app>
11-07 19:29:21.090 I/NativeHelper( 2040): id=com.teamlava.candy49
filter=ABI_AND_ABI2 ignore=[libs3eAndroidGooglePlayBilling_ext.so]
11-07 19:29:21.090 I/NativeHelper( 2040): <app arch=null>
11-07 19:29:21.090 I/NativeHelper( 2040): <ignore
lib=libs3eAndroidGooglePlayBilling_ext.so>
11-07 19:29:21.090 I/NativeHelper( 2040): </ignore>
11-07 19:29:21.090 I/NativeHelper( 2040): </app>
11-07 19:29:21.090 I/NativeHelper( 2040): id=com.teamlava.dragon50
filter=ABI_AND_ABI2 ignore=[libs3eAndroidGooglePlayBilling_ext.so]
11-07 19:29:21.090 I/NativeHelper( 2040): <app arch=null>
11-07 19:29:21.090 I/NativeHelper( 2040): <ignore
lib=libs3eAndroidGooglePlayBilling_ext.so>
11-07 19:29:21.090 I/NativeHelper( 2040): </ignore>
11-07 19:29:21.090 I/NativeHelper( 2040): </app>
11-07 19:29:21.090 I/NativeHelper( 2040): id=com.sharkparty.slots
filter=ABI_AND_ABI2 ignore=[libs3eAndroidGooglePlayBilling_ext.so]
11-07 19:29:21.090 I/NativeHelper( 2040): <app arch=null>
11-07 19:29:21.090 I/NativeHelper( 2040): <ignore
lib=libs3eAndroidGooglePlayBilling_ext.so>
11-07 19:29:21.090 I/NativeHelper( 2040): </ignore>
11-07 19:29:21.090 I/NativeHelper( 2040): </app>
11-07 19:29:21.090 I/NativeHelper( 2040): id=com.sharkparty.monopolybingo48
filter=ABI_AND_ABI2 ignore=[libs3eAndroidGooglePlayBilling_ext.so]
11-07 19:29:21.090 I/NativeHelper( 2040): <app arch=null>
11-07 19:29:21.090 I/NativeHelper( 2040): <ignore
lib=libs3eAndroidGooglePlayBilling_ext.so>
11-07 19:29:21.090 I/NativeHelper( 2040): </ignore>
11-07 19:29:21.090 I/NativeHelper( 2040): </app>
11-07 19:29:21.090 I/NativeHelper( 2040): id=com.teamlava.jewel52
filter=ABI_AND_ABI2 ignore=[libs3eAndroidGooglePlayBilling_ext.so]
11-07 19:29:21.090 I/NativeHelper( 2040): <app arch=null>
11-07 19:29:21.090 I/NativeHelper( 2040): <ignore
lib=libs3eAndroidGooglePlayBilling_ext.so>
11-07 19:29:21.090 I/NativeHelper( 2040): </ignore>
11-07 19:29:21.090 I/NativeHelper( 2040): </app>
11-07 19:29:21.090 I/NativeHelper( 2040): id=com.teamlava.dragon52
filter=ABI_AND_ABI2 ignore=[libs3eAndroidGooglePlayBilling_ext.so]
11-07 19:29:21.090 I/NativeHelper( 2040): <app arch=null>
11-07 19:29:21.090 I/NativeHelper( 2040): <ignore
lib=libs3eAndroidGooglePlayBilling_ext.so>
11-07 19:29:21.090 I/NativeHelper( 2040): </ignore>
11-07 19:29:21.090 I/NativeHelper( 2040): </app>
11-07 19:29:21.090 I/NativeHelper( 2040): id=com.sharkparty.cluedobingo
filter=ABI_AND_ABI2 ignore=[libs3eAndroidGooglePlayBilling_ext.so]
11-07 19:29:21.090 I/NativeHelper( 2040): <app arch=null>
11-07 19:29:21.090 I/NativeHelper( 2040): <ignore
lib=libs3eAndroidGooglePlayBilling_ext.so>
11-07 19:29:21.090 I/NativeHelper( 2040): </ignore>
11-07 19:29:21.090 I/NativeHelper( 2040): </app>
11-07 19:29:21.090 I/NativeHelper( 2040): id=com.teamlava.vibercandy
