com.android.internal.os.RuntimeInit <<<<<<
11-07 23:45:11.682 D/AndroidRuntime(31648): CheckJNI is OFF
11-07 23:45:11.735 D/dalvikvm(31648): Trying to load lib libjavacore.so 0x0
11-07 23:45:11.742 D/dalvikvm(31648): Added shared lib libjavacore.so 0x0
11-07 23:45:11.752 D/dalvikvm(31648): Trying to load lib libnativehelper.so 0x0
11-07 23:45:11.752 D/dalvikvm(31648): Added shared lib libnativehelper.so 0x0
11-07 23:45:11.852 D/AndroidRuntime(31648): Calling main entry
com.android.commands.settings.SettingsCmd
11-07 23:45:11.852 D/dalvikvm(31648): Note: class
Landroid/app/ActivityManagerNative; has 157 unimplemented (abstract) methods
11-07 23:45:11.862 D/AndroidRuntime(31648): Shutting down VM
11-07 23:45:12.378 D/SettingsProvider( 2040): User 0 external modification to
/data/data/com.android.providers.settings/databases/settings.db; event=8
11-07 23:45:12.378 D/SettingsProvider( 2040): User 0 updating our caches for
/data/data/com.android.providers.settings/databases/settings.db
11-07 23:45:13.902 D/SettingsProvider( 2040): User 0 external modification to
/data/data/com.android.providers.settings/databases/settings.db; event=8
11-07 23:45:13.902 D/SettingsProvider( 2040): User 0 updating our caches for
/data/data/com.android.providers.settings/databases/settings.db
11-07 23:45:14.082 D/AndroidRuntime(31730):
11-07 23:45:14.082 D/AndroidRuntime(31730): >>>>>> AndroidRuntime START
com.android.internal.os.RuntimeInit <<<<<<
11-07 23:45:14.082 D/AndroidRuntime(31730): CheckJNI is OFF
11-07 23:45:14.135 D/dalvikvm(31730): Trying to load lib libjavacore.so 0x0
11-07 23:45:14.135 D/dalvikvm(31730): Added shared lib libjavacore.so 0x0
11-07 23:45:14.135 D/dalvikvm(31730): Trying to load lib libnativehelper.so 0x0
11-07 23:45:14.135 D/dalvikvm(31730): Added shared lib libnativehelper.so 0x0
11-07 23:45:14.305 D/AndroidRuntime(31730): Calling main entry
com.android.commands.settings.SettingsCmd
11-07 23:45:14.305 D/dalvikvm(31730): Note: class
Landroid/app/ActivityManagerNative; has 157 unimplemented (abstract) methods
11-07 23:45:14.305 D/AndroidRuntime(31730): Shutting down VM
11-07 23:45:14.312 I/AndroidRuntime(31730): NOTE: attach of thread 'Binder_1'
failed
11-07 23:45:15.412 D/SettingsProvider( 2040): User 0 external modification to
/data/data/com.android.providers.settings/databases/settings.db; event=8
11-07 23:45:15.412 D/SettingsProvider( 2040): User 0 updating our caches for
/data/data/com.android.providers.settings/databases/settings.db
11-07 23:45:16.261 D/AndroidRuntime(31812):
11-07 23:45:16.261 D/AndroidRuntime(31812): >>>>>> AndroidRuntime START
com.android.internal.os.RuntimeInit <<<<<<
11-07 23:45:16.261 D/AndroidRuntime(31812): CheckJNI is OFF
11-07 23:45:16.321 D/dalvikvm(31812): Trying to load lib libjavacore.so 0x0
11-07 23:45:16.325 D/dalvikvm(31812): Added shared lib libjavacore.so 0x0
11-07 23:45:16.331 D/dalvikvm(31812): Trying to load lib libnativehelper.so 0x0
11-07 23:45:16.331 D/dalvikvm(31812): Added shared lib libnativehelper.so 0x0
11-07 23:45:16.455 D/AndroidRuntime(31812): Calling main entry
com.android.commands.settings.SettingsCmd
11-07 23:45:16.458 D/dalvikvm(31812): Note: class
Landroid/app/ActivityManagerNative; has 157 unimplemented (abstract) methods
11-07 23:45:16.485 D/AndroidRuntime(31812): Shutting down VM
11-07 23:45:16.871 D/SettingsProvider( 2040): User 0 external modification to
/data/data/com.android.providers.settings/databases/settings.db; event=8
11-07 23:45:16.871 D/SettingsProvider( 2040): User 0 updating our caches for
/data/data/com.android.providers.settings/databases/settings.db
11-07 23:45:18.255 D/SettingsProvider( 2040): User 0 external modification to
/data/data/com.android.providers.settings/databases/settings.db; event=8
11-07 23:45:18.255 D/SettingsProvider( 2040): User 0 updating our caches for
/data/data/com.android.providers.settings/databases/settings.db
11-07 23:45:18.621 D/AndroidRuntime(31896):
11-07 23:45:18.621 D/AndroidRuntime(31896): >>>>>> AndroidRuntime START
com.android.internal.os.RuntimeInit <<<<<<
11-07 23:45:18.621 D/AndroidRuntime(31896): CheckJNI is OFF
11-07 23:45:18.648 D/dalvikvm(31896): Trying to load lib libjavacore.so 0x0
11-07 23:45:18.651 D/dalvikvm(31896): Added shared lib libjavacore.so 0x0
11-07 23:45:18.665 D/dalvikvm(31896): Trying to load lib libnativehelper.so 0x0
11-07 23:45:18.665 D/dalvikvm(31896): Added shared lib libnativehelper.so 0x0
11-07 23:45:18.858 D/AndroidRuntime(31896): Calling main entry
com.android.commands.settings.SettingsCmd
11-07 23:45:18.858 D/dalvikvm(31896): Note: class
Landroid/app/ActivityManagerNative; has 157 unimplemented (abstract) methods
11-07 23:45:18.865 D/AndroidRuntime(31896): Shutting down VM
11-07 23:45:19.711 D/SettingsProvider( 2040): User 0 external modification to
/data/data/com.android.providers.settings/databases/settings.db; event=8
11-07 23:45:19.711 D/SettingsProvider( 2040): User 0 updating our caches for
/data/data/com.android.providers.settings/databases/settings.db
11-07 23:45:20.848 D/AndroidRuntime(31978):
11-07 23:45:20.848 D/AndroidRuntime(31978): >>>>>> AndroidRuntime START
com.android.internal.os.RuntimeInit <<<<<<
11-07 23:45:20.851 D/AndroidRuntime(31978): CheckJNI is OFF
11-07 23:45:20.875 D/dalvikvm(31978): Trying to load lib libjavacore.so 0x0
11-07 23:45:20.875 D/dalvikvm(31978): Added shared lib libjavacore.so 0x0
11-07 23:45:20.885 D/dalvikvm(31978): Trying to load lib libnativehelper.so 0x0
11-07 23:45:20.885 D/dalvikvm(31978): Added shared lib libnativehelper.so 0x0
11-07 23:45:21.044 D/AndroidRuntime(31978): Calling main entry
com.android.commands.settings.SettingsCmd
11-07 23:45:21.044 D/dalvikvm(31978): Note: class
Landroid/app/ActivityManagerNative; has 157 unimplemented (abstract) methods
11-07 23:45:21.068 D/AndroidRuntime(31978): Shutting down VM
11-07 23:45:21.071 I/AndroidRuntime(31978): NOTE: attach of thread 'Binder_2'
failed
11-07 23:45:21.138 D/SettingsProvider( 2040): User 0 external modification to
/data/data/com.android.providers.settings/databases/settings.db; event=8
11-07 23:45:21.138 D/SettingsProvider( 2040): User 0 updating our caches for
/data/data/com.android.providers.settings/databases/settings.db
11-07 23:45:22.538 D/SettingsProvider( 2040): User 0 external modification to
/data/data/com.android.providers.settings/databases/settings.db; event=8
11-07 23:45:22.538 D/SettingsProvider( 2040): User 0 updating our caches for
/data/data/com.android.providers.settings/databases/settings.db
11-07 23:45:23.828 D/AndroidRuntime(32073):
11-07 23:45:23.828 D/AndroidRuntime(32073): >>>>>> AndroidRuntime START
com.android.internal.os.RuntimeInit <<<<<<
11-07 23:45:23.828 D/AndroidRuntime(32073): CheckJNI is OFF
11-07 23:45:23.841 D/dalvikvm(32073): Trying to load lib libjavacore.so 0x0
11-07 23:45:23.841 D/dalvikvm(32073): Added shared lib libjavacore.so 0x0
11-07 23:45:23.851 D/dalvikvm(32073): Trying to load lib libnativehelper.so 0x0
11-07 23:45:23.851 D/dalvikvm(32073): Added shared lib libnativehelper.so 0x0
11-07 23:45:23.974 D/AndroidRuntime(32073): Calling main entry
com.android.commands.settings.SettingsCmd
11-07 23:45:23.981 D/dalvikvm(32073): Note: class
Landroid/app/ActivityManagerNative; has 157 unimplemented (abstract) methods
11-07 23:45:24.004 D/AndroidRuntime(32073): Shutting down VM
11-07 23:45:24.311 D/SettingsProvider( 2040): User 0 external modification to
/data/data/com.android.providers.settings/databases/settings.db; event=8
11-07 23:45:24.311 D/SettingsProvider( 2040): User 0 updating our caches for
/data/data/com.android.providers.settings/databases/settings.db
11-07 23:45:25.781 D/SettingsProvider( 2040): User 0 external modification to
/data/data/com.android.providers.settings/databases/settings.db; event=8
11-07 23:45:25.781 D/SettingsProvider( 2040): User 0 updating our caches for
/data/data/com.android.providers.settings/databases/settings.db
11-07 23:45:26.304 D/AndroidRuntime(32165):
11-07 23:45:26.304 D/AndroidRuntime(32165): >>>>>> AndroidRuntime START
com.android.internal.os.RuntimeInit <<<<<<
11-07 23:45:26.304 D/AndroidRuntime(32165): CheckJNI is OFF
11-07 23:45:26.327 D/dalvikvm(32165): Trying to load lib libjavacore.so 0x0
11-07 23:45:26.327 D/dalvikvm(32165): Added shared lib libjavacore.so 0x0
11-07 23:45:26.357 D/dalvikvm(32165): Trying to load lib libnativehelper.so 0x0
11-07 23:45:26.357 D/dalvikvm(32165): Added shared lib libnativehelper.so 0x0
11-07 23:45:26.534 D/AndroidRuntime(32165): Calling main entry
com.android.commands.settings.SettingsCmd
11-07 23:45:26.534 D/dalvikvm(32165): Note: class
Landroid/app/ActivityManagerNative; has 157 unimplemented (abstract) methods
11-07 23:45:26.547 D/AndroidRuntime(32165): Shutting down VM
11-07 23:45:27.241 D/SettingsProvider( 2040): User 0 external modification to
/data/data/com.android.providers.settings/databases/settings.db; event=8
11-07 23:45:27.241 D/SettingsProvider( 2040): User 0 updating our caches for
/data/data/com.android.providers.settings/databases/settings.db
11-07 23:45:28.504 D/AndroidRuntime(32241):
11-07 23:45:28.504 D/AndroidRuntime(32241): >>>>>> AndroidRuntime START
com.android.internal.os.RuntimeInit <<<<<<
11-07 23:45:28.504 D/AndroidRuntime(32241): CheckJNI is OFF
11-07 23:45:28.571 D/dalvikvm(32241): Trying to load lib libjavacore.so 0x0
11-07 23:45:28.577 D/dalvikvm(32241): Added shared lib libjavacore.so 0x0
11-07 23:45:28.591 D/SettingsProvider( 2040): User 0 external modification to
/data/data/com.android.providers.settings/databases/settings.db; event=8
11-07 23:45:28.591 D/SettingsProvider( 2040): User 0 updating our caches for
/data/data/com.android.providers.settings/databases/settings.db
11-07 23:45:28.631 D/dalvikvm(32241): Trying to load lib libnativehelper.so 0x0
11-07 23:45:28.634 D/dalvikvm(32241): Added shared lib libnativehelper.so 0x0
11-07 23:45:28.891 D/AndroidRuntime(32241): Calling main entry
com.android.commands.settings.SettingsCmd
11-07 23:45:28.891 D/dalvikvm(32241): Note: class
Landroid/app/ActivityManagerNative; has 157 unimplemented (abstract) methods
11-07 23:45:28.907 D/AndroidRuntime(32241): Shutting down VM
11-07 23:45:28.917 I/AndroidRuntime(32241): NOTE: attach of thread 'Binder_2'
failed
11-07 23:45:30.031 D/SettingsProvider( 2040): User 0 external modification to
/data/data/com.android.providers.settings/databases/settings.db; event=8
11-07 23:45:30.034 D/SettingsProvider( 2040): User 0 updating our caches for
/data/data/com.android.providers.settings/databases/settings.db
11-07 23:45:30.997 D/AndroidRuntime(32334):
11-07 23:45:30.997 D/AndroidRuntime(32334): >>>>>> AndroidRuntime START
com.android.internal.os.RuntimeInit <<<<<<
11-07 23:45:30.997 D/AndroidRuntime(32334): CheckJNI is OFF
11-07 23:45:31.071 D/dalvikvm(32334): Trying to load lib libjavacore.so 0x0
11-07 23:45:31.074 D/dalvikvm(32334): Added shared lib libjavacore.so 0x0
11-07 23:45:31.081 D/dalvikvm(32334): Trying to load lib libnativehelper.so 0x0
11-07 23:45:31.081 D/dalvikvm(32334): Added shared lib libnativehelper.so 0x0
11-07 23:45:31.207 D/AndroidRuntime(32334): Calling main entry
com.android.commands.settings.SettingsCmd
11-07 23:45:31.207 D/dalvikvm(32334): Note: class
Landroid/app/ActivityManagerNative; has 157 unimplemented (abstract) methods
11-07 23:45:31.217 D/AndroidRuntime(32334): Shutting down VM
11-07 23:45:31.357 D/SettingsProvider( 2040): User 0 external modification to
/data/data/com.android.providers.settings/databases/settings.db; event=8
11-07 23:45:31.357 D/SettingsProvider( 2040): User 0 updating our caches for
/data/data/com.android.providers.settings/databases/settings.db
11-07 23:45:33.200 D/SettingsProvider( 2040): User 0 external modification to
/data/data/com.android.providers.settings/databases/settings.db; event=8
11-07 23:45:33.200 D/SettingsProvider( 2040): User 0 updating our caches for
/data/data/com.android.providers.settings/databases/settings.db
11-07 23:45:34.024 D/AndroidRuntime(32428):
11-07 23:45:34.024 D/AndroidRuntime(32428): >>>>>> AndroidRuntime START
com.android.internal.os.RuntimeInit <<<<<<
11-07 23:45:34.027 D/AndroidRuntime(32428): CheckJNI is OFF
11-07 23:45:34.057 D/dalvikvm(32428): Trying to load lib libjavacore.so 0x0
11-07 23:45:34.057 D/dalvikvm(32428): Added shared lib libjavacore.so 0x0
11-07 23:45:34.067 D/dalvikvm(32428): Trying to load lib libnativehelper.so 0x0
11-07 23:45:34.067 D/dalvikvm(32428): Added shared lib libnativehelper.so 0x0
11-07 23:45:34.174 D/AndroidRuntime(32428): Calling main entry
com.android.commands.settings.SettingsCmd
11-07 23:45:34.184 D/dalvikvm(32428): Note: class
Landroid/app/ActivityManagerNative; has 157 unimplemented (abstract) methods
11-07 23:45:34.190 D/AndroidRuntime(32428): Shutting down VM
11-07 23:45:34.987 D/SettingsProvider( 2040): User 0 external modification to
/data/data/com.android.providers.settings/databases/settings.db; event=8
11-07 23:45:34.987 D/SettingsProvider( 2040): User 0 updating our caches for
/data/data/com.android.providers.settings/databases/settings.db
11-07 23:45:36.240 D/AndroidRuntime(32505):
11-07 23:45:36.240 D/AndroidRuntime(32505): >>>>>> AndroidRuntime START
com.android.internal.os.RuntimeInit <<<<<<
11-07 23:45:36.240 D/AndroidRuntime(32505): CheckJNI is OFF
11-07 23:45:36.303 D/SettingsProvider( 2040): User 0 external modification to
/data/data/com.android.providers.settings/databases/settings.db; event=8
11-07 23:45:36.303 D/SettingsProvider( 2040): User 0 updating our caches for
/data/data/com.android.providers.settings/databases/settings.db
11-07 23:45:36.313 D/dalvikvm(32505): Trying to load lib libjavacore.so 0x0
11-07 23:45:36.317 D/dalvikvm(32505): Added shared lib libjavacore.so 0x0
11-07 23:45:36.343 D/dalvikvm(32505): Trying to load lib libnativehelper.so 0x0
11-07 23:45:36.350 D/dalvikvm(32505): Added shared lib libnativehelper.so 0x0
11-07 23:45:36.480 D/AndroidRuntime(32505): Calling main entry
com.android.commands.settings.SettingsCmd
11-07 23:45:36.480 D/dalvikvm(32505): Note: class
Landroid/app/ActivityManagerNative; has 157 unimplemented (abstract) methods
11-07 23:45:36.487 D/AndroidRuntime(32505): Shutting down VM
11-07 23:45:36.490 I/AndroidRuntime(32505): NOTE: attach of thread 'Binder_2'
failed
11-07 23:45:37.763 D/SettingsProvider( 2040): User 0 external modification to
/data/data/com.android.providers.settings/databases/settings.db; event=8
11-07 23:45:37.763 D/SettingsProvider( 2040): User 0 updating our caches for
/data/data/com.android.providers.settings/databases/settings.db
--------- beginning of /dev/log/main
11-07 19:49:38.143 I/init.andy( 1183): Vendor not defined
11-07 19:49:38.603 I/init.andy( 1193): Setting properties...
11-07 19:49:38.753 I/init.andy( 1196): done.
11-07 19:49:39.156 I/init.andy( 1204): running
11-07 19:49:39.253 I/init.andy( 1207): Inserting kmods...
11-07 19:49:39.526 I/init.andy( 1212): ..for VirtualBox
11-07 19:49:39.863 I/HostConnServer( 1206): Start hostconn server...
11-07 19:49:39.866 I/HostConnServer( 1206): HostConnServer::HostConnServer()
11-07 19:49:39.869 I/HostConnServer( 1206): listening at port 57595
11-07 19:49:40.193 I/init.andy( 1225): done.
11-07 19:49:40.936 D/DHCP ( 1228): ===== DHCP message:
11-07 19:49:40.936 D/DHCP ( 1228): op = BOOTREQUEST (1), htype = 1, hlen = 6,
hops = 0
11-07 19:49:40.936 D/DHCP ( 1228): xid = 0x961b0000 secs = 0, flags = 0x8000
optlen = 14
11-07 19:49:40.936 D/DHCP ( 1228): ciaddr = 0.0.0.0
11-07 19:49:40.936 D/DHCP ( 1228): yiaddr = 0.0.0.0
11-07 19:49:40.936 D/DHCP ( 1228): siaddr = 0.0.0.0
11-07 19:49:40.936 D/DHCP ( 1228): giaddr = 0.0.0.0
11-07 19:49:40.936 D/DHCP ( 1228): chaddr = { 08 00 27 ee b3 53 }
11-07 19:49:40.936 D/DHCP ( 1228): sname = ''
11-07 19:49:40.936 D/DHCP ( 1228): file = ''
11-07 19:49:40.936 D/DHCP ( 1228): op 53 len 1 { 01 } discover
11-07 19:49:40.936 D/DHCP ( 1228): op 55 len 4 { 01 03 06 1c }
11-07 19:49:40.939 D/DHCP ( 1228): ===== DHCP message:
11-07 19:49:40.939 D/DHCP ( 1228): op = BOOTREPLY (2), htype = 1, hlen = 6, hops
= 0
11-07 19:49:40.939 D/DHCP ( 1228): xid = 0x961b0000 secs = 0, flags = 0x0000
optlen = 312
11-07 19:49:40.939 D/DHCP ( 1228): ciaddr = 192.168.56.100
11-07 19:49:40.939 D/DHCP ( 1228): yiaddr = 192.168.56.100
11-07 19:49:40.939 D/DHCP ( 1228): siaddr = 0.0.0.0
11-07 19:49:40.939 D/DHCP ( 1228): giaddr = 0.0.0.0
11-07 19:49:40.939 D/DHCP ( 1228): chaddr = { 08 00 27 ee b3 53 }
11-07 19:49:40.939 D/DHCP ( 1228): sname = ''
11-07 19:49:40.939 D/DHCP ( 1228): file = ''
11-07 19:49:40.939 D/DHCP ( 1228): op 54 len 4 { c0 a8 38 02 }
11-07 19:49:40.939 D/DHCP ( 1228): op 53 len 1 { 02 } offer
11-07 19:49:40.939 D/DHCP ( 1228): op 51 len 4 { 00 00 04 b0 }
11-07 19:49:40.939 D/DHCP ( 1228): op 1 len 4 { ff ff ff 00 }
11-07 19:49:40.939 D/DHCP ( 1228): --- dhcp offer (2) ---
11-07 19:49:40.939 D/DHCP ( 1228): ip 192.168.56.100 gw 0.0.0.0 prefixLength 24
11-07 19:49:40.939 D/DHCP ( 1228): server 192.168.56.2, lease 1200 seconds
11-07 19:49:40.939 D/DHCP ( 1228): ===== DHCP message:
11-07 19:49:40.939 D/DHCP ( 1228): op = BOOTREQUEST (1), htype = 1, hlen = 6,
hops = 0
11-07 19:49:40.939 D/DHCP ( 1228): xid = 0x971b0000 secs = 0, flags = 0x8000
optlen = 26
11-07 19:49:40.939 D/DHCP ( 1228): ciaddr = 0.0.0.0
11-07 19:49:40.939 D/DHCP ( 1228): yiaddr = 0.0.0.0
11-07 19:49:40.939 D/DHCP ( 1228): siaddr = 0.0.0.0
11-07 19:49:40.939 D/DHCP ( 1228): giaddr = 0.0.0.0
11-07 19:49:40.939 D/DHCP ( 1228): chaddr = { 08 00 27 ee b3 53 }
11-07 19:49:40.939 D/DHCP ( 1228): sname = ''
11-07 19:49:40.939 D/DHCP ( 1228): file = ''
11-07 19:49:40.939 D/DHCP ( 1228): op 53 len 1 { 03 } request
11-07 19:49:40.939 D/DHCP ( 1228): op 55 len 4 { 01 03 06 1c }
11-07 19:49:40.939 D/DHCP ( 1228): op 50 len 4 { c0 a8 38 64 }
11-07 19:49:40.939 D/DHCP ( 1228): op 54 len 4 { c0 a8 38 02 }
11-07 19:49:40.939 D/DHCP ( 1228): ===== DHCP message:
11-07 19:49:40.939 D/DHCP ( 1228): op = BOOTREPLY (2), htype = 1, hlen = 6, hops
= 0
11-07 19:49:40.939 D/DHCP ( 1228): xid = 0x971b0000 secs = 0, flags = 0x0000
optlen = 312
11-07 19:49:40.939 D/DHCP ( 1228): ciaddr = 192.168.56.100
11-07 19:49:40.939 D/DHCP ( 1228): yiaddr = 192.168.56.100
11-07 19:49:40.939 D/DHCP ( 1228): siaddr = 0.0.0.0
11-07 19:49:40.939 D/DHCP ( 1228): giaddr = 0.0.0.0
11-07 19:49:40.939 D/DHCP ( 1228): chaddr = { 08 00 27 ee b3 53 }
11-07 19:49:40.939 D/DHCP ( 1228): sname = ''
11-07 19:49:40.939 D/DHCP ( 1228): file = ''
11-07 19:49:40.939 D/DHCP ( 1228): op 54 len 4 { c0 a8 38 02 }
11-07 19:49:40.939 D/DHCP ( 1228): op 53 len 1 { 05 } ack
11-07 19:49:40.939 D/DHCP ( 1228): op 51 len 4 { 00 00 04 b0 }
11-07 19:49:40.939 D/DHCP ( 1228): op 1 len 4 { ff ff ff 00 }
11-07 19:49:40.939 D/DHCP ( 1228): --- dhcp ack (5) ---
11-07 19:49:40.939 D/DHCP ( 1228): ip 192.168.56.100 gw 0.0.0.0 prefixLength 24
11-07 19:49:40.939 D/DHCP ( 1228): server 192.168.56.2, lease 1200 seconds
11-07 19:49:40.939 D/DHCP ( 1228): configuring eth0
11-07 19:49:40.949 D/NetUtils( 1228): Don't create null default route on eth0
11-07 19:49:41.009 D/DHCP ( 1229): ===== DHCP message:
11-07 19:49:41.009 D/DHCP ( 1229): op = BOOTREQUEST (1), htype = 1, hlen = 6,
hops = 0
11-07 19:49:41.009 D/DHCP ( 1229): xid = 0xe01b0000 secs = 0, flags = 0x8000
optlen = 14
11-07 19:49:41.009 D/DHCP ( 1229): ciaddr = 0.0.0.0
11-07 19:49:41.009 D/DHCP ( 1229): yiaddr = 0.0.0.0
11-07 19:49:41.009 D/DHCP ( 1229): siaddr = 0.0.0.0
11-07 19:49:41.009 D/DHCP ( 1229): giaddr = 0.0.0.0
11-07 19:49:41.009 D/DHCP ( 1229): chaddr = { 08 00 27 12 e7 9e }
11-07 19:49:41.009 D/DHCP ( 1229): sname = ''
11-07 19:49:41.009 D/DHCP ( 1229): file = ''
11-07 19:49:41.009 D/DHCP ( 1229): op 53 len 1 { 01 } discover
11-07 19:49:41.009 D/DHCP ( 1229): op 55 len 4 { 01 03 06 1c }
11-07 19:49:41.013 D/DHCP ( 1229): ===== DHCP message:
11-07 19:49:41.013 D/DHCP ( 1229): op = BOOTREPLY (2), htype = 1, hlen = 6, hops
= 0
11-07 19:49:41.013 D/DHCP ( 1229): xid = 0xe01b0000 secs = 0, flags = 0x8000
optlen = 312
11-07 19:49:41.013 D/DHCP ( 1229): ciaddr = 0.0.0.0
11-07 19:49:41.013 D/DHCP ( 1229): yiaddr = 10.0.3.15
11-07 19:49:41.013 D/DHCP ( 1229): siaddr = 10.0.3.4
11-07 19:49:41.013 D/DHCP ( 1229): giaddr = 0.0.0.0
11-07 19:49:41.013 D/DHCP ( 1229): chaddr = { 08 00 27 12 e7 9e }
11-07 19:49:41.013 D/DHCP ( 1229): sname = ''
11-07 19:49:41.013 D/DHCP ( 1229): file = 'andy.pxe'
11-07 19:49:41.013 D/DHCP ( 1229): op 53 len 1 { 02 } offer
11-07 19:49:41.013 D/DHCP ( 1229): op 1 len 4 { ff ff ff 00 }
11-07 19:49:41.013 D/DHCP ( 1229): op 3 len 4 { 0a 00 03 02 }
11-07 19:49:41.013 D/DHCP ( 1229): op 6 len 12 { 08 08 08 08 08 08 04 04
c0 a8 01 01 }
11-07 19:49:41.013 D/DHCP ( 1229): op 51 len 4 { 00 01 51 80 }
11-07 19:49:41.013 D/DHCP ( 1229): op 54 len 4 { 0a 00 03 02 }
11-07 19:49:41.013 D/DHCP ( 1229): --- dhcp offer (2) ---
11-07 19:49:41.013 D/DHCP ( 1229): ip 10.0.3.15 gw 10.0.3.2 prefixLength 24
11-07 19:49:41.013 D/DHCP ( 1229): dns1: 8.8.8.8
11-07 19:49:41.013 D/DHCP ( 1229): dns2: 8.8.4.4
11-07 19:49:41.013 D/DHCP ( 1229): server 10.0.3.2, lease 86400 seconds
11-07 19:49:41.013 D/DHCP ( 1229): ===== DHCP message:
11-07 19:49:41.013 D/DHCP ( 1229): op = BOOTREQUEST (1), htype = 1, hlen = 6,
hops = 0
11-07 19:49:41.013 D/DHCP ( 1229): xid = 0xe11b0000 secs = 0, flags = 0x8000
optlen = 26
11-07 19:49:41.013 D/DHCP ( 1229): ciaddr = 0.0.0.0
11-07 19:49:41.013 D/DHCP ( 1229): yiaddr = 0.0.0.0
11-07 19:49:41.013 D/DHCP ( 1229): siaddr = 0.0.0.0
11-07 19:49:41.013 D/DHCP ( 1229): giaddr = 0.0.0.0
11-07 19:49:41.013 D/DHCP ( 1229): chaddr = { 08 00 27 12 e7 9e }
11-07 19:49:41.013 D/DHCP ( 1229): sname = ''
11-07 19:49:41.013 D/DHCP ( 1229): file = ''
11-07 19:49:41.013 D/DHCP ( 1229): op 53 len 1 { 03 } request
11-07 19:49:41.013 D/DHCP ( 1229): op 55 len 4 { 01 03 06 1c }
11-07 19:49:41.013 D/DHCP ( 1229): op 50 len 4 { 0a 00 03 0f }
11-07 19:49:41.013 D/DHCP ( 1229): op 54 len 4 { 0a 00 03 02 }
11-07 19:49:41.016 D/DHCP ( 1229): ===== DHCP message:
11-07 19:49:41.016 D/DHCP ( 1229): op = BOOTREPLY (2), htype = 1, hlen = 6, hops
= 0
11-07 19:49:41.016 D/DHCP ( 1229): xid = 0xe11b0000 secs = 0, flags = 0x8000
optlen = 312
11-07 19:49:41.016 D/DHCP ( 1229): ciaddr = 10.0.3.15
11-07 19:49:41.016 D/DHCP ( 1229): yiaddr = 10.0.3.15
11-07 19:49:41.016 D/DHCP ( 1229): siaddr = 10.0.3.4
11-07 19:49:41.016 D/DHCP ( 1229): giaddr = 0.0.0.0
11-07 19:49:41.016 D/DHCP ( 1229): chaddr = { 08 00 27 12 e7 9e }
11-07 19:49:41.016 D/DHCP ( 1229): sname = ''
11-07 19:49:41.016 D/DHCP ( 1229): file = 'andy.pxe'
11-07 19:49:41.016 D/DHCP ( 1229): op 53 len 1 { 05 } ack
11-07 19:49:41.016 D/DHCP ( 1229): op 1 len 4 { ff ff ff 00 }
11-07 19:49:41.016 D/DHCP ( 1229): op 3 len 4 { 0a 00 03 02 }
11-07 19:49:41.016 D/DHCP ( 1229): op 6 len 12 { 08 08 08 08 08 08 04 04
c0 a8 01 01 }
11-07 19:49:41.016 D/DHCP ( 1229): op 51 len 4 { 00 01 51 80 }
11-07 19:49:41.016 D/DHCP ( 1229): op 54 len 4 { 0a 00 03 02 }
11-07 19:49:41.016 D/DHCP ( 1229): --- dhcp ack (5) ---
11-07 19:49:41.016 D/DHCP ( 1229): ip 10.0.3.15 gw 10.0.3.2 prefixLength 24
11-07 19:49:41.016 D/DHCP ( 1229): dns1: 8.8.8.8
11-07 19:49:41.016 D/DHCP ( 1229): dns2: 8.8.4.4
11-07 19:49:41.016 D/DHCP ( 1229): server 10.0.3.2, lease 86400 seconds
11-07 19:49:41.016 D/DHCP ( 1229): configuring eth1
11-07 19:49:41.116 I/init.andy( 1231): IP Management : 192.168.56.100
11-07 19:49:41.899 I/init.andy( 1248): Starting id-manager...
11-07 19:49:41.966 I/init.andy( 1250): Done
11-07 19:49:43.549 I/init.andy( 1286): Trying to mount /dev/block/sdc
11-07 19:49:43.726 I/init.andy( 1289): Mounting /Shared...
11-07 19:49:43.749 I/init.andy( 1290): ...for VirtualBox
11-07 19:49:43.969 I/init.andy( 1296): done.
11-07 19:49:44.512 I/init.andy( 1310): Andy VM version: 46.1.112
11-07 19:49:45.049 I/init.andy( 1326): Starting andy-ifkickstart...
11-07 19:49:45.166 I/init.andy( 1330): Done
11-07 19:49:45.699 I/DEBUG ( 1340): debuggerd: Apr 21 2016 12:25:24
11-07 19:49:45.736 I/installd( 1347): installd firing up
11-07 19:49:45.869 I/init.andy( 1353): Starting opengl-stream-manager...
11-07 19:49:45.936 I/init.andy( 1355): Done
11-07 19:49:46.046 I/init.andy( 1356): Starting network-manager...
--------- beginning of /dev/log/system
11-07 19:49:46.136 I/Vold ( 1337): Vold 2.1 (the revenge) firing up
11-07 19:49:46.139 I/init.andy( 1359): Done
11-07 19:49:46.139 D/Vold ( 1337): Volume sdcard0 state changing -1
(Initializing) -> 0 (No-Media)
11-07 19:49:46.236 D/Vold ( 1337): Volume sdcard0 state changing 0 (No-Media) ->
1 (Idle-Unmounted)
11-07 19:49:46.309 I/init.andy( 1364): Starting service-manager...
11-07 19:49:46.349 I/Netd ( 1339): Netd 1.0 starting
11-07 19:49:46.349 W/InterfaceController( 1339): Warning (Cannot load library:
load_library(linker.cpp:745): library "/system/lib/libnetcmdiface.so" not found)
while opening the net interface command library
11-07 19:49:46.462 I/init.andy( 1389): Done
11-07 19:49:46.616 I/init.andy( 1402): Starting presetting...
11-07 19:49:46.769 I/init.andy( 1413): Done
11-07 19:49:47.082 I/SurfaceFlinger( 1342): SurfaceFlinger is starting
11-07 19:49:47.082 I/init.andy( 1415): Starting prebundled-apps-manager...
11-07 19:49:47.092 I/SurfaceFlinger( 1342): SurfaceFlinger's main thread ready to
run. Initializing graphics H/W...
11-07 19:49:47.272 I/init.andy( 1424): Done
11-07 19:49:47.359 I/init.andy( 1429): Starting zmq logger...
11-07 19:49:47.599 I/init.andy( 1432): Done
11-07 19:49:47.692 I/init.andy( 1434): init.andy exited
11-07 19:49:47.822 D/libEGL ( 1342): loaded /system/lib/egl/libEGL_emulation.so
11-07 19:49:48.015 I/AndyHostConnection( 1342): Connecting to /dev/andypipe
11-07 19:49:48.019 D/HostConnection( 1342): HostConnection::get() New Host
Connection established 0xb7bfb960, tid 1422
11-07 19:49:48.019 D/libEGL ( 1342): loaded
/system/lib/egl/libGLESv1_CM_emulation.so
11-07 19:49:48.019 D/libEGL ( 1342): loaded /system/lib/egl/libGLESv2_emulation.so
11-07 19:49:48.115 I/mediaserver( 1345): ServiceManager: 0xb85a3068
11-07 19:49:48.122 I/AudioFlinger( 1345): Using default 3000 mSec as standby time.
11-07 19:49:48.132 I/CameraService( 1345): CameraService started (pid=1345)
11-07 19:49:48.245 E/SurfaceFlinger( 1342): hwcomposer module not found
11-07 19:49:48.245 W/SurfaceFlinger( 1342): getting VSYNC period from fb HAL:
16666666
11-07 19:49:48.245 W/SurfaceFlinger( 1342): no suitable EGLConfig found, trying
without EGL_FRAMEBUFFER_TARGET_ANDROID
11-07 19:49:48.245 W/SurfaceFlinger( 1342): no suitable EGLConfig found, trying
without EGL_RECORDABLE_ANDROID
11-07 19:49:48.249 E/Trace ( 1342): error opening trace file: No such file or
directory (2)
11-07 19:49:48.262 D/SurfaceFlinger( 1342): setOrientation, mFbdev=0xb7bfd880,
mFbDev->setOrientation=0xb6387e60, orientation=0
11-07 19:49:48.262 I/gralloc_andy( 1342): setOrientation: orientation=0
11-07 19:49:48.272 I/SurfaceFlinger( 1342): EGL informations:
11-07 19:49:48.272 I/SurfaceFlinger( 1342): vendor : Android
11-07 19:49:48.272 I/SurfaceFlinger( 1342): version : 1.4 Android META-EGL
11-07 19:49:48.272 I/SurfaceFlinger( 1342): extensions: EGL_KHR_image_base
EGL_KHR_fence_sync EGL_ANDROID_image_native_buffer
11-07 19:49:48.272 I/SurfaceFlinger( 1342): Client API: OpenGL_ES
11-07 19:49:48.272 I/SurfaceFlinger( 1342): EGLSurface: 8-8-8-8, config=0xb
11-07 19:49:48.272 I/SurfaceFlinger( 1342): OpenGL ES informations:
11-07 19:49:48.272 I/SurfaceFlinger( 1342): vendor : Imagination Technologies
11-07 19:49:48.272 I/SurfaceFlinger( 1342): renderer : PowerVR SGX 544MP
11-07 19:49:48.272 I/SurfaceFlinger( 1342): version : OpenGL ES-CM 1.1
11-07 19:49:48.272 I/SurfaceFlinger( 1342): extensions: GL_EXT_debug_marker
GL_OES_blend_func_separate GL_OES_blend_equation_separate GL_OES_blend_subtract
GL_OES_byte_coordinates GL_OES_compressed_paletted_texture GL_OES_point_size_array
GL_OES_point_sprite GL_OES_single_precision GL_OES_stencil_wrap
GL_OES_texture_env_crossbar GL_OES_texture_mirored_repeat GL_OES_EGL_image
GL_OES_element_index_uint GL_OES_draw_texture GL_OES_texture_cube_map
GL_OES_draw_texture GL_OES_framebuffer_object GL_OES_depth24 GL_OES_depth32
GL_OES_fbo_render_mipmap GL_OES_rgb8_rgba8 GL_OES_stencil1 GL_OES_stencil4
GL_OES_stencil8 GL_OES_packed_depth_stencil GL_EXT_texture_format_BGRA8888
GL_APPLE_texture_format_BGRA8888 GL_OES_compressed_ETC1_RGB8_texture
11-07 19:49:48.272 I/SurfaceFlinger( 1342): GL_MAX_TEXTURE_SIZE = 8192
11-07 19:49:48.272 I/SurfaceFlinger( 1342): GL_MAX_VIEWPORT_DIMS = 8192 x 8192
11-07 19:49:48.309 D/SurfaceFlinger( 1342): Screen acquired, type=0
flinger=0xb7bfb5c0
11-07 19:49:49.052 I/andy.camera.HAL( 1345): andy_get_number_of_cameras
11-07 19:49:49.052 I/andy.camera.Device( 1345): get 0
11-07 19:49:49.079 I/andy.camera.ControlService( 1345): bound inproc socket
11-07 19:49:49.092 W/andy.zmq.AndroidLogsService( 1431): Fixed port is empty,
trying to bind to random port
11-07 19:49:49.095 W/andy.zmq.Camera/Control( 1345): Fixed port is empty, trying to
bind to random port
11-07 19:49:49.105 D/AndroidRuntime( 1343):
11-07 19:49:49.105 D/AndroidRuntime( 1343): >>>>>> AndroidRuntime START
com.android.internal.os.ZygoteInit <<<<<<
11-07 19:49:49.105 D/AndroidRuntime( 1343): CheckJNI is OFF
11-07 19:49:49.112 I/andy.camera.ControlProxy( 1345): connected to inproc
11-07 19:49:49.112 I/andy.camera.ControlProxy( 1345): connected m_control_socket
11-07 19:49:49.115 I/andy.camera.FrameFeeder( 1345): threadLoop started
11-07 19:49:49.115 I/andy.camera.ControlProxy( 1345): connected to inproc
11-07 19:49:49.115 I/andy.camera.ControlProxy( 1345): connected m_control_socket
11-07 19:49:49.115 I/andy.camera.FrameFeeder( 1345): threadLoop waiting...
11-07 19:49:49.115 I/andy.camera.ControlProxy( 1345): queryConnect
11-07 19:49:49.115 I/andy.camera.ControlProxy( 1345): sent 2 bytes to inproc
11-07 19:49:49.119 I/andy.camera.ControlService( 1345): on_bind
11-07 19:49:49.122 D/AndroidRuntime( 1420):
11-07 19:49:49.122 D/AndroidRuntime( 1420): >>>>>> AndroidRuntime START
com.android.internal.os.RuntimeInit <<<<<<
11-07 19:49:49.122 D/AndroidRuntime( 1420): CheckJNI is OFF
11-07 19:49:49.132 W/andy.zmq.Camera/Frame( 1345): Fixed port is empty, trying to
bind to random port
11-07 19:49:49.139 I/andy.camera.FrameService( 1345): on_bind
11-07 19:49:49.185 D/dalvikvm( 1420): DexOpt: sleeping on flock(/data/dalvik-
cache/system@framework@core.jar@classes.dex)
11-07 19:49:49.212 D/dalvikvm( 1420): DexOpt: sleeping on flock(/data/dalvik-
cache/system@framework@bouncycastle.jar@classes.dex)
11-07 19:49:49.239 D/dalvikvm( 1343): DexOpt: sleeping on flock(/data/dalvik-
cache/system@framework@ext.jar@classes.dex)
11-07 19:49:49.295 D/dalvikvm( 1420): DexOpt: sleeping on flock(/data/dalvik-
cache/system@framework@framework.jar@classes.dex)
11-07 19:49:49.329 D/AndroidRuntime( 1427):
11-07 19:49:49.329 D/AndroidRuntime( 1427): >>>>>> AndroidRuntime START
com.android.internal.os.RuntimeInit <<<<<<
11-07 19:49:49.329 D/AndroidRuntime( 1427): CheckJNI is OFF
11-07 19:49:49.342 D/dalvikvm( 1420): DexOpt: sleeping on flock(/data/dalvik-
cache/system@framework@telephony-common.jar@classes.dex)
11-07 19:49:49.375 D/dalvikvm( 1420): DexOpt: sleeping on flock(/data/dalvik-
cache/system@framework@mms-common.jar@classes.dex)
11-07 19:49:49.422 D/dalvikvm( 1343): DexOpt: sleeping on flock(/data/dalvik-
cache/system@framework@android.policy.jar@classes.dex)
11-07 19:49:49.482 D/dalvikvm( 1420): DexOpt: sleeping on flock(/data/dalvik-
cache/system@framework@services.jar@classes.dex)
11-07 19:49:49.492 D/AndroidRuntime( 1443):
11-07 19:49:49.492 D/AndroidRuntime( 1443): >>>>>> AndroidRuntime START
com.android.internal.os.RuntimeInit <<<<<<
11-07 19:49:49.499 D/AndroidRuntime( 1443): CheckJNI is OFF
11-07 19:49:49.505 D/libEGL ( 1453): loaded /system/lib/egl/libEGL_emulation.so
11-07 19:49:49.522 I/AndyHostConnection( 1453): Connecting to /dev/andypipe
11-07 19:49:49.525 D/HostConnection( 1453): HostConnection::get() New Host
Connection established 0xb7cdb200, tid 1488
11-07 19:49:49.525 D/libEGL ( 1453): loaded
/system/lib/egl/libGLESv1_CM_emulation.so
11-07 19:49:49.529 D/libEGL ( 1453): loaded /system/lib/egl/libGLESv2_emulation.so
11-07 19:49:49.532 E/Trace ( 1453): error opening trace file: No such file or
directory (2)
11-07 19:49:49.535 I/AndyHostConnection( 1342): Connecting to /dev/andypipe
11-07 19:49:49.535 D/HostConnection( 1342): HostConnection::get() New Host
Connection established 0xb7c047c8, tid 1342
11-07 19:49:49.539 D/dalvikvm( 1427): DexOpt: sleeping on flock(/data/dalvik-
cache/system@framework@services.jar@classes.dex)
11-07 19:49:49.699 D/dalvikvm( 1427): DexOpt: sleeping on flock(/data/dalvik-
cache/system@framework@apache-xml.jar@classes.dex)
11-07 19:49:49.699 D/dalvikvm( 1420): DexOpt: sleeping on flock(/data/dalvik-
cache/system@framework@apache-xml.jar@classes.dex)
11-07 19:49:49.702 D/dalvikvm( 1443): DexOpt: sleeping on flock(/data/dalvik-
cache/system@framework@apache-xml.jar@classes.dex)
11-07 19:49:49.715 E/Netd ( 1339): exec() res=768 for /system/bin/ip6tables -t
filter -N bw_INPUT
11-07 19:49:49.832 I/AndyHostConnection( 1342): Connecting to /dev/andypipe
11-07 19:49:49.835 D/HostConnection( 1342): HostConnection::get() New Host
Connection established 0xb7c056a8, tid 1452
11-07 19:49:50.112 E/Netd ( 1339): exec() res=768 for /system/bin/ip6tables -t
filter -A INPUT -j bw_INPUT
11-07 19:49:50.122 D/dalvikvm( 1343): Trying to load lib libjavacore.so 0x0
11-07 19:49:50.145 D/dalvikvm( 1443): Trying to load lib libjavacore.so 0x0
11-07 19:49:50.159 D/dalvikvm( 1343): Added shared lib libjavacore.so 0x0
11-07 19:49:50.159 D/dalvikvm( 1420): Trying to load lib libjavacore.so 0x0
11-07 19:49:50.172 D/dalvikvm( 1443): Added shared lib libjavacore.so 0x0
11-07 19:49:50.192 D/dalvikvm( 1420): Added shared lib libjavacore.so 0x0
11-07 19:49:50.199 D/dalvikvm( 1427): Trying to load lib libjavacore.so 0x0
11-07 19:49:50.199 D/dalvikvm( 1427): Added shared lib libjavacore.so 0x0
11-07 19:49:50.235 I/andy.camera.ControlService( 1345): sock_send
11-07 19:49:50.269 I/andy.camera.ControlService( 1345): sock_recv
11-07 19:49:50.269 I/andy.camera.ControlService( 1345): sock_send
11-07 19:49:50.269 I/andy.camera.ControlProxy( 1345): recv 2 bytes from inproc
11-07 19:49:50.269 I/andy.camera.Device( 1345): count
11-07 19:49:50.302 I/AudioPolicyManagerBase( 1345): loadAudioPolicyConfig()
loaded /system/etc/audio_policy.conf
11-07 19:49:50.305 D/dalvikvm( 1343): Trying to load lib libnativehelper.so 0x0
11-07 19:49:50.305 D/dalvikvm( 1343): Added shared lib libnativehelper.so 0x0
11-07 19:49:50.345 D/audio_utils_zmq( 1345): ALSA | adev_open
11-07 19:49:50.345 I/AudioFlinger( 1345): loadHwModule() Loaded primary audio
interface from Andy audio HW HAL (audio) handle 1
11-07 19:49:50.345 D/audio_utils_zmq( 1345): ALSA | adev_open_output_stream
11-07 19:49:50.355 I/AudioFlinger( 1345): HAL output buffer size 512 frames, normal
mix buffer size 1024 frames
11-07 19:49:50.359 D/dalvikvm( 1427): Trying to load lib libnativehelper.so 0x0
11-07 19:49:50.359 D/dalvikvm( 1427): Added shared lib libnativehelper.so 0x0
11-07 19:49:50.365 D/dalvikvm( 1443): Trying to load lib libnativehelper.so 0x0
11-07 19:49:50.365 D/dalvikvm( 1443): Added shared lib libnativehelper.so 0x0
11-07 19:49:50.395 D/dalvikvm( 1420): Trying to load lib libnativehelper.so 0x0
11-07 19:49:50.399 D/dalvikvm( 1420): Added shared lib libnativehelper.so 0x0
11-07 19:49:50.475 I/AudioMixer( 1345): found effect "Multichannel Downmix To
Stereo" from The Android Open Source Project
11-07 19:49:50.475 E/MonoPipe( 1345): Failed to fetch local time frequency when
constructing a MonoPipe (res = -32). getNextWriteTimestamp calls will be non-
functional
11-07 19:49:50.702 D/dalvikvm( 1443): DexOpt: sleeping on flock(/data/dalvik-
cache/system@framework@settings.jar@classes.dex)
11-07 19:49:52.125 I/SamplingProfilerIntegration( 1343): Profiling disabled.
11-07 19:49:52.252 I/Zygote ( 1343): Preloading classes...
11-07 19:49:52.262 D/AndroidRuntime( 1420): Calling main entry
com.android.commands.settings.SettingsCmd
11-07 19:49:52.262 D/dalvikvm( 1420): Note: class
Landroid/app/ActivityManagerNative; has 157 unimplemented (abstract) methods
11-07 19:49:52.295 D/AndroidRuntime( 1420): Shutting down VM
11-07 19:49:52.308 D/AndroidRuntime( 1443): Calling main entry
com.android.commands.settings.SettingsCmd
11-07 19:49:52.335 D/dalvikvm( 1443): Note: class
Landroid/app/ActivityManagerNative; has 157 unimplemented (abstract) methods
11-07 19:49:52.362 D/AndroidRuntime( 1443): Shutting down VM
11-07 19:49:52.368 D/AndroidRuntime( 1427): Calling main entry
com.android.commands.am.Am
11-07 19:49:52.382 D/dalvikvm( 1427): Note: class
Landroid/app/ActivityManagerNative; has 157 unimplemented (abstract) methods
11-07 19:49:52.385 I/AndroidRuntime( 1427): VM exiting with result code 1.
11-07 19:49:52.405 D/dalvikvm( 1343): Note: class
Landroid/app/ActivityManagerNative; has 157 unimplemented (abstract) methods
11-07 19:49:52.452 E/Netd ( 1339): exec() res=768 for /system/bin/ip6tables -t
filter -N fw_INPUT
11-07 19:49:52.562 W/Zygote ( 1343): Class not found for preloading:
android.bluetooth.BluetoothAudioGateway
11-07 19:49:52.562 W/Zygote ( 1343): Class not found for preloading:
android.bluetooth.HeadsetBase
11-07 19:49:52.565 W/Zygote ( 1343): Class not found for preloading:
undroid.content.AbstractThreadedSyncAdapter$SyncThread
11-07 19:49:53.055 E/Netd ( 1339): exec() res=768 for /system/bin/ip6tables -t
filter -A INPUT -j fw_INPUT
11-07 19:49:53.742 D/AndroidRuntime( 1590):
11-07 19:49:53.742 D/AndroidRuntime( 1590): >>>>>> AndroidRuntime START
com.android.internal.os.RuntimeInit <<<<<<
11-07 19:49:53.742 D/AndroidRuntime( 1590): CheckJNI is OFF
11-07 19:49:53.935 D/dalvikvm( 1590): Trying to load lib libjavacore.so 0x0
11-07 19:49:53.955 D/dalvikvm( 1590): Added shared lib libjavacore.so 0x0
11-07 19:49:54.035 D/dalvikvm( 1590): Trying to load lib libnativehelper.so 0x0
11-07 19:49:54.038 D/dalvikvm( 1590): Added shared lib libnativehelper.so 0x0
11-07 19:49:54.375 D/TextLayoutCache( 1343): Using debug level = 0 - Debug Enabled
= 0
11-07 19:49:54.768 I/dalvikvm( 1343): threadid=1: recursive native library load
attempt (/system/lib/libmedia_jni.so)
11-07 19:49:54.768 D/MtpDeviceJNI( 1343): register_android_mtp_MtpDevice
11-07 19:49:54.768 I/dalvikvm( 1343): threadid=1: recursive native library load
attempt (/system/lib/libmedia_jni.so)
11-07 19:49:54.768 I/dalvikvm( 1343): threadid=1: recursive native library load
attempt (/system/lib/libmedia_jni.so)
11-07 19:49:54.885 E/Netd ( 1339): exec() res=768 for /system/bin/ip6tables -t
filter -N oem_fwd
11-07 19:49:55.168 E/Netd ( 1339): exec() res=768 for /system/bin/ip6tables -t
filter -A FORWARD -j oem_fwd
11-07 19:49:55.402 D/AndroidRuntime( 1590): Calling main entry
com.android.commands.am.Am
11-07 19:49:55.402 D/dalvikvm( 1590): Note: class
Landroid/app/ActivityManagerNative; has 157 unimplemented (abstract) methods
11-07 19:49:55.422 I/AndroidRuntime( 1590): VM exiting with result code 1.
11-07 19:49:56.535 D/AndroidRuntime( 1692):
11-07 19:49:56.535 D/AndroidRuntime( 1692): >>>>>> AndroidRuntime START
com.android.internal.os.RuntimeInit <<<<<<
11-07 19:49:56.538 D/AndroidRuntime( 1692): CheckJNI is OFF
11-07 19:49:56.625 W/Zygote ( 1343): Class not found for preloading:
android.server.BluetoothA2dpService
11-07 19:49:56.628 W/Zygote ( 1343): Class not found for preloading:
android.server.BluetoothEventLoop
11-07 19:49:56.628 W/Zygote ( 1343): Class not found for preloading:
android.server.BluetoothService
11-07 19:49:56.642 D/dalvikvm( 1692): Trying to load lib libjavacore.so 0x0
11-07 19:49:56.658 D/dalvikvm( 1692): Added shared lib libjavacore.so 0x0
11-07 19:49:56.665 D/TelephonyManager( 1343): No /proc/cmdline
exception=java.io.FileNotFoundException: /proc/cmdline: open failed: EACCES
(Permission denied)
11-07 19:49:56.665 D/TelephonyManager( 1343): /proc/cmdline=
11-07 19:49:56.762 D/dalvikvm( 1692): Trying to load lib libnativehelper.so 0x0
11-07 19:49:56.762 D/dalvikvm( 1692): Added shared lib libnativehelper.so 0x0
11-07 19:49:56.795 E/Netd ( 1339): exec() res=768 for /system/bin/ip6tables -t
filter -N fw_FORWARD
11-07 19:49:56.895 W/Zygote ( 1343): Class not found for preloading:
android.util.LocaleUtil
11-07 19:49:56.995 W/Zygote ( 1343): Class not found for preloading:
android.view.ViewRootImpl$ResizedInfo
11-07 19:49:57.001 W/Zygote ( 1343): Class not found for preloading:
android.view.Window$LocalWindowManager
11-07 19:49:57.015 W/Zygote ( 1343): Class not found for preloading:
android.view.WindowManagerImpl$CompatModeWrapper
11-07 19:49:57.155 E/Netd ( 1339): exec() res=768 for /system/bin/ip6tables -t
filter -A FORWARD -j fw_FORWARD
11-07 19:49:57.651 D/AndroidRuntime( 1692): Calling main entry
com.android.commands.am.Am
11-07 19:49:57.651 D/dalvikvm( 1692): Note: class
Landroid/app/ActivityManagerNative; has 157 unimplemented (abstract) methods
11-07 19:49:57.661 I/AndroidRuntime( 1692): VM exiting with result code 1.
11-07 19:49:57.725 I/dalvikvm( 1343): threadid=1: recursive native library load
attempt (/system/lib/libwebcore.so)
11-07 19:49:57.731 D/dalvikvm( 1343): No JNI_OnLoad found in
/system/lib/libchromium_net.so 0x0, skipping init
11-07 19:49:58.438 W/Zygote ( 1343): Class not found for preloading:
java.text.DecimalFormat$1
11-07 19:49:58.468 E/Netd ( 1339): exec() res=768 for /system/bin/ip6tables -t
filter -N bw_FORWARD
11-07 19:49:58.475 W/Zygote ( 1343): Class not found for preloading:
java.util.concurrent.FutureTask$Sync
11-07 19:49:58.531 W/Zygote ( 1343): Class not found for preloading:
java.util.concurrent.atomic.UnsafeAccess
11-07 19:49:58.531 W/Zygote ( 1343): Class not found for preloading:
java.util.concurrent.locks.UnsafeAccess
11-07 19:49:58.535 W/Zygote ( 1343): Class not found for preloading:
libcore.icu.ErrorCode
11-07 19:49:58.835 E/Netd ( 1339): exec() res=768 for /system/bin/ip6tables -t
filter -A FORWARD -j bw_FORWARD
11-07 19:49:58.861 D/AndroidRuntime( 1764):
11-07 19:49:58.861 D/AndroidRuntime( 1764): >>>>>> AndroidRuntime START
com.android.internal.os.RuntimeInit <<<<<<
11-07 19:49:58.861 D/AndroidRuntime( 1764): CheckJNI is OFF
11-07 19:49:58.948 D/AndroidRuntime( 1762):
11-07 19:49:58.948 D/AndroidRuntime( 1762): >>>>>> AndroidRuntime START
com.android.internal.os.RuntimeInit <<<<<<
11-07 19:49:58.948 D/AndroidRuntime( 1762): CheckJNI is OFF
11-07 19:49:58.955 I/System ( 1343): Loaded time zone names for in 397ms (397ms
in ICU)
11-07 19:49:59.118 D/dalvikvm( 1764): Trying to load lib libjavacore.so 0x0
11-07 19:49:59.118 D/dalvikvm( 1764): Added shared lib libjavacore.so 0x0
11-07 19:49:59.278 I/System ( 1343): Loaded time zone names for en_US in 323ms
(310ms in ICU)
11-07 19:49:59.291 D/dalvikvm( 1764): Trying to load lib libnativehelper.so 0x0
11-07 19:49:59.291 D/dalvikvm( 1764): Added shared lib libnativehelper.so 0x0
11-07 19:49:59.385 D/dalvikvm( 1762): Trying to load lib libjavacore.so 0x0
11-07 19:49:59.388 D/dalvikvm( 1762): Added shared lib libjavacore.so 0x0
11-07 19:49:59.488 D/dalvikvm( 1762): Trying to load lib libnativehelper.so 0x0
11-07 19:49:59.491 I/System ( 1343): Loaded time zone names for es_US in 213ms
(213ms in ICU)
11-07 19:49:59.491 D/dalvikvm( 1762): Added shared lib libnativehelper.so 0x0
11-07 19:49:59.758 I/Zygote ( 1343): ...preloaded 2541 classes in 7506ms.
11-07 19:49:59.788 I/Zygote ( 1343): Preloading resources...
11-07 19:50:00.361 D/AndroidRuntime( 1764): Calling main entry
com.android.commands.settings.SettingsCmd
11-07 19:50:00.368 D/dalvikvm( 1764): Note: class
Landroid/app/ActivityManagerNative; has 157 unimplemented (abstract) methods
11-07 19:50:00.385 D/AndroidRuntime( 1764): Shutting down VM
11-07 19:50:00.471 D/AndroidRuntime( 1762): Calling main entry
com.android.commands.am.Am
11-07 19:50:00.471 D/dalvikvm( 1762): Note: class
Landroid/app/ActivityManagerNative; has 157 unimplemented (abstract) methods
11-07 19:50:00.511 I/AndroidRuntime( 1762): VM exiting with result code 1.
11-07 19:50:00.941 E/Netd ( 1339): exec() res=768 for /system/bin/ip6tables -t
filter -N natctrl_FORWARD
11-07 19:50:01.288 E/Netd ( 1339): exec() res=768 for /system/bin/ip6tables -t
filter -A FORWARD -j natctrl_FORWARD
11-07 19:50:01.365 D/AndroidRuntime( 1854):
11-07 19:50:01.365 D/AndroidRuntime( 1854): >>>>>> AndroidRuntime START
com.android.internal.os.RuntimeInit <<<<<<
11-07 19:50:01.368 D/AndroidRuntime( 1854): CheckJNI is OFF
11-07 19:50:01.381 I/Zygote ( 1343): ...preloaded 270 resources in 1593ms.
11-07 19:50:01.418 I/Zygote ( 1343): ...preloaded 31 resources in 30ms.
11-07 19:50:01.461 D/dalvikvm( 1854): Trying to load lib libjavacore.so 0x0
11-07 19:50:01.495 D/dalvikvm( 1854): Added shared lib libjavacore.so 0x0
11-07 19:50:01.531 D/dalvikvm( 1854): Trying to load lib libnativehelper.so 0x0
11-07 19:50:01.531 D/dalvikvm( 1854): Added shared lib libnativehelper.so 0x0
11-07 19:50:01.615 I/dalvikvm( 1343): System server process 1875 has been created
11-07 19:50:01.658 I/Zygote ( 1343): Accepting command socket connections
11-07 19:50:02.284 E/BatteryService( 1875): acOnlinePath not found
11-07 19:50:02.284 E/BatteryService( 1875): usbOnlinePath not found
11-07 19:50:02.284 E/BatteryService( 1875): wirelessOnlinePath not found
11-07 19:50:02.284 E/BatteryService( 1875): batteryStatusPath not found
11-07 19:50:02.284 E/BatteryService( 1875): batteryHealthPath not found
11-07 19:50:02.284 E/BatteryService( 1875): batteryPresentPath not found
11-07 19:50:02.284 E/BatteryService( 1875): batteryCapacityPath and
batteryEnergyPaths not found
11-07 19:50:02.284 E/BatteryService( 1875): batteryVoltagePath not found
11-07 19:50:02.284 E/BatteryService( 1875): batteryTemperaturePath not found
11-07 19:50:02.284 E/BatteryService( 1875): batteryTechnologyPath not found
11-07 19:50:02.294 I/BatteryService( 1875): overriding Battery service paths with
fake ones
11-07 19:50:02.304 D/AndroidRuntime( 1854): Calling main entry
com.android.commands.am.Am
11-07 19:50:02.308 D/dalvikvm( 1854): Note: class
Landroid/app/ActivityManagerNative; has 157 unimplemented (abstract) methods
11-07 19:50:02.314 I/AndroidRuntime( 1854): VM exiting with result code 1.
11-07 19:50:02.388 I/sysproc ( 1875): Entered system_init()
11-07 19:50:02.388 I/sysproc ( 1875): ServiceManager: 0xb8a14a68
11-07 19:50:02.398 D/SensorService( 1875): nuSensorService starting...
11-07 19:50:02.574 E/Netd ( 1339): exec() res=768 for /system/bin/ip6tables -t
filter -N oem_out
11-07 19:50:02.691 D/Sensors ( 1875): Initialization...
11-07 19:50:02.701 I/Sensors ( 1875): setActive() with handle = 0, enabled = 0
11-07 19:50:02.701 I/Sensors ( 1875): setActive() with handle = 7, enabled = 0
11-07 19:50:02.701 I/Sensors ( 1875): setActive() with handle = 1, enabled = 0
11-07 19:50:02.701 I/SensorService( 1875): Acceleration sensor
11-07 19:50:02.701 I/SensorService( 1875): Gyroscope
11-07 19:50:02.701 I/SensorService( 1875): Compass
11-07 19:50:02.708 I/sysproc ( 1875): System server: starting Android runtime.
11-07 19:50:02.708 I/sysproc ( 1875): System server: starting Android services.
11-07 19:50:02.708 I/SystemServer( 1875): Entered the Android system server!
11-07 19:50:02.718 I/sysproc ( 1875): System server: entering thread pool.
11-07 19:50:02.718 D/SensorService( 1875): nuSensorService thread starting...
11-07 19:50:02.741 I/SystemServer( 1875): Waiting for installd to be ready.
11-07 19:50:02.798 I/Installer( 1875): connecting...
11-07 19:50:02.801 I/installd( 1347): new connection
11-07 19:50:02.801 I/SystemServer( 1875): Entropy Mixer
11-07 19:50:02.848 I/SystemServer( 1875): Power Manager
11-07 19:50:02.868 E/Netd ( 1339): exec() res=768 for /system/bin/ip6tables -t
filter -A OUTPUT -j oem_out
11-07 19:50:02.894 I/SystemServer( 1875): Activity Manager
11-07 19:50:02.941 I/ActivityManager( 1875): Memory class: 256
11-07 19:50:03.104 W/BatteryStatsImpl( 1875): Couldn't get kernel wake lock stats
11-07 19:50:03.451 I/SystemServer( 1875): Display Manager
11-07 19:50:03.468 I/SystemServer( 1875): Telephony Registry
11-07 19:50:03.474 I/SystemServer( 1875): Scheduling Policy
11-07 19:50:03.524 I/AudioFlinger( 1345): Using module 1 has the primary audio
interface
11-07 19:50:03.524 I/AudioFlinger( 1345): AudioFlinger's thread 0xb85db878 ready to
run
11-07 19:50:03.554 I/AudioPolicyService( 1345): Loaded audio policy from LEGACY
Audio Policy HAL (audio_policy)
11-07 19:50:03.574 D/AndroidRuntime( 1924):
11-07 19:50:03.574 D/AndroidRuntime( 1924): >>>>>> AndroidRuntime START
com.android.internal.os.RuntimeInit <<<<<<
11-07 19:50:03.584 D/AndroidRuntime( 1924): CheckJNI is OFF
11-07 19:50:03.598 I/DisplayManagerService( 1875): Display device added:
DisplayDeviceInfo{"Pantalla integrada": 1280 x 800, 60.000004 fps, density 160,
160.0 x 160.0 dpi, touch INTERNAL, FLAG_DEFAULT_DISPLAY, FLAG_ROTATES_WITH_CONTENT,
FLAG_SECURE, FLAG_SUPPORTS_PROTECTED_BUFFERS, rotation 0, type BUILT_IN, address
null}
11-07 19:50:03.601 I/SystemServer( 1875): Package Manager
11-07 19:50:03.931 D/dalvikvm( 1924): Trying to load lib libjavacore.so 0x0
11-07 19:50:03.958 D/dalvikvm( 1924): Added shared lib libjavacore.so 0x0
11-07 19:50:04.041 D/dalvikvm( 1924): Trying to load lib libnativehelper.so 0x0
11-07 19:50:04.044 D/dalvikvm( 1924): Added shared lib libnativehelper.so 0x0
11-07 19:50:04.378 I/NativeHelper( 1875): <app arch=armeabi-v7a>
11-07 19:50:04.378 I/NativeHelper( 1875): </app>
11-07 19:50:04.381 I/NativeHelper( 1875):
id=com.dena.west.TransformersBattleTactics filter=ABI2_ONLY ignore=[]
11-07 19:50:04.381 I/NativeHelper( 1875): <app arch=null>
11-07 19:50:04.381 I/NativeHelper( 1875): <ignore lib=libconceal.so>
11-07 19:50:04.381 I/NativeHelper( 1875): </ignore>
11-07 19:50:04.381 I/NativeHelper( 1875): </app>
11-07 19:50:04.381 I/NativeHelper( 1875): id=com.snapchat.android
filter=ABI_AND_ABI2 ignore=[libconceal.so]
11-07 19:50:04.381 I/NativeHelper( 1875): <app arch=null>
11-07 19:50:04.381 I/NativeHelper( 1875): <ignore
lib=libs3eAndroidGooglePlayBilling_ext.so>
