03-10 14:02:31.514 4321 4546 I GAME : Month number is out of range 1..12
03-10 14:02:31.514 4321 4546 I GAME : Day of month value is out of range 1..31
03-10 14:02:31.555 4321 4546 I GAME : Year is out of valid range: 1400..10000
03-10 14:02:31.556 4321 4546 I GAME : Month number is out of range 1..12
03-10 14:02:31.556 4321 4546 I GAME : Day of month value is out of range 1..31
03-10 14:02:31.595 4321 4546 I GAME : Year is out of valid range: 1400..10000
03-10 14:02:31.595 4321 4546 I GAME : Month number is out of range 1..12
03-10 14:02:31.595 4321 4546 I GAME : Day of month value is out of range 1..31
03-10 14:02:31.634 4321 4546 I GAME : Year is out of valid range: 1400..10000
03-10 14:02:31.634 4321 4546 I GAME : Month number is out of range 1..12
03-10 14:02:31.634 4321 4546 I GAME : Day of month value is out of range 1..31
03-10 14:02:31.676 4321 4546 I GAME : Year is out of valid range: 1400..10000
03-10 14:02:31.676 4321 4546 I GAME : Month number is out of range 1..12
03-10 14:02:31.676 4321 4546 I GAME : Day of month value is out of range 1..31
03-10 14:02:31.707 4321 4321 W Thread-33857: type=1400 audit(0.0:44675): avc:
denied { accept } for scontext=u:r:untrusted_app:s0:c512,c768
tcontext=u:r:surfaceflinger:s0 tclass=unix_stream_socket permissive=0
03-10 14:02:31.715 4321 4546 I GAME : Year is out of valid range: 1400..10000
03-10 14:02:31.715 4321 4546 I GAME : Month number is out of range 1..12
03-10 14:02:31.715 4321 4546 I GAME : Day of month value is out of range 1..31
03-10 14:02:31.747 4321 4321 W Thread-33865: type=1400 audit(0.0:44677): avc:
denied { accept } for scontext=u:r:untrusted_app:s0:c512,c768
tcontext=u:r:surfaceflinger:s0 tclass=unix_stream_socket permissive=0
03-10 14:02:31.754 4321 4546 I GAME : Year is out of valid range: 1400..10000
03-10 14:02:31.754 4321 4546 I GAME : Month number is out of range 1..12
03-10 14:02:31.754 4321 4546 I GAME : Day of month value is out of range 1..31
03-10 14:02:31.787 4321 4321 W Thread-33873: type=1400 audit(0.0:44678): avc:
denied { accept } for scontext=u:r:untrusted_app:s0:c512,c768
tcontext=u:r:surfaceflinger:s0 tclass=unix_stream_socket permissive=0
03-10 14:02:31.796 4321 4546 I GAME : Year is out of valid range: 1400..10000
03-10 14:02:31.796 4321 4546 I GAME : Month number is out of range 1..12
03-10 14:02:31.796 4321 4546 I GAME : Day of month value is out of range 1..31
03-10 14:02:31.827 4321 4321 W Thread-33881: type=1400 audit(0.0:44679): avc:
denied { accept } for scontext=u:r:untrusted_app:s0:c512,c768
tcontext=u:r:surfaceflinger:s0 tclass=unix_stream_socket permissive=0
03-10 14:02:31.835 4321 4546 I GAME : Year is out of valid range: 1400..10000
03-10 14:02:31.835 4321 4546 I GAME : Month number is out of range 1..12
03-10 14:02:31.835 4321 4546 I GAME : Day of month value is out of range 1..31
03-10 14:02:31.874 4321 4546 I GAME : Year is out of valid range: 1400..10000
03-10 14:02:31.874 4321 4546 I GAME : Month number is out of range 1..12
03-10 14:02:31.874 4321 4546 I GAME : Day of month value is out of range 1..31
03-10 14:02:31.917 4321 4546 I GAME : Year is out of valid range: 1400..10000
03-10 14:02:31.917 4321 4546 I GAME : Month number is out of range 1..12
03-10 14:02:31.917 4321 4546 I GAME : Day of month value is out of range 1..31
03-10 14:02:31.955 4321 4546 I GAME : Year is out of valid range: 1400..10000
03-10 14:02:31.955 4321 4546 I GAME : Month number is out of range 1..12
03-10 14:02:31.956 4321 4546 I GAME : Day of month value is out of range 1..31
03-10 14:02:31.997 4321 4546 I GAME : Year is out of valid range: 1400..10000
03-10 14:02:31.997 4321 4546 I GAME : Month number is out of range 1..12
03-10 14:02:31.997 4321 4546 I GAME : Day of month value is out of range 1..31
03-10 14:02:32.035 4321 4546 I GAME : Year is out of valid range: 1400..10000
03-10 14:02:32.035 4321 4546 I GAME : Month number is out of range 1..12
03-10 14:02:32.035 4321 4546 I GAME : Day of month value is out of range 1..31
03-10 14:02:32.076 4321 4546 I GAME : Year is out of valid range: 1400..10000
03-10 14:02:32.076 4321 4546 I GAME : Month number is out of range 1..12
03-10 14:02:32.076 4321 4546 I GAME : Day of month value is out of range 1..31
03-10 14:02:32.116 4321 4546 I GAME : Year is out of valid range: 1400..10000
03-10 14:02:32.116 4321 4546 I GAME : Month number is out of range 1..12
03-10 14:02:32.116 4321 4546 I GAME : Day of month value is out of range 1..31
03-10 14:02:32.157 4321 4546 I GAME : Year is out of valid range: 1400..10000
03-10 14:02:32.158 4321 4546 I GAME : Month number is out of range 1..12
03-10 14:02:32.158 4321 4546 I GAME : Day of month value is out of range 1..31
03-10 14:02:32.197 4321 4546 I GAME : Year is out of valid range: 1400..10000
03-10 14:02:32.197 4321 4546 I GAME : Month number is out of range 1..12
03-10 14:02:32.197 4321 4546 I GAME : Day of month value is out of range 1..31
03-10 14:02:32.237 4321 4546 I GAME : Year is out of valid range: 1400..10000
03-10 14:02:32.237 4321 4546 I GAME : Month number is out of range 1..12
03-10 14:02:32.237 4321 4546 I GAME : Day of month value is out of range 1..31
03-10 14:02:32.277 4321 4546 I GAME : Year is out of valid range: 1400..10000
03-10 14:02:32.277 4321 4546 I GAME : Month number is out of range 1..12
03-10 14:02:32.277 4321 4546 I GAME : Day of month value is out of range 1..31
03-10 14:02:32.317 4321 4546 I GAME : Year is out of valid range: 1400..10000
03-10 14:02:32.317 4321 4546 I GAME : Month number is out of range 1..12
03-10 14:02:32.317 4321 4546 I GAME : Day of month value is out of range 1..31
03-10 14:02:32.359 4321 4546 I GAME : Year is out of valid range: 1400..10000
03-10 14:02:32.360 4321 4546 I GAME : Month number is out of range 1..12
03-10 14:02:32.360 4321 4546 I GAME : Day of month value is out of range 1..31
03-10 14:02:32.397 4321 4546 I GAME : Year is out of valid range: 1400..10000
03-10 14:02:32.397 4321 4546 I GAME : Month number is out of range 1..12
03-10 14:02:32.397 4321 4546 I GAME : Day of month value is out of range 1..31
03-10 14:02:32.438 4321 4546 I GAME : Year is out of valid range: 1400..10000
03-10 14:02:32.438 4321 4546 I GAME : Month number is out of range 1..12
03-10 14:02:32.438 4321 4546 I GAME : Day of month value is out of range 1..31
03-10 14:02:32.478 4321 4546 I GAME : Year is out of valid range: 1400..10000
03-10 14:02:32.478 4321 4546 I GAME : Month number is out of range 1..12
03-10 14:02:32.478 4321 4546 I GAME : Day of month value is out of range 1..31
03-10 14:02:32.517 4321 4546 I GAME : Year is out of valid range: 1400..10000
03-10 14:02:32.517 4321 4546 I GAME : Month number is out of range 1..12
03-10 14:02:32.517 4321 4546 I GAME : Day of month value is out of range 1..31
03-10 14:02:32.557 4321 4546 I GAME : Year is out of valid range: 1400..10000
03-10 14:02:32.557 4321 4546 I GAME : Month number is out of range 1..12
03-10 14:02:32.557 4321 4546 I GAME : Day of month value is out of range 1..31
03-10 14:02:32.595 4321 4546 I GAME : cleanup sound: 'm_bgm_electro_01.ogg'
03-10 14:02:32.595 4321 4546 I GAME : cleanup sound: 'sfx_finish_line.ogg'
03-10 14:02:32.599 4321 4546 I GAME : Year is out of valid range: 1400..10000
03-10 14:02:32.599 4321 4546 I GAME : Month number is out of range 1..12
03-10 14:02:32.599 4321 4546 I GAME : Day of month value is out of range 1..31
03-10 14:02:32.637 4321 4546 I GAME : Year is out of valid range: 1400..10000
03-10 14:02:32.637 4321 4546 I GAME : Month number is out of range 1..12
03-10 14:02:32.637 4321 4546 I GAME : Day of month value is out of range 1..31
03-10 14:02:32.676 4321 4546 I GAME : Year is out of valid range: 1400..10000
03-10 14:02:32.676 4321 4546 I GAME : Month number is out of range 1..12
03-10 14:02:32.676 4321 4546 I GAME : Day of month value is out of range 1..31
03-10 14:02:32.710 4321 4321 W Thread-34057: type=1400 audit(0.0:44708): avc:
denied { accept } for scontext=u:r:untrusted_app:s0:c512,c768
tcontext=u:r:surfaceflinger:s0 tclass=unix_stream_socket permissive=0
03-10 14:02:32.718 4321 4546 I GAME : Year is out of valid range: 1400..10000
03-10 14:02:32.718 4321 4546 I GAME : Month number is out of range 1..12
03-10 14:02:32.718 4321 4546 I GAME : Day of month value is out of range 1..31
03-10 14:02:32.750 4321 4321 W Thread-34065: type=1400 audit(0.0:44710): avc:
denied { accept } for scontext=u:r:untrusted_app:s0:c512,c768
tcontext=u:r:surfaceflinger:s0 tclass=unix_stream_socket permissive=0
03-10 14:02:32.759 4321 4546 I GAME : Year is out of valid range: 1400..10000
03-10 14:02:32.759 4321 4546 I GAME : Month number is out of range 1..12
03-10 14:02:32.759 4321 4546 I GAME : Day of month value is out of range 1..31
03-10 14:02:32.790 4321 4321 W Thread-34073: type=1400 audit(0.0:44711): avc:
denied { accept } for scontext=u:r:untrusted_app:s0:c512,c768
tcontext=u:r:surfaceflinger:s0 tclass=unix_stream_socket permissive=0
03-10 14:02:32.798 4321 4546 I GAME : Year is out of valid range: 1400..10000
03-10 14:02:32.798 4321 4546 I GAME : Month number is out of range 1..12
03-10 14:02:32.798 4321 4546 I GAME : Day of month value is out of range 1..31
03-10 14:02:32.830 4321 4321 W Thread-34081: type=1400 audit(0.0:44712): avc:
denied { accept } for scontext=u:r:untrusted_app:s0:c512,c768
tcontext=u:r:surfaceflinger:s0 tclass=unix_stream_socket permissive=0
03-10 14:02:32.841 4321 4546 I GAME : Year is out of valid range: 1400..10000
03-10 14:02:32.841 4321 4546 I GAME : Month number is out of range 1..12
03-10 14:02:32.841 4321 4546 I GAME : Day of month value is out of range 1..31
03-10 14:02:32.879 4321 4546 I GAME : Year is out of valid range: 1400..10000
03-10 14:02:32.879 4321 4546 I GAME : Month number is out of range 1..12
03-10 14:02:32.879 4321 4546 I GAME : Day of month value is out of range 1..31
03-10 14:02:32.920 4321 4546 I GAME : Year is out of valid range: 1400..10000
03-10 14:02:32.920 4321 4546 I GAME : Month number is out of range 1..12
03-10 14:02:32.920 4321 4546 I GAME : Day of month value is out of range 1..31
03-10 14:02:32.960 4321 4546 I GAME : Year is out of valid range: 1400..10000
03-10 14:02:32.961 4321 4546 I GAME : Month number is out of range 1..12
03-10 14:02:32.961 4321 4546 I GAME : Day of month value is out of range 1..31
03-10 14:02:33.005 4321 4546 I GAME : Year is out of valid range: 1400..10000
03-10 14:02:33.006 4321 4546 I GAME : Month number is out of range 1..12
03-10 14:02:33.006 4321 4546 I GAME : Day of month value is out of range 1..31
03-10 14:02:33.040 4321 4546 I GAME : Year is out of valid range: 1400..10000
03-10 14:02:33.041 4321 4546 I GAME : Month number is out of range 1..12
03-10 14:02:33.041 4321 4546 I GAME : Day of month value is out of range 1..31
03-10 14:02:33.081 4321 4546 I GAME : Year is out of valid range: 1400..10000
03-10 14:02:33.082 4321 4546 I GAME : Month number is out of range 1..12
03-10 14:02:33.082 4321 4546 I GAME : Day of month value is out of range 1..31
03-10 14:02:33.120 4321 4546 I GAME : Year is out of valid range: 1400..10000
03-10 14:02:33.120 4321 4546 I GAME : Month number is out of range 1..12
03-10 14:02:33.120 4321 4546 I GAME : Day of month value is out of range 1..31
03-10 14:02:33.163 4321 4546 I GAME : Year is out of valid range: 1400..10000
03-10 14:02:33.163 4321 4546 I GAME : Month number is out of range 1..12
03-10 14:02:33.163 4321 4546 I GAME : Day of month value is out of range 1..31
03-10 14:02:33.202 4321 4546 I GAME : Year is out of valid range: 1400..10000
03-10 14:02:33.202 4321 4546 I GAME : Month number is out of range 1..12
03-10 14:02:33.202 4321 4546 I GAME : Day of month value is out of range 1..31
03-10 14:02:33.240 4321 4546 I GAME : Year is out of valid range: 1400..10000
03-10 14:02:33.240 4321 4546 I GAME : Month number is out of range 1..12
03-10 14:02:33.240 4321 4546 I GAME : Day of month value is out of range 1..31
03-10 14:02:33.280 4321 4546 I GAME : Year is out of valid range: 1400..10000
03-10 14:02:33.280 4321 4546 I GAME : Month number is out of range 1..12
03-10 14:02:33.280 4321 4546 I GAME : Day of month value is out of range 1..31
03-10 14:02:33.320 4321 4546 I GAME : Year is out of valid range: 1400..10000
03-10 14:02:33.320 4321 4546 I GAME : Month number is out of range 1..12
03-10 14:02:33.320 4321 4546 I GAME : Day of month value is out of range 1..31
03-10 14:02:33.359 4321 4546 I GAME : Year is out of valid range: 1400..10000
03-10 14:02:33.360 4321 4546 I GAME : Month number is out of range 1..12
03-10 14:02:33.360 4321 4546 I GAME : Day of month value is out of range 1..31
03-10 14:02:33.403 4321 4546 I GAME : Year is out of valid range: 1400..10000
03-10 14:02:33.403 4321 4546 I GAME : Month number is out of range 1..12
03-10 14:02:33.403 4321 4546 I GAME : Day of month value is out of range 1..31
03-10 14:02:33.438 4321 4546 I GAME : Year is out of valid range: 1400..10000
03-10 14:02:33.438 4321 4546 I GAME : Month number is out of range 1..12
03-10 14:02:33.438 4321 4546 I GAME : Day of month value is out of range 1..31
03-10 14:02:33.481 4321 4546 I GAME : Year is out of valid range: 1400..10000
03-10 14:02:33.481 4321 4546 I GAME : Month number is out of range 1..12
03-10 14:02:33.481 4321 4546 I GAME : Day of month value is out of range 1..31
03-10 14:02:33.523 4321 4546 I GAME : Year is out of valid range: 1400..10000
03-10 14:02:33.523 4321 4546 I GAME : Month number is out of range 1..12
03-10 14:02:33.523 4321 4546 I GAME : Day of month value is out of range 1..31
03-10 14:02:33.560 4321 4546 I GAME : Year is out of valid range: 1400..10000
03-10 14:02:33.560 4321 4546 I GAME : Month number is out of range 1..12
03-10 14:02:33.560 4321 4546 I GAME : Day of month value is out of range 1..31
03-10 14:02:33.601 4321 4546 I GAME : Year is out of valid range: 1400..10000
03-10 14:02:33.601 4321 4546 I GAME : Month number is out of range 1..12
03-10 14:02:33.601 4321 4546 I GAME : Day of month value is out of range 1..31
03-10 14:02:33.642 4321 4546 I GAME : Year is out of valid range: 1400..10000
03-10 14:02:33.642 4321 4546 I GAME : Month number is out of range 1..12
03-10 14:02:33.642 4321 4546 I GAME : Day of month value is out of range 1..31
03-10 14:02:33.683 4321 4546 I GAME : Year is out of valid range: 1400..10000
03-10 14:02:33.683 4321 4546 I GAME : Month number is out of range 1..12
03-10 14:02:33.683 4321 4546 I GAME : Day of month value is out of range 1..31
03-10 14:02:33.714 4321 4321 W Thread-34257: type=1400 audit(0.0:44741): avc:
denied { accept } for scontext=u:r:untrusted_app:s0:c512,c768
tcontext=u:r:surfaceflinger:s0 tclass=unix_stream_socket permissive=0
03-10 14:02:33.722 4321 4546 I GAME : Year is out of valid range: 1400..10000
03-10 14:02:33.722 4321 4546 I GAME : Month number is out of range 1..12
03-10 14:02:33.722 4321 4546 I GAME : Day of month value is out of range 1..31
03-10 14:02:33.754 4321 4321 W Thread-34265: type=1400 audit(0.0:44742): avc:
denied { accept } for scontext=u:r:untrusted_app:s0:c512,c768
tcontext=u:r:surfaceflinger:s0 tclass=unix_stream_socket permissive=0
03-10 14:02:33.763 4321 4546 I GAME : Year is out of valid range: 1400..10000
03-10 14:02:33.763 4321 4546 I GAME : Month number is out of range 1..12
03-10 14:02:33.763 4321 4546 I GAME : Day of month value is out of range 1..31
03-10 14:02:33.794 4321 4321 W Thread-34273: type=1400 audit(0.0:44743): avc:
denied { accept } for scontext=u:r:untrusted_app:s0:c512,c768
tcontext=u:r:surfaceflinger:s0 tclass=unix_stream_socket permissive=0
03-10 14:02:33.802 4321 4546 I GAME : Year is out of valid range: 1400..10000
03-10 14:02:33.802 4321 4546 I GAME : Month number is out of range 1..12
03-10 14:02:33.802 4321 4546 I GAME : Day of month value is out of range 1..31
03-10 14:02:33.834 4321 4321 W Thread-34281: type=1400 audit(0.0:44744): avc:
denied { accept } for scontext=u:r:untrusted_app:s0:c512,c768
tcontext=u:r:surfaceflinger:s0 tclass=unix_stream_socket permissive=0
03-10 14:02:33.842 4321 4546 I GAME : Year is out of valid range: 1400..10000
03-10 14:02:33.842 4321 4546 I GAME : Month number is out of range 1..12
03-10 14:02:33.842 4321 4546 I GAME : Day of month value is out of range 1..31
03-10 14:02:33.874 4321 4321 W Thread-34289: type=1400 audit(0.0:44745): avc:
denied { accept } for scontext=u:r:untrusted_app:s0:c512,c768
tcontext=u:r:surfaceflinger:s0 tclass=unix_stream_socket permissive=0
03-10 14:02:33.882 4321 4546 I GAME : Year is out of valid range: 1400..10000
03-10 14:02:33.883 4321 4546 I GAME : Month number is out of range 1..12
03-10 14:02:33.883 4321 4546 I GAME : Day of month value is out of range 1..31
03-10 14:02:33.922 4321 4546 I GAME : Year is out of valid range: 1400..10000
03-10 14:02:33.923 4321 4546 I GAME : Month number is out of range 1..12
03-10 14:02:33.923 4321 4546 I GAME : Day of month value is out of range 1..31
03-10 14:02:33.962 4321 4546 I GAME : Year is out of valid range: 1400..10000
03-10 14:02:33.962 4321 4546 I GAME : Month number is out of range 1..12
03-10 14:02:33.962 4321 4546 I GAME : Day of month value is out of range 1..31
03-10 14:02:34.003 4321 4546 I GAME : Year is out of valid range: 1400..10000
03-10 14:02:34.003 4321 4546 I GAME : Month number is out of range 1..12
03-10 14:02:34.003 4321 4546 I GAME : Day of month value is out of range 1..31
03-10 14:02:34.042 4321 4546 I GAME : Year is out of valid range: 1400..10000
03-10 14:02:34.042 4321 4546 I GAME : Month number is out of range 1..12
03-10 14:02:34.042 4321 4546 I GAME : Day of month value is out of range 1..31
03-10 14:02:34.083 4321 4546 I GAME : Year is out of valid range: 1400..10000
03-10 14:02:34.083 4321 4546 I GAME : Month number is out of range 1..12
03-10 14:02:34.083 4321 4546 I GAME : Day of month value is out of range 1..31
03-10 14:02:34.123 4321 4546 I GAME : Year is out of valid range: 1400..10000
03-10 14:02:34.123 4321 4546 I GAME : Month number is out of range 1..12
03-10 14:02:34.123 4321 4546 I GAME : Day of month value is out of range 1..31
03-10 14:02:34.162 4321 4546 I GAME : Year is out of valid range: 1400..10000
03-10 14:02:34.162 4321 4546 I GAME : Month number is out of range 1..12
03-10 14:02:34.162 4321 4546 I GAME : Day of month value is out of range 1..31
03-10 14:02:34.203 4321 4546 I GAME : Year is out of valid range: 1400..10000
03-10 14:02:34.203 4321 4546 I GAME : Month number is out of range 1..12
03-10 14:02:34.203 4321 4546 I GAME : Day of month value is out of range 1..31
03-10 14:02:34.244 4321 4546 I GAME : Year is out of valid range: 1400..10000
03-10 14:02:34.244 4321 4546 I GAME : Month number is out of range 1..12
03-10 14:02:34.244 4321 4546 I GAME : Day of month value is out of range 1..31
03-10 14:02:34.284 4321 4546 I GAME : Year is out of valid range: 1400..10000
03-10 14:02:34.284 4321 4546 I GAME : Month number is out of range 1..12
03-10 14:02:34.284 4321 4546 I GAME : Day of month value is out of range 1..31
03-10 14:02:34.324 4321 4546 I GAME : Year is out of valid range: 1400..10000
03-10 14:02:34.324 4321 4546 I GAME : Month number is out of range 1..12
03-10 14:02:34.324 4321 4546 I GAME : Day of month value is out of range 1..31
03-10 14:02:34.364 4321 4546 I GAME : Year is out of valid range: 1400..10000
03-10 14:02:34.364 4321 4546 I GAME : Month number is out of range 1..12
03-10 14:02:34.364 4321 4546 I GAME : Day of month value is out of range 1..31
03-10 14:02:34.409 4321 4546 I GAME : Year is out of valid range: 1400..10000
03-10 14:02:34.409 4321 4546 I GAME : Month number is out of range 1..12
03-10 14:02:34.409 4321 4546 I GAME : Day of month value is out of range 1..31
03-10 14:02:34.449 4321 4546 I GAME : Year is out of valid range: 1400..10000
03-10 14:02:34.449 4321 4546 I GAME : Month number is out of range 1..12
03-10 14:02:34.449 4321 4546 I GAME : Day of month value is out of range 1..31
03-10 14:02:34.496 4321 4546 I GAME : Year is out of valid range: 1400..10000
03-10 14:02:34.496 4321 4546 I GAME : Month number is out of range 1..12
03-10 14:02:34.496 4321 4546 I GAME : Day of month value is out of range 1..31
03-10 14:02:34.532 4321 4546 I GAME : Year is out of valid range: 1400..10000
03-10 14:02:34.532 4321 4546 I GAME : Month number is out of range 1..12
03-10 14:02:34.532 4321 4546 I GAME : Day of month value is out of range 1..31
03-10 14:02:34.568 4321 4546 I GAME : GS_Career::OnNextPageButtonReleased()::
ScrollToPage = 1
03-10 14:02:34.622 4321 4546 I GAME : Year is out of valid range: 1400..10000
03-10 14:02:34.622 4321 4546 I GAME : Month number is out of range 1..12
03-10 14:02:34.622 4321 4546 I GAME : Day of month value is out of range 1..31
03-10 14:02:34.656 4321 4546 I GAME : Year is out of valid range: 1400..10000
03-10 14:02:34.656 4321 4546 I GAME : Month number is out of range 1..12
03-10 14:02:34.656 4321 4546 I GAME : Day of month value is out of range 1..31
03-10 14:02:34.690 4321 4546 I GAME : GS_Career::OnUpdate()::
m_currentPageIndex = 0 & m_uiSeasons->GetCurrentPage() = 1
03-10 14:02:34.690 4321 4546 I GAME : Loading sound 'sfx_menu_click.mpc'
03-10 14:02:34.697 4321 4546 I GAME : Year is out of valid range: 1400..10000
03-10 14:02:34.697 4321 4546 I GAME : Month number is out of range 1..12
03-10 14:02:34.697 4321 4546 I GAME : Day of month value is out of range 1..31
03-10 14:02:34.727 4321 4321 W Thread-34449: type=1400 audit(0.0:44773): avc:
denied { accept } for scontext=u:r:untrusted_app:s0:c512,c768
tcontext=u:r:surfaceflinger:s0 tclass=unix_stream_socket permissive=0
03-10 14:02:34.736 4321 4546 I GAME : Year is out of valid range: 1400..10000
03-10 14:02:34.736 4321 4546 I GAME : Month number is out of range 1..12
03-10 14:02:34.736 4321 4546 I GAME : Day of month value is out of range 1..31
03-10 14:02:34.767 4321 4321 W Thread-34457: type=1400 audit(0.0:44774): avc:
denied { accept } for scontext=u:r:untrusted_app:s0:c512,c768
tcontext=u:r:surfaceflinger:s0 tclass=unix_stream_socket permissive=0
03-10 14:02:34.774 4321 4546 I GAME : Year is out of valid range: 1400..10000
03-10 14:02:34.775 4321 4546 I GAME : Month number is out of range 1..12
03-10 14:02:34.775 4321 4546 I GAME : Day of month value is out of range 1..31
03-10 14:02:34.807 4321 4321 W Thread-34465: type=1400 audit(0.0:44775): avc:
denied { accept } for scontext=u:r:untrusted_app:s0:c512,c768
tcontext=u:r:surfaceflinger:s0 tclass=unix_stream_socket permissive=0
03-10 14:02:34.816 4321 4546 I GAME : Year is out of valid range: 1400..10000
03-10 14:02:34.816 4321 4546 I GAME : Month number is out of range 1..12
03-10 14:02:34.816 4321 4546 I GAME : Day of month value is out of range 1..31
03-10 14:02:34.847 4321 4321 W Thread-34473: type=1400 audit(0.0:44777): avc:
denied { accept } for scontext=u:r:untrusted_app:s0:c512,c768
tcontext=u:r:surfaceflinger:s0 tclass=unix_stream_socket permissive=0
03-10 14:02:34.855 4321 4546 I GAME : Year is out of valid range: 1400..10000
03-10 14:02:34.855 4321 4546 I GAME : Month number is out of range 1..12
03-10 14:02:34.855 4321 4546 I GAME : Day of month value is out of range 1..31
03-10 14:02:34.895 4321 4546 I GAME : Year is out of valid range: 1400..10000
03-10 14:02:34.895 4321 4546 I GAME : Month number is out of range 1..12
03-10 14:02:34.895 4321 4546 I GAME : Day of month value is out of range 1..31
03-10 14:02:34.935 4321 4546 I GAME : Year is out of valid range: 1400..10000
03-10 14:02:34.935 4321 4546 I GAME : Month number is out of range 1..12
03-10 14:02:34.935 4321 4546 I GAME : Day of month value is out of range 1..31
03-10 14:02:34.976 4321 4546 I GAME : Year is out of valid range: 1400..10000
03-10 14:02:34.976 4321 4546 I GAME : Month number is out of range 1..12
03-10 14:02:34.976 4321 4546 I GAME : Day of month value is out of range 1..31
03-10 14:02:35.014 4321 4546 I GAME : Year is out of valid range: 1400..10000
03-10 14:02:35.014 4321 4546 I GAME : Month number is out of range 1..12
03-10 14:02:35.014 4321 4546 I GAME : Day of month value is out of range 1..31
03-10 14:02:35.056 4321 4546 I GAME : Year is out of valid range: 1400..10000
03-10 14:02:35.056 4321 4546 I GAME : Month number is out of range 1..12
03-10 14:02:35.056 4321 4546 I GAME : Day of month value is out of range 1..31
03-10 14:02:35.094 4321 4546 I GAME : Year is out of valid range: 1400..10000
03-10 14:02:35.094 4321 4546 I GAME : Month number is out of range 1..12
03-10 14:02:35.094 4321 4546 I GAME : Day of month value is out of range 1..31
03-10 14:02:35.135 4321 4546 I GAME : Year is out of valid range: 1400..10000
03-10 14:02:35.135 4321 4546 I GAME : Month number is out of range 1..12
03-10 14:02:35.135 4321 4546 I GAME : Day of month value is out of range 1..31
03-10 14:02:35.180 4321 4546 I GAME : Year is out of valid range: 1400..10000
03-10 14:02:35.180 4321 4546 I GAME : Month number is out of range 1..12
03-10 14:02:35.180 4321 4546 I GAME : Day of month value is out of range 1..31
03-10 14:02:35.214 4321 4546 I GAME : Year is out of valid range: 1400..10000
03-10 14:02:35.214 4321 4546 I GAME : Month number is out of range 1..12
03-10 14:02:35.214 4321 4546 I GAME : Day of month value is out of range 1..31
03-10 14:02:35.254 4321 4546 I GAME : Year is out of valid range: 1400..10000
03-10 14:02:35.254 4321 4546 I GAME : Month number is out of range 1..12
03-10 14:02:35.254 4321 4546 I GAME : Day of month value is out of range 1..31
03-10 14:02:35.294 4321 4546 I GAME : Year is out of valid range: 1400..10000
03-10 14:02:35.294 4321 4546 I GAME : Month number is out of range 1..12
03-10 14:02:35.294 4321 4546 I GAME : Day of month value is out of range 1..31
03-10 14:02:35.333 4321 4546 I GAME : Year is out of valid range: 1400..10000
03-10 14:02:35.333 4321 4546 I GAME : Month number is out of range 1..12
03-10 14:02:35.333 4321 4546 I GAME : Day of month value is out of range 1..31
03-10 14:02:35.378 4321 4546 I GAME : Year is out of valid range: 1400..10000
03-10 14:02:35.378 4321 4546 I GAME : Month number is out of range 1..12
03-10 14:02:35.378 4321 4546 I GAME : Day of month value is out of range 1..31
03-10 14:02:35.416 4321 4546 I GAME : Year is out of valid range: 1400..10000
03-10 14:02:35.417 4321 4546 I GAME : Month number is out of range 1..12
03-10 14:02:35.417 4321 4546 I GAME : Day of month value is out of range 1..31
03-10 14:02:35.457 4321 4546 I GAME : Year is out of valid range: 1400..10000
03-10 14:02:35.458 4321 4546 I GAME : Month number is out of range 1..12
03-10 14:02:35.458 4321 4546 I GAME : Day of month value is out of range 1..31
03-10 14:02:35.496 4321 4546 I GAME : Year is out of valid range: 1400..10000
03-10 14:02:35.496 4321 4546 I GAME : Month number is out of range 1..12
03-10 14:02:35.496 4321 4546 I GAME : Day of month value is out of range 1..31
03-10 14:02:35.536 4321 4546 I GAME : Year is out of valid range: 1400..10000
03-10 14:02:35.536 4321 4546 I GAME : Month number is out of range 1..12
03-10 14:02:35.536 4321 4546 I GAME : Day of month value is out of range 1..31
03-10 14:02:35.577 4321 4546 I GAME : Year is out of valid range: 1400..10000
03-10 14:02:35.577 4321 4546 I GAME : Month number is out of range 1..12
03-10 14:02:35.577 4321 4546 I GAME : Day of month value is out of range 1..31
03-10 14:02:35.618 4321 4546 I GAME : Year is out of valid range: 1400..10000
03-10 14:02:35.618 4321 4546 I GAME : Month number is out of range 1..12
03-10 14:02:35.618 4321 4546 I GAME : Day of month value is out of range 1..31
03-10 14:02:35.656 4321 4546 I GAME : Year is out of valid range: 1400..10000
03-10 14:02:35.657 4321 4546 I GAME : Month number is out of range 1..12
03-10 14:02:35.657 4321 4546 I GAME : Day of month value is out of range 1..31
03-10 14:02:35.696 4321 4546 I GAME : Year is out of valid range: 1400..10000
03-10 14:02:35.696 4321 4546 I GAME : Month number is out of range 1..12
03-10 14:02:35.696 4321 4546 I GAME : Day of month value is out of range 1..31
03-10 14:02:35.734 4321 4321 W Thread-34649: type=1400 audit(0.0:44805): avc:
denied { accept } for scontext=u:r:untrusted_app:s0:c512,c768
tcontext=u:r:surfaceflinger:s0 tclass=unix_stream_socket permissive=0
03-10 14:02:35.740 4321 4546 I GAME : Year is out of valid range: 1400..10000
03-10 14:02:35.740 4321 4546 I GAME : Month number is out of range 1..12
03-10 14:02:35.740 4321 4546 I GAME : Day of month value is out of range 1..31
03-10 14:02:35.770 4321 4321 W Thread-34657: type=1400 audit(0.0:44806): avc:
denied { accept } for scontext=u:r:untrusted_app:s0:c512,c768
tcontext=u:r:surfaceflinger:s0 tclass=unix_stream_socket permissive=0
03-10 14:02:35.776 4321 4546 I GAME : Year is out of valid range: 1400..10000
03-10 14:02:35.776 4321 4546 I GAME : Month number is out of range 1..12
03-10 14:02:35.776 4321 4546 I GAME : Day of month value is out of range 1..31
03-10 14:02:35.810 4321 4321 W Thread-34665: type=1400 audit(0.0:44807): avc:
denied { accept } for scontext=u:r:untrusted_app:s0:c512,c768
tcontext=u:r:surfaceflinger:s0 tclass=unix_stream_socket permissive=0
03-10 14:02:35.818 4321 4546 I GAME : Year is out of valid range: 1400..10000
03-10 14:02:35.818 4321 4546 I GAME : Month number is out of range 1..12
03-10 14:02:35.818 4321 4546 I GAME : Day of month value is out of range 1..31
03-10 14:02:35.850 4321 4321 W Thread-34673: type=1400 audit(0.0:44809): avc:
denied { accept } for scontext=u:r:untrusted_app:s0:c512,c768
tcontext=u:r:surfaceflinger:s0 tclass=unix_stream_socket permissive=0
03-10 14:02:35.858 4321 4546 I GAME : Year is out of valid range: 1400..10000
03-10 14:02:35.858 4321 4546 I GAME : Month number is out of range 1..12
03-10 14:02:35.858 4321 4546 I GAME : Day of month value is out of range 1..31
03-10 14:02:35.897 4321 4546 I GAME : Year is out of valid range: 1400..10000
03-10 14:02:35.897 4321 4546 I GAME : Month number is out of range 1..12
03-10 14:02:35.897 4321 4546 I GAME : Day of month value is out of range 1..31
03-10 14:02:35.937 4321 4546 I GAME : Year is out of valid range: 1400..10000
03-10 14:02:35.937 4321 4546 I GAME : Month number is out of range 1..12
03-10 14:02:35.937 4321 4546 I GAME : Day of month value is out of range 1..31
03-10 14:02:35.981 4321 4546 I GAME : Year is out of valid range: 1400..10000
03-10 14:02:35.981 4321 4546 I GAME : Month number is out of range 1..12
03-10 14:02:35.981 4321 4546 I GAME : Day of month value is out of range 1..31
03-10 14:02:36.013 4321 4546 I GAME : [OnlineTask] 'fed:GetServerTime', state:
`started`, resultCode: -21
03-10 14:02:36.013 4321 4546 I GAME : [OnlineTask] 'fed:GetServerTime' error[-
21]: ''
03-10 14:02:36.013 4321 4546 I GAME : [OnlineTask] 'fed:GetServerTime', state:
`failed`, resultCode: -21
03-10 14:02:36.017 4321 4546 I GAME : Year is out of valid range: 1400..10000
03-10 14:02:36.017 4321 4546 I GAME : Month number is out of range 1..12
03-10 14:02:36.017 4321 4546 I GAME : Day of month value is out of range 1..31
03-10 14:02:36.057 4321 4546 I GAME : [OnlineTask] 'fed:GetServerTime', state:
`started`, resultCode: 0
03-10 14:02:36.058 4321 4546 I GAME : [OnlineTask] 'fed:GetServerTime' error[-
21]: ''
03-10 14:02:36.060 4321 4546 I GAME : Year is out of valid range: 1400..10000
03-10 14:02:36.060 4321 4546 I GAME : Month number is out of range 1..12
03-10 14:02:36.060 4321 4546 I GAME : Day of month value is out of range 1..31
03-10 14:02:36.100 4321 4546 I GAME : Year is out of valid range: 1400..10000
03-10 14:02:36.100 4321 4546 I GAME : Month number is out of range 1..12
03-10 14:02:36.100 4321 4546 I GAME : Day of month value is out of range 1..31
03-10 14:02:36.139 4321 4546 I GAME : Year is out of valid range: 1400..10000
03-10 14:02:36.139 4321 4546 I GAME : Month number is out of range 1..12
03-10 14:02:36.139 4321 4546 I GAME : Day of month value is out of range 1..31
03-10 14:02:36.183 4321 4546 I GAME : Year is out of valid range: 1400..10000
03-10 14:02:36.183 4321 4546 I GAME : Month number is out of range 1..12
03-10 14:02:36.183 4321 4546 I GAME : Day of month value is out of range 1..31
03-10 14:02:36.220 4321 4546 I GAME : Year is out of valid range: 1400..10000
03-10 14:02:36.220 4321 4546 I GAME : Month number is out of range 1..12
03-10 14:02:36.220 4321 4546 I GAME : Day of month value is out of range 1..31
03-10 14:02:36.261 4321 4546 I GAME : Year is out of valid range: 1400..10000
03-10 14:02:36.261 4321 4546 I GAME : Month number is out of range 1..12
03-10 14:02:36.261 4321 4546 I GAME : Day of month value is out of range 1..31
03-10 14:02:36.299 4321 4546 I GAME : Year is out of valid range: 1400..10000
03-10 14:02:36.299 4321 4546 I GAME : Month number is out of range 1..12
03-10 14:02:36.299 4321 4546 I GAME : Day of month value is out of range 1..31
03-10 14:02:36.341 4321 4546 I GAME : Year is out of valid range: 1400..10000
03-10 14:02:36.341 4321 4546 I GAME : Month number is out of range 1..12
03-10 14:02:36.341 4321 4546 I GAME : Day of month value is out of range 1..31
03-10 14:02:36.382 4321 4546 I GAME : Year is out of valid range: 1400..10000
03-10 14:02:36.382 4321 4546 I GAME : Month number is out of range 1..12
03-10 14:02:36.382 4321 4546 I GAME : Day of month value is out of range 1..31
03-10 14:02:36.421 4321 4546 I GAME : Year is out of valid range: 1400..10000
03-10 14:02:36.421 4321 4546 I GAME : Month number is out of range 1..12
03-10 14:02:36.421 4321 4546 I GAME : Day of month value is out of range 1..31
03-10 14:02:36.462 4321 4546 I GAME : Year is out of valid range: 1400..10000
03-10 14:02:36.462 4321 4546 I GAME : Month number is out of range 1..12
03-10 14:02:36.462 4321 4546 I GAME : Day of month value is out of range 1..31
03-10 14:02:36.500 4321 4546 I GAME : Year is out of valid range: 1400..10000
03-10 14:02:36.500 4321 4546 I GAME : Month number is out of range 1..12
03-10 14:02:36.500 4321 4546 I GAME : Day of month value is out of range 1..31
03-10 14:02:36.543 4321 4546 I GAME : Year is out of valid range: 1400..10000
03-10 14:02:36.543 4321 4546 I GAME : Month number is out of range 1..12
03-10 14:02:36.543 4321 4546 I GAME : Day of month value is out of range 1..31
03-10 14:02:36.582 4321 4546 I GAME : Year is out of valid range: 1400..10000
03-10 14:02:36.582 4321 4546 I GAME : Month number is out of range 1..12
03-10 14:02:36.582 4321 4546 I GAME : Day of month value is out of range 1..31
03-10 14:02:36.623 4321 4546 I GAME : Year is out of valid range: 1400..10000
03-10 14:02:36.623 4321 4546 I GAME : Month number is out of range 1..12
03-10 14:02:36.623 4321 4546 I GAME : Day of month value is out of range 1..31
03-10 14:02:36.663 4321 4546 I GAME : Year is out of valid range: 1400..10000
03-10 14:02:36.663 4321 4546 I GAME : Month number is out of range 1..12
03-10 14:02:36.663 4321 4546 I GAME : Day of month value is out of range 1..31
03-10 14:02:36.700 4321 4546 I GAME : Year is out of valid range: 1400..10000
03-10 14:02:36.700 4321 4546 I GAME : Month number is out of range 1..12
03-10 14:02:36.700 4321 4546 I GAME : Day of month value is out of range 1..31
03-10 14:02:36.741 4321 4546 I GAME : Year is out of valid range: 1400..10000
03-10 14:02:36.742 4321 4546 I GAME : Month number is out of range 1..12
03-10 14:02:36.742 4321 4546 I GAME : Day of month value is out of range 1..31
03-10 14:02:36.774 4321 4321 W Thread-34857: type=1400 audit(0.0:44838): avc:
denied { accept } for scontext=u:r:untrusted_app:s0:c512,c768
tcontext=u:r:surfaceflinger:s0 tclass=unix_stream_socket permissive=0
03-10 14:02:36.783 4321 4546 I GAME : Year is out of valid range: 1400..10000
03-10 14:02:36.784 4321 4546 I GAME : Month number is out of range 1..12
03-10 14:02:36.784 4321 4546 I GAME : Day of month value is out of range 1..31
03-10 14:02:36.814 4321 4321 W Thread-34865: type=1400 audit(0.0:44840): avc:
denied { accept } for scontext=u:r:untrusted_app:s0:c512,c768
tcontext=u:r:surfaceflinger:s0 tclass=unix_stream_socket permissive=0
03-10 14:02:36.822 4321 4546 I GAME : Year is out of valid range: 1400..10000
03-10 14:02:36.822 4321 4546 I GAME : Month number is out of range 1..12
03-10 14:02:36.822 4321 4546 I GAME : Day of month value is out of range 1..31
03-10 14:02:36.854 4321 4321 W Thread-34873: type=1400 audit(0.0:44841): avc:
denied { accept } for scontext=u:r:untrusted_app:s0:c512,c768
tcontext=u:r:surfaceflinger:s0 tclass=unix_stream_socket permissive=0
03-10 14:02:36.861 4321 4546 I GAME : Year is out of valid range: 1400..10000
03-10 14:02:36.861 4321 4546 I GAME : Month number is out of range 1..12
03-10 14:02:36.861 4321 4546 I GAME : Day of month value is out of range 1..31
03-10 14:02:36.894 4321 4321 W Thread-34881: type=1400 audit(0.0:44842): avc:
denied { accept } for scontext=u:r:untrusted_app:s0:c512,c768
tcontext=u:r:surfaceflinger:s0 tclass=unix_stream_socket permissive=0
03-10 14:02:36.902 4321 4546 I GAME : Year is out of valid range: 1400..10000
03-10 14:02:36.902 4321 4546 I GAME : Month number is out of range 1..12
03-10 14:02:36.902 4321 4546 I GAME : Day of month value is out of range 1..31
03-10 14:02:36.943 4321 4546 I GAME : Year is out of valid range: 1400..10000
03-10 14:02:36.943 4321 4546 I GAME : Month number is out of range 1..12
03-10 14:02:36.943 4321 4546 I GAME : Day of month value is out of range 1..31
03-10 14:02:36.982 4321 4546 I GAME : Year is out of valid range: 1400..10000
03-10 14:02:36.983 4321 4546 I GAME : Month number is out of range 1..12
03-10 14:02:36.983 4321 4546 I GAME : Day of month value is out of range 1..31
03-10 14:02:37.021 4321 4546 I GAME : Year is out of valid range: 1400..10000
03-10 14:02:37.021 4321 4546 I GAME : Month number is out of range 1..12
03-10 14:02:37.021 4321 4546 I GAME : Day of month value is out of range 1..31
03-10 14:02:37.065 4321 4546 I GAME : Year is out of valid range: 1400..10000
03-10 14:02:37.065 4321 4546 I GAME : Month number is out of range 1..12
03-10 14:02:37.065 4321 4546 I GAME : Day of month value is out of range 1..31
03-10 14:02:37.105 4321 4546 I GAME : Year is out of valid range: 1400..10000
03-10 14:02:37.105 4321 4546 I GAME : Month number is out of range 1..12
03-10 14:02:37.105 4321 4546 I GAME : Day of month value is out of range 1..31
03-10 14:02:37.144 4321 4546 I GAME : Year is out of valid range: 1400..10000
03-10 14:02:37.144 4321 4546 I GAME : Month number is out of range 1..12
03-10 14:02:37.144 4321 4546 I GAME : Day of month value is out of range 1..31
03-10 14:02:37.183 4321 4546 I GAME : Year is out of valid range: 1400..10000
03-10 14:02:37.183 4321 4546 I GAME : Month number is out of range 1..12
03-10 14:02:37.183 4321 4546 I GAME : Day of month value is out of range 1..31
03-10 14:02:37.223 4321 4546 I GAME : Year is out of valid range: 1400..10000
03-10 14:02:37.223 4321 4546 I GAME : Month number is out of range 1..12
03-10 14:02:37.223 4321 4546 I GAME : Day of month value is out of range 1..31
03-10 14:02:37.264 4321 4546 I GAME : Year is out of valid range: 1400..10000
03-10 14:02:37.264 4321 4546 I GAME : Month number is out of range 1..12
03-10 14:02:37.264 4321 4546 I GAME : Day of month value is out of range 1..31
03-10 14:02:37.304 4321 4546 I GAME : Year is out of valid range: 1400..10000
03-10 14:02:37.304 4321 4546 I GAME : Month number is out of range 1..12
03-10 14:02:37.304 4321 4546 I GAME : Day of month value is out of range 1..31
03-10 14:02:37.344 4321 4546 I GAME : Year is out of valid range: 1400..10000
03-10 14:02:37.344 4321 4546 I GAME : Month number is out of range 1..12
03-10 14:02:37.344 4321 4546 I GAME : Day of month value is out of range 1..31
03-10 14:02:37.385 4321 4546 I GAME : Year is out of valid range: 1400..10000
03-10 14:02:37.385 4321 4546 I GAME : Month number is out of range 1..12
03-10 14:02:37.385 4321 4546 I GAME : Day of month value is out of range 1..31
03-10 14:02:37.427 4321 4546 I GAME : Year is out of valid range: 1400..10000
03-10 14:02:37.427 4321 4546 I GAME : Month number is out of range 1..12
03-10 14:02:37.427 4321 4546 I GAME : Day of month value is out of range 1..31
03-10 14:02:37.464 4321 4546 I GAME : Year is out of valid range: 1400..10000
03-10 14:02:37.464 4321 4546 I GAME : Month number is out of range 1..12
03-10 14:02:37.464 4321 4546 I GAME : Day of month value is out of range 1..31
03-10 14:02:37.508 4321 4546 I GAME : Year is out of valid range: 1400..10000
03-10 14:02:37.508 4321 4546 I GAME : Month number is out of range 1..12
03-10 14:02:37.508 4321 4546 I GAME : Day of month value is out of range 1..31
03-10 14:02:37.545 4321 4546 I GAME : Year is out of valid range: 1400..10000
03-10 14:02:37.545 4321 4546 I GAME : Month number is out of range 1..12
03-10 14:02:37.545 4321 4546 I GAME : Day of month value is out of range 1..31
03-10 14:02:37.586 4321 4546 I GAME : Year is out of valid range: 1400..10000
03-10 14:02:37.586 4321 4546 I GAME : Month number is out of range 1..12
03-10 14:02:37.586 4321 4546 I GAME : Day of month value is out of range 1..31
03-10 14:02:37.624 4321 4546 I GAME : Year is out of valid range: 1400..10000
03-10 14:02:37.624 4321 4546 I GAME : Month number is out of range 1..12
03-10 14:02:37.624 4321 4546 I GAME : Day of month value is out of range 1..31
03-10 14:02:37.665 4321 4546 I GAME : Year is out of valid range: 1400..10000
03-10 14:02:37.665 4321 4546 I GAME : Month number is out of range 1..12
03-10 14:02:37.665 4321 4546 I GAME : Day of month value is out of range 1..31
03-10 14:02:37.707 4321 4546 I GAME : Year is out of valid range: 1400..10000
03-10 14:02:37.708 4321 4546 I GAME : Month number is out of range 1..12
03-10 14:02:37.708 4321 4546 I GAME : Day of month value is out of range 1..31
03-10 14:02:37.744 4321 4546 I GAME : Year is out of valid range: 1400..10000
03-10 14:02:37.744 4321 4546 I GAME : Month number is out of range 1..12
03-10 14:02:37.744 4321 4546 I GAME : Day of month value is out of range 1..31
03-10 14:02:37.777 4321 4321 W Thread-35057: type=1400 audit(0.0:44870): avc:
denied { accept } for scontext=u:r:untrusted_app:s0:c512,c768
tcontext=u:r:surfaceflinger:s0 tclass=unix_stream_socket permissive=0
03-10 14:02:37.785 4321 4546 I GAME : Year is out of valid range: 1400..10000
03-10 14:02:37.785 4321 4546 I GAME : Month number is out of range 1..12
03-10 14:02:37.785 4321 4546 I GAME : Day of month value is out of range 1..31
03-10 14:02:37.817 4321 4321 W Thread-35065: type=1400 audit(0.0:44872): avc:
denied { accept } for scontext=u:r:untrusted_app:s0:c512,c768
tcontext=u:r:surfaceflinger:s0 tclass=unix_stream_socket permissive=0
03-10 14:02:37.826 4321 4546 I GAME : Year is out of valid range: 1400..10000
03-10 14:02:37.826 4321 4546 I GAME : Month number is out of range 1..12
03-10 14:02:37.826 4321 4546 I GAME : Day of month value is out of range 1..31
03-10 14:02:37.860 4321 4321 W Thread-35073: type=1400 audit(0.0:44873): avc:
denied { accept } for scontext=u:r:untrusted_app:s0:c512,c768
tcontext=u:r:surfaceflinger:s0 tclass=unix_stream_socket permissive=0
03-10 14:02:37.866 4321 4546 I GAME : Year is out of valid range: 1400..10000
03-10 14:02:37.866 4321 4546 I GAME : Month number is out of range 1..12
03-10 14:02:37.866 4321 4546 I GAME : Day of month value is out of range 1..31
03-10 14:02:37.897 4321 4321 W Thread-35081: type=1400 audit(0.0:44874): avc:
denied { accept } for scontext=u:r:untrusted_app:s0:c512,c768
tcontext=u:r:surfaceflinger:s0 tclass=unix_stream_socket permissive=0
03-10 14:02:37.905 4321 4546 I GAME : Year is out of valid range: 1400..10000
03-10 14:02:37.905 4321 4546 I GAME : Month number is out of range 1..12
03-10 14:02:37.905 4321 4546 I GAME : Day of month value is out of range 1..31
03-10 14:02:37.947 4321 4546 I GAME : Year is out of valid range: 1400..10000
03-10 14:02:37.947 4321 4546 I GAME : Month number is out of range 1..12
03-10 14:02:37.947 4321 4546 I GAME : Day of month value is out of range 1..31
03-10 14:02:37.986 4321 4546 I GAME : Year is out of valid range: 1400..10000
03-10 14:02:37.986 4321 4546 I GAME : Month number is out of range 1..12
03-10 14:02:37.986 4321 4546 I GAME : Day of month value is out of range 1..31
03-10 14:02:38.026 4321 4546 I GAME : Year is out of valid range: 1400..10000
03-10 14:02:38.026 4321 4546 I GAME : Month number is out of range 1..12
03-10 14:02:38.026 4321 4546 I GAME : Day of month value is out of range 1..31
03-10 14:02:38.064 4321 4546 I GAME : [OnlineTask] 'fed:GetServerTime', state:
`started`, resultCode: -21
03-10 14:02:38.064 4321 4546 I GAME : [OnlineTask] 'fed:GetServerTime' error[-
21]: ''
03-10 14:02:38.067 4321 4546 I GAME : Year is out of valid range: 1400..10000
03-10 14:02:38.067 4321 4546 I GAME : Month number is out of range 1..12
03-10 14:02:38.067 4321 4546 I GAME : Day of month value is out of range 1..31
03-10 14:02:38.108 4321 4546 I GAME : Year is out of valid range: 1400..10000
03-10 14:02:38.108 4321 4546 I GAME : Month number is out of range 1..12
03-10 14:02:38.108 4321 4546 I GAME : Day of month value is out of range 1..31
03-10 14:02:38.146 4321 4546 I GAME : Year is out of valid range: 1400..10000
03-10 14:02:38.146 4321 4546 I GAME : Month number is out of range 1..12
03-10 14:02:38.146 4321 4546 I GAME : Day of month value is out of range 1..31
03-10 14:02:38.187 4321 4546 I GAME : Year is out of valid range: 1400..10000
03-10 14:02:38.187 4321 4546 I GAME : Month number is out of range 1..12
03-10 14:02:38.188 4321 4546 I GAME : Day of month value is out of range 1..31
03-10 14:02:38.226 4321 4546 I GAME : Year is out of valid range: 1400..10000
03-10 14:02:38.226 4321 4546 I GAME : Month number is out of range 1..12
03-10 14:02:38.226 4321 4546 I GAME : Day of month value is out of range 1..31
03-10 14:02:38.269 4321 4546 I GAME : Year is out of valid range: 1400..10000
03-10 14:02:38.269 4321 4546 I GAME : Month number is out of range 1..12
03-10 14:02:38.269 4321 4546 I GAME : Day of month value is out of range 1..31
03-10 14:02:38.313 4321 4546 I GAME : Year is out of valid range: 1400..10000
03-10 14:02:38.313 4321 4546 I GAME : Month number is out of range 1..12
03-10 14:02:38.313 4321 4546 I GAME : Day of month value is out of range 1..31
03-10 14:02:38.351 4321 4546 I GAME : Year is out of valid range: 1400..10000
03-10 14:02:38.351 4321 4546 I GAME : Month number is out of range 1..12
03-10 14:02:38.351 4321 4546 I GAME : Day of month value is out of range 1..31
03-10 14:02:38.389 4321 4546 I GAME : Year is out of valid range: 1400..10000
03-10 14:02:38.389 4321 4546 I GAME : Month number is out of range 1..12
03-10 14:02:38.389 4321 4546 I GAME : Day of month value is out of range 1..31
03-10 14:02:38.745 4321 4546 I GAME : Decompressing 'ui_ingame_01.tga' file
from '@data01.zip' fs: 0K -> 128K.
03-10 14:02:38.747 4321 4546 I GAME : Decompressing 'ui_ingame_01.tga__alpha'
file from '@data01.zip' fs: 19K -> 128K.
03-10 14:02:38.753 4321 4546 I GAME : Decompressing 'ui_flag.tga' file from
'@data01.zip' fs: 0K -> 128K.
03-10 14:02:38.756 4321 4546 I GAME : Decompressing 'ui_flag.tga__alpha' file
from '@data01.zip' fs: 12K -> 128K.
03-10 14:02:38.840 4321 4546 I GAME : SubstanceLoader: Loaded
hud_prerace_Iceland.sbsbin#0 (format - 0)
03-10 14:02:38.859 4321 4546 I GAME : Year is out of valid range: 1400..10000
03-10 14:02:38.859 4321 4546 I GAME : Month number is out of range 1..12
03-10 14:02:38.859 4321 4546 I GAME : Day of month value is out of range 1..31
03-10 14:02:38.860 4321 4546 I GAME : Year is out of valid range: 1400..10000
03-10 14:02:38.861 4321 4546 I GAME : Month number is out of range 1..12
03-10 14:02:38.861 4321 4546 I GAME : Day of month value is out of range 1..31
03-10 14:02:38.869 4321 4546 I GAME : Year is out of valid range: 1400..10000
03-10 14:02:38.869 4321 4546 I GAME : Month number is out of range 1..12
03-10 14:02:38.869 4321 4546 I GAME : Day of month value is out of range 1..31
03-10 14:02:38.894 4321 4321 W Thread-35200: type=1400 audit(0.0:44893): avc:
denied { accept } for scontext=u:r:untrusted_app:s0:c512,c768
tcontext=u:r:surfaceflinger:s0 tclass=unix_stream_socket permissive=0
03-10 14:02:38.897 4321 4321 I chatty : uid=10105(u0_a105)
com.gameloft.android.GloftANPH identical 2 lines
03-10 14:02:38.897 4321 4321 W Thread-35200: type=1400 audit(0.0:44896): avc:
denied { accept } for scontext=u:r:untrusted_app:s0:c512,c768
tcontext=u:r:surfaceflinger:s0 tclass=unix_stream_socket permissive=0
03-10 14:02:38.904 4321 4546 I GAME : Year is out of valid range: 1400..10000
03-10 14:02:38.904 4321 4546 I GAME : Month number is out of range 1..12
03-10 14:02:38.905 4321 4546 I GAME : Day of month value is out of range 1..31
03-10 14:02:38.930 4321 4546 I GAME : Year is out of valid range: 1400..10000
03-10 14:02:38.930 4321 4546 I GAME : Month number is out of range 1..12
03-10 14:02:38.930 4321 4546 I GAME : Day of month value is out of range 1..31
03-10 14:02:38.971 4321 4546 I GAME : Year is out of valid range: 1400..10000
03-10 14:02:38.971 4321 4546 I GAME : Month number is out of range 1..12
03-10 14:02:38.971 4321 4546 I GAME : Day of month value is out of range 1..31
03-10 14:02:39.000 4321 4546 I GAME : Year is out of valid range: 1400..10000
03-10 14:02:39.000 4321 4546 I GAME : Month number is out of range 1..12
03-10 14:02:39.000 4321 4546 I GAME : Day of month value is out of range 1..31
03-10 14:02:39.034 4321 4546 I GAME : Year is out of valid range: 1400..10000
03-10 14:02:39.034 4321 4546 I GAME : Month number is out of range 1..12
03-10 14:02:39.034 4321 4546 I GAME : Day of month value is out of range 1..31
03-10 14:02:39.068 4321 4546 I GAME : Year is out of valid range: 1400..10000
03-10 14:02:39.068 4321 4546 I GAME : Month number is out of range 1..12
03-10 14:02:39.068 4321 4546 I GAME : Day of month value is out of range 1..31
03-10 14:02:39.103 4321 4546 I GAME : Year is out of valid range: 1400..10000
03-10 14:02:39.103 4321 4546 I GAME : Month number is out of range 1..12
03-10 14:02:39.103 4321 4546 I GAME : Day of month value is out of range 1..31
03-10 14:02:39.136 4321 4546 I GAME : Year is out of valid range: 1400..10000
03-10 14:02:39.136 4321 4546 I GAME : Month number is out of range 1..12
