03-10 14:02:43.963 4321 4546 I GAME : Month number is out of range 1..12
03-10 14:02:43.963 4321 4546 I GAME : Day of month value is out of range 1..31
03-10 14:02:43.990 4321 4321 W Thread-36449: type=1400 audit(0.0:45055): avc:
denied { accept } for scontext=u:r:untrusted_app:s0:c512,c768
tcontext=u:r:surfaceflinger:s0 tclass=unix_stream_socket permissive=0
03-10 14:02:43.998 4321 4546 I GAME : Year is out of valid range: 1400..10000
03-10 14:02:43.998 4321 4546 I GAME : Month number is out of range 1..12
03-10 14:02:43.998 4321 4546 I GAME : Day of month value is out of range 1..31
03-10 14:02:44.027 4321 4321 W Thread-36457: type=1400 audit(0.0:45056): avc:
denied { accept } for scontext=u:r:untrusted_app:s0:c512,c768
tcontext=u:r:surfaceflinger:s0 tclass=unix_stream_socket permissive=0
03-10 14:02:44.033 4321 4546 I GAME : Year is out of valid range: 1400..10000
03-10 14:02:44.033 4321 4546 I GAME : Month number is out of range 1..12
03-10 14:02:44.033 4321 4546 I GAME : Day of month value is out of range 1..31
03-10 14:02:44.057 4321 4321 W Thread-36465: type=1400 audit(0.0:45057): avc:
denied { accept } for scontext=u:r:untrusted_app:s0:c512,c768
tcontext=u:r:surfaceflinger:s0 tclass=unix_stream_socket permissive=0
03-10 14:02:44.066 4321 4546 I GAME : Year is out of valid range: 1400..10000
03-10 14:02:44.066 4321 4546 I GAME : Month number is out of range 1..12
03-10 14:02:44.066 4321 4546 I GAME : Day of month value is out of range 1..31
03-10 14:02:44.090 4321 4321 W Thread-36473: type=1400 audit(0.0:45058): avc:
denied { accept } for scontext=u:r:untrusted_app:s0:c512,c768
tcontext=u:r:surfaceflinger:s0 tclass=unix_stream_socket permissive=0
03-10 14:02:44.098 4321 4546 I GAME : Year is out of valid range: 1400..10000
03-10 14:02:44.098 4321 4546 I GAME : Month number is out of range 1..12
03-10 14:02:44.098 4321 4546 I GAME : Day of month value is out of range 1..31
03-10 14:02:44.124 4321 4321 W Thread-36481: type=1400 audit(0.0:45059): avc:
denied { accept } for scontext=u:r:untrusted_app:s0:c512,c768
tcontext=u:r:surfaceflinger:s0 tclass=unix_stream_socket permissive=0
03-10 14:02:44.132 4321 4546 I GAME : Year is out of valid range: 1400..10000
03-10 14:02:44.132 4321 4546 I GAME : Month number is out of range 1..12
03-10 14:02:44.132 4321 4546 I GAME : Day of month value is out of range 1..31
03-10 14:02:44.160 4321 4321 W Thread-36489: type=1400 audit(0.0:45060): avc:
denied { accept } for scontext=u:r:untrusted_app:s0:c512,c768
tcontext=u:r:surfaceflinger:s0 tclass=unix_stream_socket permissive=0
03-10 14:02:44.169 4321 4546 I GAME : Year is out of valid range: 1400..10000
03-10 14:02:44.169 4321 4546 I GAME : Month number is out of range 1..12
03-10 14:02:44.169 4321 4546 I GAME : Day of month value is out of range 1..31
03-10 14:02:44.194 4321 4321 W Thread-36497: type=1400 audit(0.0:45061): avc:
denied { accept } for scontext=u:r:untrusted_app:s0:c512,c768
tcontext=u:r:surfaceflinger:s0 tclass=unix_stream_socket permissive=0
03-10 14:02:44.199 4321 4546 I GAME : Year is out of valid range: 1400..10000
03-10 14:02:44.199 4321 4546 I GAME : Month number is out of range 1..12
03-10 14:02:44.200 4321 4546 I GAME : Day of month value is out of range 1..31
03-10 14:02:44.224 4321 4321 W Thread-36505: type=1400 audit(0.0:45062): avc:
denied { accept } for scontext=u:r:untrusted_app:s0:c512,c768
tcontext=u:r:surfaceflinger:s0 tclass=unix_stream_socket permissive=0
03-10 14:02:44.231 4321 4546 I GAME : Year is out of valid range: 1400..10000
03-10 14:02:44.232 4321 4546 I GAME : Month number is out of range 1..12
03-10 14:02:44.232 4321 4546 I GAME : Day of month value is out of range 1..31
03-10 14:02:44.257 4321 4321 W Thread-36513: type=1400 audit(0.0:45063): avc:
denied { accept } for scontext=u:r:untrusted_app:s0:c512,c768
tcontext=u:r:surfaceflinger:s0 tclass=unix_stream_socket permissive=0
03-10 14:02:44.265 4321 4546 I GAME : Year is out of valid range: 1400..10000
03-10 14:02:44.265 4321 4546 I GAME : Month number is out of range 1..12
03-10 14:02:44.265 4321 4546 I GAME : Day of month value is out of range 1..31
03-10 14:02:44.294 4321 4321 W Thread-36521: type=1400 audit(0.0:45064): avc:
denied { accept } for scontext=u:r:untrusted_app:s0:c512,c768
tcontext=u:r:surfaceflinger:s0 tclass=unix_stream_socket permissive=0
03-10 14:02:44.302 4321 4546 I GAME : Year is out of valid range: 1400..10000
03-10 14:02:44.302 4321 4546 I GAME : Month number is out of range 1..12
03-10 14:02:44.302 4321 4546 I GAME : Day of month value is out of range 1..31
03-10 14:02:44.324 4321 4321 W Thread-36529: type=1400 audit(0.0:45065): avc:
denied { accept } for scontext=u:r:untrusted_app:s0:c512,c768
tcontext=u:r:surfaceflinger:s0 tclass=unix_stream_socket permissive=0
03-10 14:02:44.333 4321 4546 I GAME : Year is out of valid range: 1400..10000
03-10 14:02:44.333 4321 4546 I GAME : Month number is out of range 1..12
03-10 14:02:44.333 4321 4546 I GAME : Day of month value is out of range 1..31
03-10 14:02:44.360 4321 4321 W Thread-36537: type=1400 audit(0.0:45066): avc:
denied { accept } for scontext=u:r:untrusted_app:s0:c512,c768
tcontext=u:r:surfaceflinger:s0 tclass=unix_stream_socket permissive=0
03-10 14:02:44.369 4321 4546 I GAME : Year is out of valid range: 1400..10000
03-10 14:02:44.369 4321 4546 I GAME : Month number is out of range 1..12
03-10 14:02:44.369 4321 4546 I GAME : Day of month value is out of range 1..31
03-10 14:02:44.394 4321 4321 W Thread-36545: type=1400 audit(0.0:45067): avc:
denied { accept } for scontext=u:r:untrusted_app:s0:c512,c768
tcontext=u:r:surfaceflinger:s0 tclass=unix_stream_socket permissive=0
03-10 14:02:44.400 4321 4546 I GAME : Year is out of valid range: 1400..10000
03-10 14:02:44.400 4321 4546 I GAME : Month number is out of range 1..12
03-10 14:02:44.400 4321 4546 I GAME : Day of month value is out of range 1..31
03-10 14:02:44.427 4321 4321 W Thread-36553: type=1400 audit(0.0:45068): avc:
denied { accept } for scontext=u:r:untrusted_app:s0:c512,c768
tcontext=u:r:surfaceflinger:s0 tclass=unix_stream_socket permissive=0
03-10 14:02:44.435 4321 4546 I GAME : Year is out of valid range: 1400..10000
03-10 14:02:44.435 4321 4546 I GAME : Month number is out of range 1..12
03-10 14:02:44.435 4321 4546 I GAME : Day of month value is out of range 1..31
03-10 14:02:44.464 4321 4321 W Thread-36561: type=1400 audit(0.0:45069): avc:
denied { accept } for scontext=u:r:untrusted_app:s0:c512,c768
tcontext=u:r:surfaceflinger:s0 tclass=unix_stream_socket permissive=0
03-10 14:02:44.471 4321 4546 I GAME : Year is out of valid range: 1400..10000
03-10 14:02:44.471 4321 4546 I GAME : Month number is out of range 1..12
03-10 14:02:44.471 4321 4546 I GAME : Day of month value is out of range 1..31
03-10 14:02:44.494 4321 4321 W Thread-36569: type=1400 audit(0.0:45070): avc:
denied { accept } for scontext=u:r:untrusted_app:s0:c512,c768
tcontext=u:r:surfaceflinger:s0 tclass=unix_stream_socket permissive=0
03-10 14:02:44.501 4321 4546 I GAME : Year is out of valid range: 1400..10000
03-10 14:02:44.501 4321 4546 I GAME : Month number is out of range 1..12
03-10 14:02:44.501 4321 4546 I GAME : Day of month value is out of range 1..31
03-10 14:02:44.534 4321 4546 I GAME : Year is out of valid range: 1400..10000
03-10 14:02:44.534 4321 4546 I GAME : Month number is out of range 1..12
03-10 14:02:44.534 4321 4546 I GAME : Day of month value is out of range 1..31
03-10 14:02:44.566 4321 4546 I GAME : Year is out of valid range: 1400..10000
03-10 14:02:44.566 4321 4546 I GAME : Month number is out of range 1..12
03-10 14:02:44.566 4321 4546 I GAME : Day of month value is out of range 1..31
03-10 14:02:44.606 4321 4546 I GAME : Year is out of valid range: 1400..10000
03-10 14:02:44.606 4321 4546 I GAME : Month number is out of range 1..12
03-10 14:02:44.606 4321 4546 I GAME : Day of month value is out of range 1..31
03-10 14:02:44.634 4321 4546 I GAME : Year is out of valid range: 1400..10000
03-10 14:02:44.635 4321 4546 I GAME : Month number is out of range 1..12
03-10 14:02:44.635 4321 4546 I GAME : Day of month value is out of range 1..31
03-10 14:02:44.667 4321 4546 I GAME : Year is out of valid range: 1400..10000
03-10 14:02:44.667 4321 4546 I GAME : Month number is out of range 1..12
03-10 14:02:44.667 4321 4546 I GAME : Day of month value is out of range 1..31
03-10 14:02:44.701 4321 4546 I GAME : Year is out of valid range: 1400..10000
03-10 14:02:44.701 4321 4546 I GAME : Month number is out of range 1..12
03-10 14:02:44.701 4321 4546 I GAME : Day of month value is out of range 1..31
03-10 14:02:44.735 4321 4546 I GAME : Year is out of valid range: 1400..10000
03-10 14:02:44.735 4321 4546 I GAME : Month number is out of range 1..12
03-10 14:02:44.735 4321 4546 I GAME : Day of month value is out of range 1..31
03-10 14:02:44.772 4321 4546 I GAME : Year is out of valid range: 1400..10000
03-10 14:02:44.772 4321 4546 I GAME : Month number is out of range 1..12
03-10 14:02:44.772 4321 4546 I GAME : Day of month value is out of range 1..31
03-10 14:02:44.804 4321 4546 I GAME : Year is out of valid range: 1400..10000
03-10 14:02:44.804 4321 4546 I GAME : Month number is out of range 1..12
03-10 14:02:44.804 4321 4546 I GAME : Day of month value is out of range 1..31
03-10 14:02:44.837 4321 4546 I GAME : Year is out of valid range: 1400..10000
03-10 14:02:44.837 4321 4546 I GAME : Month number is out of range 1..12
03-10 14:02:44.837 4321 4546 I GAME : Day of month value is out of range 1..31
03-10 14:02:44.871 4321 4546 I GAME : Year is out of valid range: 1400..10000
03-10 14:02:44.871 4321 4546 I GAME : Month number is out of range 1..12
03-10 14:02:44.871 4321 4546 I GAME : Day of month value is out of range 1..31
03-10 14:02:44.906 4321 4546 I GAME : Year is out of valid range: 1400..10000
03-10 14:02:44.906 4321 4546 I GAME : Month number is out of range 1..12
03-10 14:02:44.906 4321 4546 I GAME : Day of month value is out of range 1..31
03-10 14:02:44.930 4321 4321 W Thread-36673: type=1400 audit(0.0:45085): avc:
denied { accept } for scontext=u:r:untrusted_app:s0:c512,c768
tcontext=u:r:surfaceflinger:s0 tclass=unix_stream_socket permissive=0
03-10 14:02:44.937 4321 4546 I GAME : Year is out of valid range: 1400..10000
03-10 14:02:44.937 4321 4546 I GAME : Month number is out of range 1..12
03-10 14:02:44.937 4321 4546 I GAME : Day of month value is out of range 1..31
03-10 14:02:44.964 4321 4321 W Thread-36681: type=1400 audit(0.0:45086): avc:
denied { accept } for scontext=u:r:untrusted_app:s0:c512,c768
tcontext=u:r:surfaceflinger:s0 tclass=unix_stream_socket permissive=0
03-10 14:02:44.971 4321 4546 I GAME : Year is out of valid range: 1400..10000
03-10 14:02:44.971 4321 4546 I GAME : Month number is out of range 1..12
03-10 14:02:44.971 4321 4546 I GAME : Day of month value is out of range 1..31
03-10 14:02:45.000 4321 4321 W Thread-36689: type=1400 audit(0.0:45087): avc:
denied { accept } for scontext=u:r:untrusted_app:s0:c512,c768
tcontext=u:r:surfaceflinger:s0 tclass=unix_stream_socket permissive=0
03-10 14:02:45.008 4321 4546 I GAME : Year is out of valid range: 1400..10000
03-10 14:02:45.008 4321 4546 I GAME : Month number is out of range 1..12
03-10 14:02:45.008 4321 4546 I GAME : Day of month value is out of range 1..31
03-10 14:02:45.034 4321 4321 W Thread-36697: type=1400 audit(0.0:45088): avc:
denied { accept } for scontext=u:r:untrusted_app:s0:c512,c768
tcontext=u:r:surfaceflinger:s0 tclass=unix_stream_socket permissive=0
03-10 14:02:45.040 4321 4546 I GAME : Year is out of valid range: 1400..10000
03-10 14:02:45.040 4321 4546 I GAME : Month number is out of range 1..12
03-10 14:02:45.040 4321 4546 I GAME : Day of month value is out of range 1..31
03-10 14:02:45.067 4321 4321 W Thread-36705: type=1400 audit(0.0:45089): avc:
denied { accept } for scontext=u:r:untrusted_app:s0:c512,c768
tcontext=u:r:surfaceflinger:s0 tclass=unix_stream_socket permissive=0
03-10 14:02:45.072 4321 4546 I GAME : Year is out of valid range: 1400..10000
03-10 14:02:45.073 4321 4546 I GAME : Month number is out of range 1..12
03-10 14:02:45.073 4321 4546 I GAME : Day of month value is out of range 1..31
03-10 14:02:45.097 4321 4321 W Thread-36713: type=1400 audit(0.0:45090): avc:
denied { accept } for scontext=u:r:untrusted_app:s0:c512,c768
tcontext=u:r:surfaceflinger:s0 tclass=unix_stream_socket permissive=0
03-10 14:02:45.105 4321 4546 I GAME : Year is out of valid range: 1400..10000
03-10 14:02:45.105 4321 4546 I GAME : Month number is out of range 1..12
03-10 14:02:45.105 4321 4546 I GAME : Day of month value is out of range 1..31
03-10 14:02:45.134 4321 4321 W Thread-36721: type=1400 audit(0.0:45091): avc:
denied { accept } for scontext=u:r:untrusted_app:s0:c512,c768
tcontext=u:r:surfaceflinger:s0 tclass=unix_stream_socket permissive=0
03-10 14:02:45.141 4321 4546 I GAME : Year is out of valid range: 1400..10000
03-10 14:02:45.141 4321 4546 I GAME : Month number is out of range 1..12
03-10 14:02:45.141 4321 4546 I GAME : Day of month value is out of range 1..31
03-10 14:02:45.167 4321 4321 W Thread-36729: type=1400 audit(0.0:45092): avc:
denied { accept } for scontext=u:r:untrusted_app:s0:c512,c768
tcontext=u:r:surfaceflinger:s0 tclass=unix_stream_socket permissive=0
03-10 14:02:45.174 4321 4546 I GAME : Year is out of valid range: 1400..10000
03-10 14:02:45.174 4321 4546 I GAME : Month number is out of range 1..12
03-10 14:02:45.174 4321 4546 I GAME : Day of month value is out of range 1..31
03-10 14:02:45.197 4321 4321 W Thread-36737: type=1400 audit(0.0:45093): avc:
denied { accept } for scontext=u:r:untrusted_app:s0:c512,c768
tcontext=u:r:surfaceflinger:s0 tclass=unix_stream_socket permissive=0
03-10 14:02:45.207 4321 4546 I GAME : Year is out of valid range: 1400..10000
03-10 14:02:45.207 4321 4546 I GAME : Month number is out of range 1..12
03-10 14:02:45.208 4321 4546 I GAME : Day of month value is out of range 1..31
03-10 14:02:45.230 4321 4321 W Thread-36745: type=1400 audit(0.0:45094): avc:
denied { accept } for scontext=u:r:untrusted_app:s0:c512,c768
tcontext=u:r:surfaceflinger:s0 tclass=unix_stream_socket permissive=0
03-10 14:02:45.242 4321 4546 I GAME : Year is out of valid range: 1400..10000
03-10 14:02:45.242 4321 4546 I GAME : Month number is out of range 1..12
03-10 14:02:45.242 4321 4546 I GAME : Day of month value is out of range 1..31
03-10 14:02:45.267 4321 4321 W Thread-36753: type=1400 audit(0.0:45095): avc:
denied { accept } for scontext=u:r:untrusted_app:s0:c512,c768
tcontext=u:r:surfaceflinger:s0 tclass=unix_stream_socket permissive=0
03-10 14:02:45.276 4321 4546 I GAME : Year is out of valid range: 1400..10000
03-10 14:02:45.276 4321 4546 I GAME : Month number is out of range 1..12
03-10 14:02:45.276 4321 4546 I GAME : Day of month value is out of range 1..31
03-10 14:02:45.280 4321 4546 I GAME : Loading sound 'sfx_menu_start_race.mpc'
03-10 14:02:45.281 4321 4546 I GAME : Decompressing 'libraries.blibclara' file
from '@data01.zip' fs: 52K -> 554K.
03-10 14:02:45.286 4321 4546 I GAME : Decompressing 'iceland.bclara' file from
'@data01.zip' fs: 112K -> 535K.
03-10 14:02:45.293 4321 4546 I GAME : Loading level: 'iceland.bclara'
03-10 14:02:45.371 4321 4546 I GAME : Year is out of valid range: 1400..10000
03-10 14:02:45.371 4321 4546 I GAME : Month number is out of range 1..12
03-10 14:02:45.371 4321 4546 I GAME : Day of month value is out of range 1..31
03-10 14:02:45.649 4321 4546 D hwaps : APS: play type is 1
03-10 14:02:45.657 4321 4546 I GAME : Year is out of valid range: 1400..10000
03-10 14:02:45.658 4321 4546 I GAME : Month number is out of range 1..12
03-10 14:02:45.658 4321 4546 I GAME : Day of month value is out of range 1..31
03-10 14:02:45.675 4321 4546 I GAME : Year is out of valid range: 1400..10000
03-10 14:02:45.675 4321 4546 I GAME : Month number is out of range 1..12
03-10 14:02:45.675 4321 4546 I GAME : Day of month value is out of range 1..31
03-10 14:02:45.695 4321 4546 D hwaps : APS: play type is 4
03-10 14:02:45.702 4321 4546 I GAME : Year is out of valid range: 1400..10000
03-10 14:02:45.702 4321 4546 I GAME : Month number is out of range 1..12
03-10 14:02:45.702 4321 4546 I GAME : Day of month value is out of range 1..31
03-10 14:02:45.741 4321 4546 I GAME : Year is out of valid range: 1400..10000
03-10 14:02:45.741 4321 4546 I GAME : Month number is out of range 1..12
03-10 14:02:45.741 4321 4546 I GAME : Day of month value is out of range 1..31
03-10 14:02:45.763 4321 4546 D hwaps : APS: play type is 1
03-10 14:02:45.773 4321 4546 I GAME : Year is out of valid range: 1400..10000
03-10 14:02:45.773 4321 4546 I GAME : Month number is out of range 1..12
03-10 14:02:45.773 4321 4546 I GAME : Day of month value is out of range 1..31
03-10 14:02:45.805 4321 4546 I GAME : Year is out of valid range: 1400..10000
03-10 14:02:45.805 4321 4546 I GAME : Month number is out of range 1..12
03-10 14:02:45.805 4321 4546 I GAME : Day of month value is out of range 1..31
03-10 14:02:45.829 4321 4546 D hwaps : APS: play type is 4
03-10 14:02:45.837 4321 4546 I GAME : Year is out of valid range: 1400..10000
03-10 14:02:45.837 4321 4546 I GAME : Month number is out of range 1..12
03-10 14:02:45.837 4321 4546 I GAME : Day of month value is out of range 1..31
03-10 14:02:45.872 4321 4546 I GAME : Year is out of valid range: 1400..10000
03-10 14:02:45.872 4321 4546 I GAME : Month number is out of range 1..12
03-10 14:02:45.872 4321 4546 I GAME : Day of month value is out of range 1..31
03-10 14:02:45.903 4321 4546 I GAME : Year is out of valid range: 1400..10000
03-10 14:02:45.903 4321 4546 I GAME : Month number is out of range 1..12
03-10 14:02:45.903 4321 4546 I GAME : Day of month value is out of range 1..31
03-10 14:02:45.930 4321 4546 D hwaps : APS: play type is 1
03-10 14:02:45.938 4321 4546 I GAME : Year is out of valid range: 1400..10000
03-10 14:02:45.939 4321 4546 I GAME : Month number is out of range 1..12
03-10 14:02:45.939 4321 4546 I GAME : Day of month value is out of range 1..31
03-10 14:02:45.970 4321 4546 I GAME : Year is out of valid range: 1400..10000
03-10 14:02:45.970 4321 4546 I GAME : Month number is out of range 1..12
03-10 14:02:45.970 4321 4546 I GAME : Day of month value is out of range 1..31
03-10 14:02:46.007 4321 4546 I GAME : Year is out of valid range: 1400..10000
03-10 14:02:46.007 4321 4546 I GAME : Month number is out of range 1..12
03-10 14:02:46.007 4321 4546 I GAME : Day of month value is out of range 1..31
03-10 14:02:46.030 4321 4546 D hwaps : APS: play type is 4
03-10 14:02:46.039 4321 4546 I GAME : Year is out of valid range: 1400..10000
03-10 14:02:46.039 4321 4546 I GAME : Month number is out of range 1..12
03-10 14:02:46.039 4321 4546 I GAME : Day of month value is out of range 1..31
03-10 14:02:46.073 4321 4546 I GAME : Year is out of valid range: 1400..10000
03-10 14:02:46.073 4321 4546 I GAME : Month number is out of range 1..12
03-10 14:02:46.073 4321 4546 I GAME : Day of month value is out of range 1..31
03-10 14:02:46.104 4321 4546 I GAME : Year is out of valid range: 1400..10000
03-10 14:02:46.104 4321 4546 I GAME : Month number is out of range 1..12
03-10 14:02:46.104 4321 4546 I GAME : Day of month value is out of range 1..31
03-10 14:02:46.140 4321 4546 I GAME : Year is out of valid range: 1400..10000
03-10 14:02:46.140 4321 4546 I GAME : Month number is out of range 1..12
03-10 14:02:46.140 4321 4546 I GAME : Day of month value is out of range 1..31
03-10 14:02:46.238 4321 4546 I GAME : SubstanceLoader: Loaded
lightning_bolt.sbsbin#0 (format - 12)
03-10 14:02:46.240 4321 4546 I GAME : Particle manager loaded:
'lightning_bolts_camera.ps'
03-10 14:02:46.308 4321 4546 I GAME : SubstanceLoader: Loaded
lightning_bolt_r.sbsbin#0 (format - 12)
03-10 14:02:46.310 4321 4546 I GAME : Particle manager loaded:
'lightning_bolts_camera2.ps'
03-10 14:02:46.310 4321 4546 I GAME : Can't unload sprite ui_main_03 (10)
03-10 14:02:46.310 4321 4546 I GAME : Can't unload sprite ui_main_04 (8)
03-10 14:02:46.310 4321 4546 I GAME : Can't unload sprite ui_splash (2)
03-10 14:02:46.310 4321 4546 I GAME : Can't unload sprite ui_game_logo (2)
03-10 14:02:46.310 4321 4546 I GAME : Can't unload sprite ui_emblems (9)
03-10 14:02:46.310 4321 4546 I GAME : Can't unload sprite ui_achievements (22)
03-10 14:02:46.315 4321 4546 D hwaps : APS: play type is 1
03-10 14:02:46.324 4321 4546 I GAME : Year is out of valid range: 1400..10000
03-10 14:02:46.324 4321 4546 I GAME : Month number is out of range 1..12
03-10 14:02:46.324 4321 4546 I GAME : Day of month value is out of range 1..31
03-10 14:02:46.430 4321 4546 I GAME : Year is out of valid range: 1400..10000
03-10 14:02:46.430 4321 4546 I GAME : Month number is out of range 1..12
03-10 14:02:46.430 4321 4546 I GAME : Day of month value is out of range 1..31
03-10 14:02:46.435 4321 4546 I GAME : Model: 'fx_ring_drift.pig' loaded
03-10 14:02:46.435 4321 4546 I GAME : Model: 'fx_ring_escape.pig' loaded
03-10 14:02:46.438 4321 4546 I GAME : Model: 'fx_car_flare.pig' loaded
03-10 14:02:46.439 4321 4546 I GAME : Model: 'fx_car_flare_front.pig' loaded
03-10 14:02:46.440 4321 4546 I GAME : Model: 'aux_plane1m.pig' loaded
03-10 14:02:46.449 4321 4546 I GAME : Model: 'fx_nitro_flame3.pig' loaded
03-10 14:02:46.450 4321 4546 I GAME : Model:
'fx_nitro_trail_short_thick_1.pig' loaded
03-10 14:02:46.451 4321 4546 I GAME : Model: 'fx_nitro_trail_1.pig' loaded
03-10 14:02:46.451 4321 4546 I GAME : Model: 'fx_nitro_trail_short_1.pig'
loaded
03-10 14:02:46.452 4321 4546 I GAME : Model: 'fx_nitro_envelope.pig' loaded
03-10 14:02:46.456 4321 4546 I GAME : Model: 'emp_mine.pig' loaded
03-10 14:02:46.457 4321 4546 I GAME : Model: 'police_spec_lights.pig' loaded
03-10 14:02:46.457 4321 4546 I GAME : Model: 'fx_car_emp.pig' loaded
03-10 14:02:46.458 4321 4546 I GAME : Model: 'fx_car_nitro_gear.pig' loaded
03-10 14:02:46.459 4321 4546 I GAME : Model: 'fx_nitro_trail_thick_1.pig'
loaded
03-10 14:02:46.460 4321 4546 I GAME : Decompressing
'sprite_lensflare_monaco.tga' file from '@data01.zip' fs: 12K -> 32K.
03-10 14:02:46.462 4321 4546 I GAME : Model: 'aus_skybox.pig' loaded
03-10 14:02:46.463 4321 4546 I GAME : Model: 'fin_road_bridges.pig' loaded
03-10 14:02:46.463 4321 4546 I GAME : Decompressing 'fin_road.pig' file from
'@data01.zip' fs: 161K -> 301K.
03-10 14:02:46.474 4321 4546 I GAME : Model: 'fin_road.pig' loaded
03-10 14:02:46.474 4321 4546 I GAME : Model: 'fx_aurora.pig' loaded
03-10 14:02:46.475 4321 4546 I GAME : Model: 'solar_panel.pig' loaded
03-10 14:02:46.477 4321 4546 I GAME : Model: 'fin_antenna.pig' loaded
03-10 14:02:46.480 4321 4546 I GAME : Model: 'fin_fw_icicle_a.pig' loaded
03-10 14:02:46.480 4321 4546 I GAME : Model: 'fin_fw_icicle_b.pig' loaded
03-10 14:02:46.480 4321 4546 I GAME : Model: 'fin_fw_icicle_c.pig' loaded
03-10 14:02:46.482 4321 4546 I GAME : Decompressing 'fin_fw_ice.pig' file from
'@data01.zip' fs: 43K -> 57K.
03-10 14:02:46.484 4321 4546 I GAME : Model: 'fin_fw_ice.pig' loaded
03-10 14:02:46.484 4321 4546 I GAME : Decompressing 'fin_fw_rock.pig' file
from '@data01.zip' fs: 24K -> 32K.
03-10 14:02:46.485 4321 4546 I GAME : Model: 'fin_fw_rock.pig' loaded
03-10 14:02:46.486 4321 4546 I GAME : Decompressing 'fin_fw_snow.pig' file
from '@data01.zip' fs: 70K -> 98K.
03-10 14:02:46.489 4321 4546 I GAME : Model: 'fin_fw_snow.pig' loaded
03-10 14:02:46.490 4321 4546 I GAME : Model: 'fin_fw_rock_shine.pig' loaded
03-10 14:02:46.490 4321 4546 I GAME : Model: 'aus_bridge_bottom.pig' loaded
03-10 14:02:46.491 4321 4546 I GAME : Model: 'bridge_under.pig' loaded
03-10 14:02:46.491 4321 4546 I GAME : Model: 'aus_bridge_mid.pig' loaded
03-10 14:02:46.492 4321 4546 I GAME : Model: 'aus_bridge_start.pig' loaded
03-10 14:02:46.493 4321 4546 I GAME : Model: 'stone_bridge_arc_a.pig' loaded
03-10 14:02:46.494 4321 4546 I GAME : Model: 'roadblock_a.pig' loaded
03-10 14:02:46.494 4321 4546 I GAME : Model: 'roadblock_b.pig' loaded
03-10 14:02:46.496 4321 4546 I GAME : Model: 'roadsplitter_a.pig' loaded
03-10 14:02:46.497 4321 4546 I GAME : Model: 'swz_house.pig' loaded
03-10 14:02:46.498 4321 4546 I GAME : Model: 'swz_house_snow_heap.pig' loaded
03-10 14:02:46.499 4321 4546 I GAME : Model: 'balloon.pig' loaded
03-10 14:02:46.500 4321 4546 I GAME : Model: 'aus_scaffold_000.pig' loaded
03-10 14:02:46.502 4321 4546 I GAME : Model: 'border_net_000.pig' loaded
03-10 14:02:46.506 4321 4546 I GAME : Model: 'ski_res_lattice.pig' loaded
03-10 14:02:46.506 4321 4546 I GAME : Model: 'ski_res_banner.pig' loaded
03-10 14:02:46.507 4321 4546 I GAME : Model: 'ski_res_stick.pig' loaded
03-10 14:02:46.507 4321 4546 I GAME : Model: 'ski_res_stick_blue.pig' loaded
03-10 14:02:46.507 4321 4546 I GAME : Model: 'ski_res_stick_red.pig' loaded
03-10 14:02:46.509 4321 4546 I GAME : Model: 'bluff.pig' loaded
03-10 14:02:46.510 4321 4546 I GAME : Model: 'yeti.pig' loaded
03-10 14:02:46.511 4321 4546 I GAME : Model: 'shadow_plane_1.pig' loaded
03-10 14:02:46.518 4321 4546 I GAME : Model: 'roadside_border_b.pig' loaded
03-10 14:02:46.518 4321 4546 I GAME : Decompressing
'tree_firtree_a_000_lods.pig' file from '@data01.zip' fs: 19K -> 51K.
03-10 14:02:46.520 4321 4546 I GAME : Model: 'tree_firtree_a_000_lods.pig'
loaded
03-10 14:02:46.521 4321 4546 I GAME : Model: 'roadside_wood_border_a.pig'
loaded
03-10 14:02:46.522 4321 4546 I GAME : Model: 'grass_a.pig' loaded
03-10 14:02:46.522 4321 4546 I GAME : Model: 'hud_map.pig' loaded
03-10 14:02:46.523 4321 4546 I GAME : Model:
'fin_road_fx_arrows_drift_normal.pig' loaded
03-10 14:02:46.524 4321 4546 I GAME : Model:
'fin_road_fx_arrows_drift_reverse.pig' loaded
03-10 14:02:46.524 4321 4546 I GAME : Model:
'fin_road_fx_arrows_drift_reverse_00.pig' loaded
03-10 14:02:46.542 4321 4546 I GAME : Year is out of valid range: 1400..10000
03-10 14:02:46.542 4321 4546 I GAME : Month number is out of range 1..12
03-10 14:02:46.542 4321 4546 I GAME : Day of month value is out of range 1..31
03-10 14:02:46.548 4321 4546 I GAME : Model: 'fin_road_fx_arrows_normal.pig'
loaded
03-10 14:02:46.548 4321 4546 I GAME : Model:
'fin_road_fx_arrows_normal_00.pig' loaded
03-10 14:02:46.549 4321 4546 I GAME : Model: 'fx_ring_finish.pig' loaded
03-10 14:02:46.550 4321 4546 I GAME : Model:
'prop_roll_ramp_metal_inverse.pig' loaded
03-10 14:02:46.550 4321 4546 I GAME : Model: 'prop_ramp_metal.pig' loaded
03-10 14:02:46.552 4321 4546 I GAME : Model: 'prop_roll_ramp_metal.pig' loaded
03-10 14:02:46.556 4321 4546 I GAME : Model: 'fin_road_fx_arrows_reverse.pig'
loaded
03-10 14:02:46.557 4321 4546 I GAME : Model:
'fin_road_fx_arrows_reverse_00.pig' loaded
03-10 14:02:46.559 4321 4546 I GAME : Decompressing 'fx_lut_perfectnitro2.tga'
file from '@data01.zip' fs: 22K -> 32K.
03-10 14:02:46.566 4321 4546 I GAME : Year is out of valid range: 1400..10000
03-10 14:02:46.566 4321 4546 I GAME : Month number is out of range 1..12
03-10 14:02:46.566 4321 4546 I GAME : Day of month value is out of range 1..31
03-10 14:02:46.592 4321 4546 I GAME : Year is out of valid range: 1400..10000
03-10 14:02:46.592 4321 4546 I GAME : Month number is out of range 1..12
03-10 14:02:46.592 4321 4546 I GAME : Day of month value is out of range 1..31
03-10 14:02:46.618 4321 4546 I GAME : Year is out of valid range: 1400..10000
03-10 14:02:46.618 4321 4546 I GAME : Month number is out of range 1..12
03-10 14:02:46.618 4321 4546 I GAME : Day of month value is out of range 1..31
03-10 14:02:46.668 4321 4546 I GAME : SubstanceLoader: Loaded
fx_ring_drift.sbsbin#0 (format - 0)
03-10 14:02:46.689 4321 4546 I GAME : SubstanceLoader: Loaded
fx_special_godrayintense.sbsbin#0 (format - 0)
03-10 14:02:46.747 4321 4546 I GAME : SubstanceLoader: Loaded
aux_clouds3.sbsbin#0 (format - 0)
03-10 14:02:46.749 4321 4546 D hwaps : APS: play type is 4
03-10 14:02:46.758 4321 4546 I GAME : Year is out of valid range: 1400..10000
03-10 14:02:46.759 4321 4546 I GAME : Month number is out of range 1..12
03-10 14:02:46.759 4321 4546 I GAME : Day of month value is out of range 1..31
03-10 14:02:46.776 4321 4546 I GAME : SubstanceLoader: Loaded
fx_special_godrayintense3.sbsbin#0 (format - 0)
03-10 14:02:46.784 4321 4546 I GAME : SubstanceLoader: Loaded
fx_special_clouds3.sbsbin#0 (format - 0)
03-10 14:02:46.804 4321 4546 I GAME : SubstanceLoader: Loaded
fx_waves.sbsbin#0 (format - 0)
03-10 14:02:46.896 4321 4546 I GAME : SubstanceLoader: Loaded
emp_mine.sbsbin#0 (format - 0)
03-10 14:02:46.910 4321 4546 I GAME : Year is out of valid range: 1400..10000
03-10 14:02:46.910 4321 4546 I GAME : Month number is out of range 1..12
03-10 14:02:46.910 4321 4546 I GAME : Day of month value is out of range 1..31
03-10 14:02:46.914 4321 4546 I GAME : police_spec_lights.anim: Scale animation
detected
03-10 14:02:46.997 4321 4546 I GAME : SubstanceLoader: Loaded
policespeclights.sbsbin#0 (format - 0)
03-10 14:02:47.002 4321 4546 I GAME : SubstanceLoader: Loaded
policespeclights.sbsbin#1 (format - 0)
03-10 14:02:47.009 4321 4546 I GAME : Particle manager loaded: 'emp_mine1.ps'
03-10 14:02:47.010 4321 4546 I GAME : Particle manager loaded: 'emp_mine2.ps'
03-10 14:02:47.011 4321 4546 I GAME : Particle manager loaded:
'lightning_bolts1.ps'
03-10 14:02:47.012 4321 4546 I GAME : Particle manager loaded:
'lightning_bolts2.ps'
03-10 14:02:47.034 4321 4546 I GAME : SubstanceLoader: Loaded
fx_car_emp.sbsbin#0 (format - 0)
03-10 14:02:47.068 4321 4546 I GAME : SubstanceLoader: Loaded
fx_special_clouds.sbsbin#0 (format - 0)
03-10 14:02:47.079 4321 4546 I GAME : Year is out of valid range: 1400..10000
03-10 14:02:47.079 4321 4546 I GAME : Month number is out of range 1..12
03-10 14:02:47.079 4321 4546 I GAME : Day of month value is out of range 1..31
03-10 14:02:47.093 4321 4546 I GAME : SubstanceLoader: Loaded
fx_special_godrayintense90.sbsbin#0 (format - 0)
03-10 14:02:47.182 4321 4546 I GAME : SubstanceLoader: Loaded
skybox_fin.sbsbin#0 (format - 0)
03-10 14:02:47.190 4321 4546 I GAME : SubstanceLoader: Loaded
skybox_fin.sbsbin#1 (format - 0)
03-10 14:02:47.198 4321 4546 I GAME : SubstanceLoader: Loaded
skybox_fin.sbsbin#2 (format - 0)
03-10 14:02:47.200 4321 4546 I GAME : SubstanceLoader: Loaded
skybox_fin.sbsbin#3 (format - 0)
03-10 14:02:47.211 4321 4546 I GAME : [OnlineTask] 'fed:GetServerTime', state:
`started`, resultCode: -21
03-10 14:02:47.212 4321 4546 I GAME : [OnlineTask] 'fed:GetServerTime' error[-
21]: ''
03-10 14:02:47.212 4321 4546 I GAME : [OnlineTask] 'fed:GetServerTime', state:
`failed`, resultCode: -21
03-10 14:02:47.215 4321 4546 I GAME : Year is out of valid range: 1400..10000
03-10 14:02:47.215 4321 4546 I GAME : Month number is out of range 1..12
03-10 14:02:47.215 4321 4546 I GAME : Day of month value is out of range 1..31
03-10 14:02:47.218 4321 4546 I GAME : Decompressing 'fin_road_collision.coll'
file from '@data01.zip' fs: 106K -> 170K.
03-10 14:02:47.525 4321 4546 I GAME : [OnlineTask] 'fed:GetServerTime', state:
`started`, resultCode: 0
03-10 14:02:47.525 4321 4546 I GAME : [OnlineTask] 'fed:GetServerTime' error[-
21]: ''
03-10 14:02:47.528 4321 4546 I GAME : Year is out of valid range: 1400..10000
03-10 14:02:47.528 4321 4546 I GAME : Month number is out of range 1..12
03-10 14:02:47.528 4321 4546 I GAME : Day of month value is out of range 1..31
03-10 14:02:47.913 4321 4546 I GAME : SubstanceLoader: Loaded
asphalt_snow.sbsbin#0 (format - 0)
03-10 14:02:47.965 4321 4546 I GAME : Year is out of valid range: 1400..10000
03-10 14:02:47.965 4321 4546 I GAME : Month number is out of range 1..12
03-10 14:02:47.965 4321 4546 I GAME : Day of month value is out of range 1..31
03-10 14:02:48.123 4321 4546 I GAME : SubstanceLoader: Loaded
snow_dirt.sbsbin#0 (format - 0)
03-10 14:02:48.523 4321 4546 I GAME : SubstanceLoader: Loaded
shortcut_road_snow.sbsbin#0 (format - 0)
03-10 14:02:48.577 4321 4546 I GAME : Year is out of valid range: 1400..10000
03-10 14:02:48.577 4321 4546 I GAME : Month number is out of range 1..12
03-10 14:02:48.577 4321 4546 I GAME : Day of month value is out of range 1..31
03-10 14:02:48.600 4321 4546 I GAME : <Program Log>
03-10 14:02:48.600 4321 4546 I GAME : shader:
fx_glowsmoke_nfade_skybox_alpha.xml
03-10 14:02:48.600 4321 4546 I GAME : --From Vertex Shader:
03-10 14:02:48.600 4321 4546 I GAME : --From Fragment Shader:
03-10 14:02:48.600 4321 4546 I GAME : Link was successful.
03-10 14:02:48.655 4321 4546 I GAME : SubstanceLoader: Loaded
fx_aurora.sbsbin#0 (format - 0)
03-10 14:02:48.659 4321 4546 I GAME : SubstanceLoader: Loaded
fx_aurora.sbsbin#1 (format - 0)
03-10 14:02:48.662 4321 4546 I GAME : SubstanceLoader: Loaded
fx_aurora.sbsbin#2 (format - 0)
03-10 14:02:48.665 4321 4546 I GAME : SubstanceLoader: Loaded
fx_aurora.sbsbin#3 (format - 0)
03-10 14:02:48.670 4321 4546 I GAME : (staticvc_light.xml): Detected alpha
sampler for texture 'diffuseMap'
03-10 14:02:48.687 4321 4546 I GAME : <Program Log>
03-10 14:02:48.687 4321 4546 I GAME : shader: staticvc_light.xml
03-10 14:02:48.687 4321 4546 I GAME : --From Vertex Shader:
03-10 14:02:48.687 4321 4546 I GAME : --From Fragment Shader:
03-10 14:02:48.687 4321 4546 I GAME : Link was successful.
03-10 14:02:48.697 4321 4546 I GAME : SubstanceLoader: Loaded
white_noise.sbsbin#0 (format - 0)
03-10 14:02:48.729 4321 4546 I GAME : SubstanceLoader: Loaded
solar_panel.sbsbin#0 (format - 0)
03-10 14:02:48.754 4321 4546 I GAME : Year is out of valid range: 1400..10000
03-10 14:02:48.754 4321 4546 I GAME : Month number is out of range 1..12
03-10 14:02:48.754 4321 4546 I GAME : Day of month value is out of range 1..31
03-10 14:02:48.758 4321 4546 I GAME : (staticvc_light_specular.xml): Detected
alpha sampler for texture 'diffuseMap'
03-10 14:02:48.787 4321 4546 I GAME : <Program Log>
03-10 14:02:48.787 4321 4546 I GAME : shader: staticvc_light_specular.xml
03-10 14:02:48.787 4321 4546 I GAME : --From Vertex Shader:
03-10 14:02:48.787 4321 4546 I GAME : --From Fragment Shader:
03-10 14:02:48.787 4321 4546 I GAME : Link was successful.
03-10 14:02:48.813 4321 4546 I GAME : SubstanceLoader: Loaded
antenna_mat.sbsbin#0 (format - 0)
03-10 14:02:48.817 4321 4546 I GAME : SubstanceLoader: Loaded
antenna_mat.sbsbin#1 (format - 0)
03-10 14:02:48.818 4321 4546 I GAME : SubstanceLoader: Loaded
antenna_mat.sbsbin#2 (format - 0)
03-10 14:02:48.824 4321 4546 I GAME : (dyn_ndis_textured.xml): Detected alpha
sampler for texture 'diffuseMap'
03-10 14:02:48.862 4321 4546 I GAME : <Program Log>
03-10 14:02:48.862 4321 4546 I GAME : shader: dyn_ndis_textured.xml
03-10 14:02:48.862 4321 4546 I GAME : --From Vertex Shader:
03-10 14:02:48.862 4321 4546 I GAME : --From Fragment Shader:
03-10 14:02:48.862 4321 4546 I GAME : Link was successful.
03-10 14:02:48.937 4321 4546 I GAME : SubstanceLoader: Loaded
fx_ndis_ice.sbsbin#0 (format - 0)
03-10 14:02:48.947 4321 4546 I GAME : SubstanceLoader: Loaded
fx_ndis_ice.sbsbin#1 (format - 0)
03-10 14:02:48.958 4321 4546 I GAME : SubstanceLoader: Loaded
fx_ndis_ice.sbsbin#2 (format - 0)
03-10 14:02:48.981 4321 4546 I GAME : Year is out of valid range: 1400..10000
03-10 14:02:48.981 4321 4546 I GAME : Month number is out of range 1..12
03-10 14:02:48.981 4321 4546 I GAME : Day of month value is out of range 1..31
03-10 14:02:49.114 4321 4546 I GAME : SubstanceLoader: Loaded
ter_rock_fin.sbsbin#0 (format - 0)
03-10 14:02:49.136 4321 4546 I GAME : Year is out of valid range: 1400..10000
03-10 14:02:49.136 4321 4546 I GAME : Month number is out of range 1..12
03-10 14:02:49.136 4321 4546 I GAME : Day of month value is out of range 1..31
03-10 14:02:49.245 4321 4546 I GAME : SubstanceLoader: Loaded
fin_snow_bank.sbsbin#0 (format - 0)
03-10 14:02:49.258 4321 4546 I GAME : Year is out of valid range: 1400..10000
03-10 14:02:49.258 4321 4546 I GAME : Month number is out of range 1..12
03-10 14:02:49.258 4321 4546 I GAME : Day of month value is out of range 1..31
03-10 14:02:49.261 4321 4546 I GAME : (fx_diffusemoving_vc_alpha.xml):
Detected alpha sampler for texture 'diffuse1Map'
03-10 14:02:49.279 4321 4546 I GAME : <Program Log>
03-10 14:02:49.279 4321 4546 I GAME : shader: fx_diffusemoving_vc_alpha.xml
03-10 14:02:49.279 4321 4546 I GAME : --From Vertex Shader:
03-10 14:02:49.279 4321 4546 I GAME : --From Fragment Shader:
03-10 14:02:49.279 4321 4546 I GAME : Link was successful.
03-10 14:02:49.371 4321 4546 I GAME : SubstanceLoader: Loaded
tok_tile_caustics.sbsbin#0 (format - 0)
03-10 14:02:49.392 4321 4546 I GAME : Year is out of valid range: 1400..10000
03-10 14:02:49.392 4321 4546 I GAME : Month number is out of range 1..12
03-10 14:02:49.392 4321 4546 I GAME : Day of month value is out of range 1..31
03-10 14:02:49.486 4321 4546 I GAME : SubstanceLoader: Loaded
concrete_dirt_00.sbsbin#0 (format - 0)
03-10 14:02:49.594 4321 4546 I GAME : SubstanceLoader: Loaded
metal_df_sp_00.sbsbin#0 (format - 0)
03-10 14:02:49.605 4321 4546 I GAME : [OnlineTask] 'fed:GetServerTime', state:
`started`, resultCode: -21
03-10 14:02:49.605 4321 4546 I GAME : [OnlineTask] 'fed:GetServerTime' error[-
21]: ''
03-10 14:02:49.608 4321 4546 I GAME : Year is out of valid range: 1400..10000
03-10 14:02:49.608 4321 4546 I GAME : Month number is out of range 1..12
03-10 14:02:49.608 4321 4546 I GAME : Day of month value is out of range 1..31
03-10 14:02:49.669 4321 4546 I GAME : SubstanceLoader: Loaded
concrete_grey_00.sbsbin#0 (format - 0)
03-10 14:02:49.741 4321 4546 I GAME : SubstanceLoader: Loaded
road_block_001.sbsbin#0 (format - 0)
03-10 14:02:49.755 4321 4546 I GAME : Year is out of valid range: 1400..10000
03-10 14:02:49.755 4321 4546 I GAME : Month number is out of range 1..12
03-10 14:02:49.755 4321 4546 I GAME : Day of month value is out of range 1..31
03-10 14:02:49.848 4321 4546 I GAME : SubstanceLoader: Loaded
swz_house.sbsbin#0 (format - 0)
03-10 14:02:49.869 4321 4546 I GAME : Year is out of valid range: 1400..10000
03-10 14:02:49.869 4321 4546 I GAME : Month number is out of range 1..12
03-10 14:02:49.869 4321 4546 I GAME : Day of month value is out of range 1..31
03-10 14:02:49.893 4321 4546 I GAME : SubstanceLoader: Loaded
balloons_00.sbsbin#0 (format - 0)
03-10 14:02:49.916 4321 4546 I GAME : SubstanceLoader: Loaded
balloons_01.sbsbin#0 (format - 0)
03-10 14:02:49.935 4321 4546 I GAME : SubstanceLoader: Loaded
balloons_02.sbsbin#0 (format - 0)
03-10 14:02:49.954 4321 4546 I GAME : SubstanceLoader: Loaded
balloons_03.sbsbin#0 (format - 0)
03-10 14:02:50.002 4321 4546 I GAME : SubstanceLoader: Loaded
base_metal.sbsbin#0 (format - 0)
03-10 14:02:50.041 4321 4546 I GAME : SubstanceLoader: Loaded
wood_planks_tiled.sbsbin#0 (format - 0)
03-10 14:02:50.046 4321 4546 D hwaps : APS: play type is 1
03-10 14:02:50.056 4321 4546 I GAME : Year is out of valid range: 1400..10000
03-10 14:02:50.056 4321 4546 I GAME : Month number is out of range 1..12
03-10 14:02:50.056 4321 4546 I GAME : Day of month value is out of range 1..31
03-10 14:02:50.061 4321 4546 I GAME : SubstanceLoader: Loaded
border_net.sbsbin#0 (format - 0)
03-10 14:02:50.084 4321 4546 I GAME : SubstanceLoader: Loaded
ski_res_lattice.sbsbin#0 (format - 0)
03-10 14:02:50.090 4321 4546 I GAME : Decompressing
'fx_particles_atlas_hires_001.tga' file from '@data01.zip' fs: 12K -> 32K.
03-10 14:02:50.091 4321 4546 I GAME : Decompressing
'fx_particles_atlas_hires_001.tga__alpha' file from '@data01.zip' fs: 9K -> 32K.
03-10 14:02:50.094 4321 4546 I GAME : Particle manager loaded: 'snowstorm.ps'
03-10 14:02:50.096 4321 4546 I GAME : Decompressing 'yeti_complete_anm.anim'
file from '@data01.zip' fs: 32K -> 81K.
03-10 14:02:50.106 4321 4546 I GAME : SubstanceLoader: Loaded fur.sbsbin#0
(format - 0)
03-10 14:02:50.135 4321 4546 I GAME : SubstanceLoader: Loaded
shadow_01.sbsbin#0 (format - 0)
03-10 14:02:50.140 4321 4546 I GAME : Particle manager loaded:
'drift_ground_generic_fast.ps'
03-10 14:02:50.220 4321 4546 I GAME : SubstanceLoader: Loaded
roadside_borders.sbsbin#0 (format - 0)
03-10 14:02:50.222 4321 4546 I GAME : SubstanceLoader: Loaded
roadside_borders.sbsbin#1 (format - 0)
03-10 14:02:50.224 4321 4546 I GAME : SubstanceLoader: Loaded
roadside_borders.sbsbin#2 (format - 0)
03-10 14:02:50.226 4321 4546 I GAME : SubstanceLoader: Loaded
roadside_borders.sbsbin#3 (format - 0)
03-10 14:02:50.240 4321 4546 I GAME : Year is out of valid range: 1400..10000
03-10 14:02:50.240 4321 4546 I GAME : Month number is out of range 1..12
03-10 14:02:50.240 4321 4546 I GAME : Day of month value is out of range 1..31
03-10 14:02:50.274 4321 4546 I GAME : SubstanceLoader: Loaded
tree_bark_firtree.sbsbin#0 (format - 0)
03-10 14:02:50.277 4321 4546 I GAME : Decompressing 'tree_firtree_snow.sbsbin'
file from '@data01.zip' fs: 67K -> 219K.
03-10 14:02:50.656 4321 4546 I GAME : SubstanceLoader: Loaded
tree_firtree_snow.sbsbin#0 (format - 0)
03-10 14:02:50.672 4321 4546 I GAME : Year is out of valid range: 1400..10000
03-10 14:02:50.672 4321 4546 I GAME : Month number is out of range 1..12
03-10 14:02:50.672 4321 4546 I GAME : Day of month value is out of range 1..31
03-10 14:02:50.783 4321 4546 I GAME : SubstanceLoader: Loaded wood_00.sbsbin#0
(format - 0)
03-10 14:02:50.796 4321 4546 I GAME : Year is out of valid range: 1400..10000
03-10 14:02:50.796 4321 4546 I GAME : Month number is out of range 1..12
03-10 14:02:50.796 4321 4546 I GAME : Day of month value is out of range 1..31
03-10 14:02:50.835 4321 4546 I GAME : SubstanceLoader: Loaded grass_a.sbsbin#0
(format - 0)
03-10 14:02:50.900 4321 4546 I GAME : SubstanceLoader: Loaded
hud_minimap_finland.sbsbin#0 (format - 0)
03-10 14:02:50.917 4321 4546 I GAME : Year is out of valid range: 1400..10000
03-10 14:02:50.917 4321 4546 I GAME : Month number is out of range 1..12
03-10 14:02:50.917 4321 4546 I GAME : Day of month value is out of range 1..31
03-10 14:02:50.973 4321 4546 I GAME : SubstanceLoader: Loaded
fx_arrow_00.sbsbin#0 (format - 0)
03-10 14:02:50.980 4321 4546 I GAME : Model: 'gen_prop_nitro.pig' loaded
03-10 14:02:50.981 4321 4546 I GAME : Particle manager loaded:
'pickupnitrodouble_001.ps'
03-10 14:02:50.981 4321 4546 I GAME : Loading sound 'sfx_pickup_nitro.mpc'
03-10 14:02:50.982 4321 4546 I GAME : Loading sound 'sfx_ui_drift_success.mpc'
03-10 14:02:50.983 4321 4546 I GAME : Particle manager loaded:
'pickupnitro_001.ps'
03-10 14:02:50.991 4321 4546 I GAME : SubstanceLoader: Loaded
fx_ring_finish.sbsbin#0 (format - 0)
03-10 14:02:50.992 4321 4546 I GAME : SubstanceLoader: Loaded
fx_ring_finish.sbsbin#1 (format - 0)
03-10 14:02:50.992 4321 4546 I GAME : SubstanceLoader: Loaded
fx_ring_finish.sbsbin#2 (format - 0)
03-10 14:02:50.994 4321 4546 I GAME : (basic_lightmap.xml): Detected alpha
sampler for texture 'texture0'
03-10 14:02:51.012 4321 4546 I GAME : <Program Log>
03-10 14:02:51.012 4321 4546 I GAME : shader: basic_lightmap.xml
03-10 14:02:51.012 4321 4546 I GAME : --From Vertex Shader:
03-10 14:02:51.012 4321 4546 I GAME : --From Fragment Shader:
03-10 14:02:51.012 4321 4546 I GAME : Link was successful.
03-10 14:02:51.199 4321 4546 I GAME : SubstanceLoader: Loaded
ramps_df.sbsbin#0 (format - 0)
03-10 14:02:51.223 4321 4546 I GAME : Year is out of valid range: 1400..10000
03-10 14:02:51.223 4321 4546 I GAME : Month number is out of range 1..12
03-10 14:02:51.223 4321 4546 I GAME : Day of month value is out of range 1..31
03-10 14:02:51.328 4321 4546 D hwaps : APS: play type is 4
03-10 14:02:51.338 4321 4546 I GAME : Year is out of valid range: 1400..10000
03-10 14:02:51.338 4321 4546 I GAME : Month number is out of range 1..12
03-10 14:02:51.338 4321 4546 I GAME : Day of month value is out of range 1..31
03-10 14:02:51.401 4321 4546 I GAME : Year is out of valid range: 1400..10000
03-10 14:02:51.401 4321 4546 I GAME : Month number is out of range 1..12
03-10 14:02:51.401 4321 4546 I GAME : Day of month value is out of range 1..31
03-10 14:02:51.404 4321 4546 I GAME : Starting post init
03-10 14:02:51.404 4321 4546 I GAME : [TerrGen] generation started
03-10 14:02:51.446 4321 4546 I GAME : <Program Log>
03-10 14:02:51.446 4321 4546 I GAME : shader: terrain_fin.xml
03-10 14:02:51.446 4321 4546 I GAME : --From Vertex Shader:
03-10 14:02:51.446 4321 4546 I GAME : --From Fragment Shader:
03-10 14:02:51.446 4321 4546 I GAME : Link was successful.
03-10 14:02:51.514 4321 4546 I GAME : SubstanceLoader: Loaded
ter_stones_nm.sbsbin#0 (format - 0)
03-10 14:02:51.520 4321 4546 I GAME : Decompressing 'ice_terrain_hm.jpg' file
from '@data01.zip' fs: 41K -> 58K.
03-10 14:02:51.568 4321 4546 I GAME : [TerrGen] CreateFromHeightmap processing
tasks
03-10 14:02:51.580 4321 4546 I GAME : [TerrGen] Starting generation -
subterrain 0 of 36, lod: 0
03-10 14:02:51.583 4321 4546 I GAME : [TerrGen] attachtoRoad - begin
03-10 14:02:51.590 4321 4546 I GAME : [TerrGen] attachtoRoad - end
03-10 14:02:51.604 4321 4546 I GAME : [TerrGen] submesh - CreateFromHeightmap
end
03-10 14:02:51.604 4321 4546 I GAME : [TerrGen] Starting generation -
subterrain 1 of 36, lod: 2
03-10 14:02:51.604 4321 4678 I GAME : [TerrGen] Starting generation -
subterrain 0 of 36, lod: 2
03-10 14:02:51.604 4321 4546 I GAME : [TerrGen] attachtoRoad - begin
03-10 14:02:51.604 4321 4603 I GAME : [TerrGen] Starting generation -
subterrain 0 of 36, lod: 1
03-10 14:02:51.604 4321 4678 I GAME : [TerrGen] attachtoRoad - begin
03-10 14:02:51.604 4321 4679 I GAME : [TerrGen] Starting generation -
subterrain 1 of 36, lod: 0
03-10 14:02:51.604 4321 4603 I GAME : [TerrGen] attachtoRoad - begin
03-10 14:02:51.606 4321 4679 I GAME : [TerrGen] attachtoRoad - begin
03-10 14:02:51.610 4321 4678 I GAME : [TerrGen] attachtoRoad - end
03-10 14:02:51.610 4321 4546 I GAME : [TerrGen] attachtoRoad - end
03-10 14:02:51.610 4321 4546 I GAME : [TerrGen] submesh - CreateFromHeightmap
end
03-10 14:02:51.610 4321 4678 I GAME : [TerrGen] submesh - CreateFromHeightmap
end
03-10 14:02:51.610 4321 4680 I GAME : [TerrGen] Starting generation -
subterrain 1 of 36, lod: 1
03-10 14:02:51.611 4321 4603 I GAME : [TerrGen] attachtoRoad - end
03-10 14:02:51.611 4321 4680 I GAME : [TerrGen] attachtoRoad - begin
03-10 14:02:51.611 4321 4603 I GAME : [TerrGen] submesh - CreateFromHeightmap
end
03-10 14:02:51.613 4321 4679 I GAME : [TerrGen] attachtoRoad - end
03-10 14:02:51.614 4321 4546 I GAME : [TerrGen] Starting generation -
subterrain 2 of 36, lod: 0
03-10 14:02:51.616 4321 4546 I GAME : [TerrGen] attachtoRoad - begin
03-10 14:02:51.617 4321 4680 I GAME : [TerrGen] attachtoRoad - end
03-10 14:02:51.617 4321 4680 I GAME : [TerrGen] submesh - CreateFromHeightmap
end
03-10 14:02:51.625 4321 4546 I GAME : [TerrGen] attachtoRoad - end
03-10 14:02:51.628 4321 4679 I GAME : [TerrGen] submesh - CreateFromHeightmap
end
03-10 14:02:51.640 4321 4546 I GAME : [TerrGen] submesh - CreateFromHeightmap
end
03-10 14:02:51.640 4321 4546 I GAME : [TerrGen] Starting generation -
subterrain 3 of 36, lod: 2
03-10 14:02:51.640 4321 4546 I GAME : [TerrGen] attachtoRoad - begin
03-10 14:02:51.641 4321 4603 I GAME : [TerrGen] Starting generation -
subterrain 2 of 36, lod: 1
03-10 14:02:51.641 4321 4678 I GAME : [TerrGen] Starting generation -
subterrain 2 of 36, lod: 2
03-10 14:02:51.641 4321 4678 I GAME : [TerrGen] attachtoRoad - begin
03-10 14:02:51.641 4321 4603 I GAME : [TerrGen] attachtoRoad - begin
03-10 14:02:51.642 4321 4679 I GAME : [TerrGen] Starting generation -
subterrain 3 of 36, lod: 0
03-10 14:02:51.644 4321 4679 I GAME : [TerrGen] attachtoRoad - begin
03-10 14:02:51.647 4321 4678 I GAME : [TerrGen] attachtoRoad - end
03-10 14:02:51.647 4321 4678 I GAME : [TerrGen] submesh - CreateFromHeightmap
end
03-10 14:02:51.647 4321 4680 I GAME : [TerrGen] Starting generation -
subterrain 3 of 36, lod: 1
03-10 14:02:51.648 4321 4680 I GAME : [TerrGen] attachtoRoad - begin
03-10 14:02:51.648 4321 4603 I GAME : [TerrGen] attachtoRoad - end
03-10 14:02:51.648 4321 4603 I GAME : [TerrGen] submesh - CreateFromHeightmap
end
03-10 14:02:51.649 4321 4546 I GAME : [TerrGen] attachtoRoad - end
03-10 14:02:51.649 4321 4546 I GAME : [TerrGen] submesh - CreateFromHeightmap
end
03-10 14:02:51.651 4321 4546 D hwaps : APS: play type is 1
03-10 14:02:51.653 4321 4546 I GAME : [TerrGen] Starting generation -
subterrain 4 of 36, lod: 0
03-10 14:02:51.656 4321 4546 I GAME : [TerrGen] attachtoRoad - begin
03-10 14:02:51.663 4321 4680 I GAME : [TerrGen] attachtoRoad - end
03-10 14:02:51.663 4321 4680 I GAME : [TerrGen] submesh - CreateFromHeightmap
end
03-10 14:02:51.686 4321 4679 I GAME : [TerrGen] attachtoRoad - end
03-10 14:02:51.704 4321 4679 I GAME : [TerrGen] submesh - CreateFromHeightmap
end
03-10 14:02:51.753 4321 4546 I GAME : [TerrGen] attachtoRoad - end
03-10 14:02:51.771 4321 4546 I GAME : [TerrGen] submesh - CreateFromHeightmap
end
03-10 14:02:51.772 4321 4546 I GAME : [TerrGen] Starting generation -
subterrain 5 of 36, lod: 2
03-10 14:02:51.772 4321 4679 I GAME : [TerrGen] Starting generation -
subterrain 5 of 36, lod: 0
03-10 14:02:51.772 4321 4603 I GAME : [TerrGen] Starting generation -
subterrain 4 of 36, lod: 1
03-10 14:02:51.772 4321 4546 I GAME : [TerrGen] attachtoRoad - begin
03-10 14:02:51.772 4321 4678 I GAME : [TerrGen] Starting generation -
subterrain 4 of 36, lod: 2
03-10 14:02:51.772 4321 4678 I GAME : [TerrGen] attachtoRoad - begin
03-10 14:02:51.772 4321 4603 I GAME : [TerrGen] attachtoRoad - begin
03-10 14:02:51.774 4321 4679 I GAME : [TerrGen] attachtoRoad - begin
03-10 14:02:51.781 4321 4680 I GAME : [TerrGen] Starting generation -
subterrain 5 of 36, lod: 1
03-10 14:02:51.782 4321 4680 I GAME : [TerrGen] attachtoRoad - begin
03-10 14:02:51.784 4321 4546 I GAME : [TerrGen] attachtoRoad - end
03-10 14:02:51.784 4321 4546 I GAME : [TerrGen] submesh - CreateFromHeightmap
end
03-10 14:02:51.787 4321 4678 I GAME : [TerrGen] attachtoRoad - end
03-10 14:02:51.787 4321 4678 I GAME : [TerrGen] submesh - CreateFromHeightmap
end
03-10 14:02:51.791 4321 4546 I GAME : [TerrGen] Starting generation -
subterrain 6 of 36, lod: 0
03-10 14:02:51.794 4321 4546 I GAME : [TerrGen] attachtoRoad - begin
03-10 14:02:51.800 4321 4546 I GAME : [TerrGen] attachtoRoad - end
03-10 14:02:51.802 4321 4603 I GAME : [TerrGen] attachtoRoad - end
