03-10 14:02:12.018 4321 4546 I GAME : Month number is out of range 1..12
03-10 14:02:12.018 4321 4546 I GAME : Day of month value is out of range 1..31
03-10 14:02:12.047 4321 4321 W Thread-30431: type=1400 audit(0.0:44153): avc:
denied { accept } for scontext=u:r:untrusted_app:s0:c512,c768
tcontext=u:r:surfaceflinger:s0 tclass=unix_stream_socket permissive=0
03-10 14:02:12.050 4321 4321 W Thread-30431: type=1400 audit(0.0:44154): avc:
denied { accept } for scontext=u:r:untrusted_app:s0:c512,c768
tcontext=u:r:surfaceflinger:s0 tclass=unix_stream_socket permissive=0
03-10 14:02:12.069 4321 4546 I GAME : Year is out of valid range: 1400..10000
03-10 14:02:12.069 4321 4546 I GAME : Month number is out of range 1..12
03-10 14:02:12.069 4321 4546 I GAME : Day of month value is out of range 1..31
03-10 14:02:12.094 4321 4321 W Thread-30439: type=1400 audit(0.0:44155): avc:
denied { accept } for scontext=u:r:untrusted_app:s0:c512,c768
tcontext=u:r:surfaceflinger:s0 tclass=unix_stream_socket permissive=0
03-10 14:02:12.120 4321 4546 I GAME : Year is out of valid range: 1400..10000
03-10 14:02:12.120 4321 4546 I GAME : Month number is out of range 1..12
03-10 14:02:12.120 4321 4546 I GAME : Day of month value is out of range 1..31
03-10 14:02:12.171 4321 4546 I GAME : Year is out of valid range: 1400..10000
03-10 14:02:12.171 4321 4546 I GAME : Month number is out of range 1..12
03-10 14:02:12.171 4321 4546 I GAME : Day of month value is out of range 1..31
03-10 14:02:12.222 4321 4546 I GAME : Year is out of valid range: 1400..10000
03-10 14:02:12.222 4321 4546 I GAME : Month number is out of range 1..12
03-10 14:02:12.222 4321 4546 I GAME : Day of month value is out of range 1..31
03-10 14:02:12.274 4321 4546 I GAME : Year is out of valid range: 1400..10000
03-10 14:02:12.274 4321 4546 I GAME : Month number is out of range 1..12
03-10 14:02:12.274 4321 4546 I GAME : Day of month value is out of range 1..31
03-10 14:02:12.326 4321 4546 I GAME : Year is out of valid range: 1400..10000
03-10 14:02:12.327 4321 4546 I GAME : Month number is out of range 1..12
03-10 14:02:12.327 4321 4546 I GAME : Day of month value is out of range 1..31
03-10 14:02:12.375 4321 4546 I GAME : Year is out of valid range: 1400..10000
03-10 14:02:12.375 4321 4546 I GAME : Month number is out of range 1..12
03-10 14:02:12.375 4321 4546 I GAME : Day of month value is out of range 1..31
03-10 14:02:12.423 4321 4546 I GAME : Year is out of valid range: 1400..10000
03-10 14:02:12.424 4321 4546 I GAME : Month number is out of range 1..12
03-10 14:02:12.424 4321 4546 I GAME : Day of month value is out of range 1..31
03-10 14:02:12.470 4321 4546 I GAME : Year is out of valid range: 1400..10000
03-10 14:02:12.471 4321 4546 I GAME : Month number is out of range 1..12
03-10 14:02:12.471 4321 4546 I GAME : Day of month value is out of range 1..31
03-10 14:02:12.519 4321 4546 I GAME : Year is out of valid range: 1400..10000
03-10 14:02:12.519 4321 4546 I GAME : Month number is out of range 1..12
03-10 14:02:12.519 4321 4546 I GAME : Day of month value is out of range 1..31
03-10 14:02:12.544 4321 4321 W Thread-30511: type=1400 audit(0.0:44170): avc:
denied { accept } for scontext=u:r:untrusted_app:s0:c512,c768
tcontext=u:r:surfaceflinger:s0 tclass=unix_stream_socket permissive=0
03-10 14:02:12.547 4321 4321 W Thread-30511: type=1400 audit(0.0:44171): avc:
denied { accept } for scontext=u:r:untrusted_app:s0:c512,c768
tcontext=u:r:surfaceflinger:s0 tclass=unix_stream_socket permissive=0
03-10 14:02:12.569 4321 4546 I GAME : Year is out of valid range: 1400..10000
03-10 14:02:12.569 4321 4546 I GAME : Month number is out of range 1..12
03-10 14:02:12.569 4321 4546 I GAME : Day of month value is out of range 1..31
03-10 14:02:12.594 4321 4321 W Thread-30519: type=1400 audit(0.0:44172): avc:
denied { accept } for scontext=u:r:untrusted_app:s0:c512,c768
tcontext=u:r:surfaceflinger:s0 tclass=unix_stream_socket permissive=0
03-10 14:02:12.618 4321 4546 I GAME : Year is out of valid range: 1400..10000
03-10 14:02:12.618 4321 4546 I GAME : Month number is out of range 1..12
03-10 14:02:12.618 4321 4546 I GAME : Day of month value is out of range 1..31
03-10 14:02:12.640 4321 4321 W Thread-30527: type=1400 audit(0.0:44173): avc:
denied { accept } for scontext=u:r:untrusted_app:s0:c512,c768
tcontext=u:r:surfaceflinger:s0 tclass=unix_stream_socket permissive=0
03-10 14:02:12.666 4321 4546 I GAME : Year is out of valid range: 1400..10000
03-10 14:02:12.666 4321 4546 I GAME : Month number is out of range 1..12
03-10 14:02:12.666 4321 4546 I GAME : Day of month value is out of range 1..31
03-10 14:02:12.713 4321 4546 I GAME : Year is out of valid range: 1400..10000
03-10 14:02:12.713 4321 4546 I GAME : Month number is out of range 1..12
03-10 14:02:12.713 4321 4546 I GAME : Day of month value is out of range 1..31
03-10 14:02:12.761 4321 4546 I GAME : Year is out of valid range: 1400..10000
03-10 14:02:12.761 4321 4546 I GAME : Month number is out of range 1..12
03-10 14:02:12.761 4321 4546 I GAME : Day of month value is out of range 1..31
03-10 14:02:12.809 4321 4546 I GAME : Year is out of valid range: 1400..10000
03-10 14:02:12.809 4321 4546 I GAME : Month number is out of range 1..12
03-10 14:02:12.809 4321 4546 I GAME : Day of month value is out of range 1..31
03-10 14:02:12.834 4321 4546 D hwaps : APS: play type is 1
03-10 14:02:12.856 4321 4546 I GAME : Year is out of valid range: 1400..10000
03-10 14:02:12.856 4321 4546 I GAME : Month number is out of range 1..12
03-10 14:02:12.856 4321 4546 I GAME : Day of month value is out of range 1..31
03-10 14:02:12.903 4321 4546 I GAME : Year is out of valid range: 1400..10000
03-10 14:02:12.903 4321 4546 I GAME : Month number is out of range 1..12
03-10 14:02:12.903 4321 4546 I GAME : Day of month value is out of range 1..31
03-10 14:02:12.953 4321 4546 I GAME : Year is out of valid range: 1400..10000
03-10 14:02:12.953 4321 4546 I GAME : Month number is out of range 1..12
03-10 14:02:12.953 4321 4546 I GAME : Day of month value is out of range 1..31
03-10 14:02:13.002 4321 4546 I GAME : Year is out of valid range: 1400..10000
03-10 14:02:13.002 4321 4546 I GAME : Month number is out of range 1..12
03-10 14:02:13.002 4321 4546 I GAME : Day of month value is out of range 1..31
03-10 14:02:13.048 4321 4546 I GAME : Year is out of valid range: 1400..10000
03-10 14:02:13.048 4321 4546 I GAME : Month number is out of range 1..12
03-10 14:02:13.048 4321 4546 I GAME : Day of month value is out of range 1..31
03-10 14:02:13.095 4321 4546 I GAME : Year is out of valid range: 1400..10000
03-10 14:02:13.095 4321 4546 I GAME : Month number is out of range 1..12
03-10 14:02:13.095 4321 4546 I GAME : Day of month value is out of range 1..31
03-10 14:02:13.143 4321 4546 I GAME : Year is out of valid range: 1400..10000
03-10 14:02:13.143 4321 4546 I GAME : Month number is out of range 1..12
03-10 14:02:13.143 4321 4546 I GAME : Day of month value is out of range 1..31
03-10 14:02:13.193 4321 4546 I GAME : Year is out of valid range: 1400..10000
03-10 14:02:13.193 4321 4546 I GAME : Month number is out of range 1..12
03-10 14:02:13.193 4321 4546 I GAME : Day of month value is out of range 1..31
03-10 14:02:13.241 4321 4546 I GAME : Year is out of valid range: 1400..10000
03-10 14:02:13.241 4321 4546 I GAME : Month number is out of range 1..12
03-10 14:02:13.241 4321 4546 I GAME : Day of month value is out of range 1..31
03-10 14:02:13.290 4321 4546 I GAME : Year is out of valid range: 1400..10000
03-10 14:02:13.290 4321 4546 I GAME : Month number is out of range 1..12
03-10 14:02:13.290 4321 4546 I GAME : Day of month value is out of range 1..31
03-10 14:02:13.338 4321 4546 I GAME : Year is out of valid range: 1400..10000
03-10 14:02:13.338 4321 4546 I GAME : Month number is out of range 1..12
03-10 14:02:13.338 4321 4546 I GAME : Day of month value is out of range 1..31
03-10 14:02:13.387 4321 4546 I GAME : Year is out of valid range: 1400..10000
03-10 14:02:13.387 4321 4546 I GAME : Month number is out of range 1..12
03-10 14:02:13.387 4321 4546 I GAME : Day of month value is out of range 1..31
03-10 14:02:13.434 4321 4546 I GAME : Year is out of valid range: 1400..10000
03-10 14:02:13.434 4321 4546 I GAME : Month number is out of range 1..12
03-10 14:02:13.434 4321 4546 I GAME : Day of month value is out of range 1..31
03-10 14:02:13.481 4321 4546 I GAME : Year is out of valid range: 1400..10000
03-10 14:02:13.481 4321 4546 I GAME : Month number is out of range 1..12
03-10 14:02:13.481 4321 4546 I GAME : Day of month value is out of range 1..31
03-10 14:02:13.530 4321 4546 I GAME : Year is out of valid range: 1400..10000
03-10 14:02:13.530 4321 4546 I GAME : Month number is out of range 1..12
03-10 14:02:13.530 4321 4546 I GAME : Day of month value is out of range 1..31
03-10 14:02:13.557 4321 4321 W Thread-30679: type=1400 audit(0.0:44203): avc:
denied { accept } for scontext=u:r:untrusted_app:s0:c512,c768
tcontext=u:r:surfaceflinger:s0 tclass=unix_stream_socket permissive=0
03-10 14:02:13.578 4321 4546 I GAME : Year is out of valid range: 1400..10000
03-10 14:02:13.578 4321 4546 I GAME : Month number is out of range 1..12
03-10 14:02:13.578 4321 4546 I GAME : Day of month value is out of range 1..31
03-10 14:02:13.604 4321 4321 W Thread-30687: type=1400 audit(0.0:44204): avc:
denied { accept } for scontext=u:r:untrusted_app:s0:c512,c768
tcontext=u:r:surfaceflinger:s0 tclass=unix_stream_socket permissive=0
03-10 14:02:13.607 4321 4546 I GAME : SetFarDistance( 1000.00 )
03-10 14:02:13.625 4321 4546 I GAME : Year is out of valid range: 1400..10000
03-10 14:02:13.625 4321 4546 I GAME : Month number is out of range 1..12
03-10 14:02:13.625 4321 4546 I GAME : Day of month value is out of range 1..31
03-10 14:02:13.654 4321 4321 W Thread-30695: type=1400 audit(0.0:44206): avc:
denied { accept } for scontext=u:r:untrusted_app:s0:c512,c768
tcontext=u:r:surfaceflinger:s0 tclass=unix_stream_socket permissive=0
03-10 14:02:13.674 4321 4546 I GAME : Year is out of valid range: 1400..10000
03-10 14:02:13.674 4321 4546 I GAME : Month number is out of range 1..12
03-10 14:02:13.674 4321 4546 I GAME : Day of month value is out of range 1..31
03-10 14:02:13.704 4321 4321 W Thread-30703: type=1400 audit(0.0:44207): avc:
denied { accept } for scontext=u:r:untrusted_app:s0:c512,c768
tcontext=u:r:surfaceflinger:s0 tclass=unix_stream_socket permissive=0
03-10 14:02:13.722 4321 4546 I GAME : Year is out of valid range: 1400..10000
03-10 14:02:13.722 4321 4546 I GAME : Month number is out of range 1..12
03-10 14:02:13.722 4321 4546 I GAME : Day of month value is out of range 1..31
03-10 14:02:13.767 4321 4546 I GAME : [OnlineTask] 'fed:GetServerTime', state:
`started`, resultCode: -21
03-10 14:02:13.767 4321 4546 I GAME : [OnlineTask] 'fed:GetServerTime' error[-
21]: ''
03-10 14:02:13.767 4321 4546 I GAME : [OnlineTask] 'fed:GetServerTime', state:
`failed`, resultCode: -21
03-10 14:02:13.770 4321 4546 I GAME : Year is out of valid range: 1400..10000
03-10 14:02:13.770 4321 4546 I GAME : Month number is out of range 1..12
03-10 14:02:13.770 4321 4546 I GAME : Day of month value is out of range 1..31
03-10 14:02:13.811 4321 4546 I GAME : SetFarDistance( 1000.00 )
03-10 14:02:13.819 4321 4546 I GAME : [OnlineTask] 'fed:GetServerTime', state:
`started`, resultCode: 0
03-10 14:02:13.820 4321 4546 I GAME : [OnlineTask] 'fed:GetServerTime' error[-
21]: ''
03-10 14:02:13.823 4321 4546 I GAME : Year is out of valid range: 1400..10000
03-10 14:02:13.823 4321 4546 I GAME : Month number is out of range 1..12
03-10 14:02:13.823 4321 4546 I GAME : Day of month value is out of range 1..31
03-10 14:02:13.858 4321 4546 D hwaps : APS: play type is 4
03-10 14:02:13.866 4321 4546 I GAME : Year is out of valid range: 1400..10000
03-10 14:02:13.866 4321 4546 I GAME : Month number is out of range 1..12
03-10 14:02:13.867 4321 4546 I GAME : Day of month value is out of range 1..31
03-10 14:02:13.915 4321 4546 I GAME : Year is out of valid range: 1400..10000
03-10 14:02:13.915 4321 4546 I GAME : Month number is out of range 1..12
03-10 14:02:13.915 4321 4546 I GAME : Day of month value is out of range 1..31
03-10 14:02:13.961 4321 4546 I GAME : Year is out of valid range: 1400..10000
03-10 14:02:13.961 4321 4546 I GAME : Month number is out of range 1..12
03-10 14:02:13.961 4321 4546 I GAME : Day of month value is out of range 1..31
03-10 14:02:13.991 4321 4546 I GAME : SetFarDistance( 1000.00 )
03-10 14:02:14.008 4321 4546 I GAME : Year is out of valid range: 1400..10000
03-10 14:02:14.008 4321 4546 I GAME : Month number is out of range 1..12
03-10 14:02:14.008 4321 4546 I GAME : Day of month value is out of range 1..31
03-10 14:02:14.054 4321 4546 D hwaps : APS: play type is 1
03-10 14:02:14.059 4321 4546 I GAME : Year is out of valid range: 1400..10000
03-10 14:02:14.059 4321 4546 I GAME : Month number is out of range 1..12
03-10 14:02:14.059 4321 4546 I GAME : Day of month value is out of range 1..31
03-10 14:02:14.108 4321 4546 I GAME : Year is out of valid range: 1400..10000
03-10 14:02:14.108 4321 4546 I GAME : Month number is out of range 1..12
03-10 14:02:14.108 4321 4546 I GAME : Day of month value is out of range 1..31
03-10 14:02:14.154 4321 4546 I GAME : Year is out of valid range: 1400..10000
03-10 14:02:14.154 4321 4546 I GAME : Month number is out of range 1..12
03-10 14:02:14.154 4321 4546 I GAME : Day of month value is out of range 1..31
03-10 14:02:14.200 4321 4546 I GAME : Year is out of valid range: 1400..10000
03-10 14:02:14.200 4321 4546 I GAME : Month number is out of range 1..12
03-10 14:02:14.200 4321 4546 I GAME : Day of month value is out of range 1..31
03-10 14:02:14.246 4321 4546 I GAME : Year is out of valid range: 1400..10000
03-10 14:02:14.246 4321 4546 I GAME : Month number is out of range 1..12
03-10 14:02:14.246 4321 4546 I GAME : Day of month value is out of range 1..31
03-10 14:02:14.294 4321 4546 I GAME : Year is out of valid range: 1400..10000
03-10 14:02:14.294 4321 4546 I GAME : Month number is out of range 1..12
03-10 14:02:14.294 4321 4546 I GAME : Day of month value is out of range 1..31
03-10 14:02:14.338 4321 4546 I GAME : Year is out of valid range: 1400..10000
03-10 14:02:14.338 4321 4546 I GAME : Month number is out of range 1..12
03-10 14:02:14.338 4321 4546 I GAME : Day of month value is out of range 1..31
03-10 14:02:14.384 4321 4546 I GAME : Year is out of valid range: 1400..10000
03-10 14:02:14.384 4321 4546 I GAME : Month number is out of range 1..12
03-10 14:02:14.384 4321 4546 I GAME : Day of month value is out of range 1..31
03-10 14:02:14.430 4321 4546 I GAME : Year is out of valid range: 1400..10000
03-10 14:02:14.430 4321 4546 I GAME : Month number is out of range 1..12
03-10 14:02:14.430 4321 4546 I GAME : Day of month value is out of range 1..31
03-10 14:02:14.475 4321 4546 I GAME : Year is out of valid range: 1400..10000
03-10 14:02:14.475 4321 4546 I GAME : Month number is out of range 1..12
03-10 14:02:14.475 4321 4546 I GAME : Day of month value is out of range 1..31
03-10 14:02:14.519 4321 4546 I GAME : Year is out of valid range: 1400..10000
03-10 14:02:14.519 4321 4546 I GAME : Month number is out of range 1..12
03-10 14:02:14.519 4321 4546 I GAME : Day of month value is out of range 1..31
03-10 14:02:14.565 4321 4546 I GAME : Year is out of valid range: 1400..10000
03-10 14:02:14.565 4321 4546 I GAME : Month number is out of range 1..12
03-10 14:02:14.565 4321 4546 I GAME : Day of month value is out of range 1..31
03-10 14:02:14.594 4321 4321 W Thread-30855: type=1400 audit(0.0:44236): avc:
denied { accept } for scontext=u:r:untrusted_app:s0:c512,c768
tcontext=u:r:surfaceflinger:s0 tclass=unix_stream_socket permissive=0
03-10 14:02:14.610 4321 4546 I GAME : Year is out of valid range: 1400..10000
03-10 14:02:14.610 4321 4546 I GAME : Month number is out of range 1..12
03-10 14:02:14.610 4321 4546 I GAME : Day of month value is out of range 1..31
03-10 14:02:14.637 4321 4321 W Thread-30863: type=1400 audit(0.0:44237): avc:
denied { accept } for scontext=u:r:untrusted_app:s0:c512,c768
tcontext=u:r:surfaceflinger:s0 tclass=unix_stream_socket permissive=0
03-10 14:02:14.640 4321 4321 W Thread-30863: type=1400 audit(0.0:44238): avc:
denied { accept } for scontext=u:r:untrusted_app:s0:c512,c768
tcontext=u:r:surfaceflinger:s0 tclass=unix_stream_socket permissive=0
03-10 14:02:14.654 4321 4546 I GAME : Year is out of valid range: 1400..10000
03-10 14:02:14.654 4321 4546 I GAME : Month number is out of range 1..12
03-10 14:02:14.654 4321 4546 I GAME : Day of month value is out of range 1..31
03-10 14:02:14.680 4321 4321 W Thread-30871: type=1400 audit(0.0:44239): avc:
denied { accept } for scontext=u:r:untrusted_app:s0:c512,c768
tcontext=u:r:surfaceflinger:s0 tclass=unix_stream_socket permissive=0
03-10 14:02:14.699 4321 4546 I GAME : Year is out of valid range: 1400..10000
03-10 14:02:14.699 4321 4546 I GAME : Month number is out of range 1..12
03-10 14:02:14.699 4321 4546 I GAME : Day of month value is out of range 1..31
03-10 14:02:14.727 4321 4321 W Thread-30879: type=1400 audit(0.0:44240): avc:
denied { accept } for scontext=u:r:untrusted_app:s0:c512,c768
tcontext=u:r:surfaceflinger:s0 tclass=unix_stream_socket permissive=0
03-10 14:02:14.743 4321 4546 I GAME : Year is out of valid range: 1400..10000
03-10 14:02:14.743 4321 4546 I GAME : Month number is out of range 1..12
03-10 14:02:14.743 4321 4546 I GAME : Day of month value is out of range 1..31
03-10 14:02:14.789 4321 4546 I GAME : Year is out of valid range: 1400..10000
03-10 14:02:14.789 4321 4546 I GAME : Month number is out of range 1..12
03-10 14:02:14.789 4321 4546 I GAME : Day of month value is out of range 1..31
03-10 14:02:14.832 4321 4546 I GAME : Year is out of valid range: 1400..10000
03-10 14:02:14.832 4321 4546 I GAME : Month number is out of range 1..12
03-10 14:02:14.833 4321 4546 I GAME : Day of month value is out of range 1..31
03-10 14:02:14.877 4321 4546 I GAME : Year is out of valid range: 1400..10000
03-10 14:02:14.877 4321 4546 I GAME : Month number is out of range 1..12
03-10 14:02:14.877 4321 4546 I GAME : Day of month value is out of range 1..31
03-10 14:02:14.921 4321 4546 I GAME : Year is out of valid range: 1400..10000
03-10 14:02:14.921 4321 4546 I GAME : Month number is out of range 1..12
03-10 14:02:14.921 4321 4546 I GAME : Day of month value is out of range 1..31
03-10 14:02:14.965 4321 4546 I GAME : Year is out of valid range: 1400..10000
03-10 14:02:14.965 4321 4546 I GAME : Month number is out of range 1..12
03-10 14:02:14.965 4321 4546 I GAME : Day of month value is out of range 1..31
03-10 14:02:15.009 4321 4546 I GAME : Year is out of valid range: 1400..10000
03-10 14:02:15.009 4321 4546 I GAME : Month number is out of range 1..12
03-10 14:02:15.009 4321 4546 I GAME : Day of month value is out of range 1..31
03-10 14:02:15.053 4321 4546 I GAME : Year is out of valid range: 1400..10000
03-10 14:02:15.053 4321 4546 I GAME : Month number is out of range 1..12
03-10 14:02:15.053 4321 4546 I GAME : Day of month value is out of range 1..31
03-10 14:02:15.095 4321 4546 I GAME : Year is out of valid range: 1400..10000
03-10 14:02:15.095 4321 4546 I GAME : Month number is out of range 1..12
03-10 14:02:15.095 4321 4546 I GAME : Day of month value is out of range 1..31
03-10 14:02:15.138 4321 4546 I GAME : Year is out of valid range: 1400..10000
03-10 14:02:15.138 4321 4546 I GAME : Month number is out of range 1..12
03-10 14:02:15.138 4321 4546 I GAME : Day of month value is out of range 1..31
03-10 14:02:15.180 4321 4546 I GAME : Year is out of valid range: 1400..10000
03-10 14:02:15.180 4321 4546 I GAME : Month number is out of range 1..12
03-10 14:02:15.180 4321 4546 I GAME : Day of month value is out of range 1..31
03-10 14:02:15.222 4321 4546 I GAME : Year is out of valid range: 1400..10000
03-10 14:02:15.223 4321 4546 I GAME : Month number is out of range 1..12
03-10 14:02:15.223 4321 4546 I GAME : Day of month value is out of range 1..31
03-10 14:02:15.265 4321 4546 I GAME : Year is out of valid range: 1400..10000
03-10 14:02:15.265 4321 4546 I GAME : Month number is out of range 1..12
03-10 14:02:15.265 4321 4546 I GAME : Day of month value is out of range 1..31
03-10 14:02:15.307 4321 4546 I GAME : Year is out of valid range: 1400..10000
03-10 14:02:15.307 4321 4546 I GAME : Month number is out of range 1..12
03-10 14:02:15.307 4321 4546 I GAME : Day of month value is out of range 1..31
03-10 14:02:15.348 4321 4546 I GAME : Year is out of valid range: 1400..10000
03-10 14:02:15.348 4321 4546 I GAME : Month number is out of range 1..12
03-10 14:02:15.348 4321 4546 I GAME : Day of month value is out of range 1..31
03-10 14:02:15.389 4321 4546 I GAME : Year is out of valid range: 1400..10000
03-10 14:02:15.389 4321 4546 I GAME : Month number is out of range 1..12
03-10 14:02:15.389 4321 4546 I GAME : Day of month value is out of range 1..31
03-10 14:02:15.431 4321 4546 I GAME : Year is out of valid range: 1400..10000
03-10 14:02:15.431 4321 4546 I GAME : Month number is out of range 1..12
03-10 14:02:15.431 4321 4546 I GAME : Day of month value is out of range 1..31
03-10 14:02:15.472 4321 4546 I GAME : Year is out of valid range: 1400..10000
03-10 14:02:15.472 4321 4546 I GAME : Month number is out of range 1..12
03-10 14:02:15.473 4321 4546 I GAME : Day of month value is out of range 1..31
03-10 14:02:15.501 4321 4546 D hwaps : APS: play type is 4
03-10 14:02:15.514 4321 4546 I GAME : Year is out of valid range: 1400..10000
03-10 14:02:15.514 4321 4546 I GAME : Month number is out of range 1..12
03-10 14:02:15.514 4321 4546 I GAME : Day of month value is out of range 1..31
03-10 14:02:15.556 4321 4546 I GAME : Year is out of valid range: 1400..10000
03-10 14:02:15.556 4321 4546 I GAME : Month number is out of range 1..12
03-10 14:02:15.556 4321 4546 I GAME : Day of month value is out of range 1..31
03-10 14:02:15.598 4321 4546 I GAME : Year is out of valid range: 1400..10000
03-10 14:02:15.598 4321 4546 I GAME : Month number is out of range 1..12
03-10 14:02:15.598 4321 4546 I GAME : Day of month value is out of range 1..31
03-10 14:02:15.624 4321 4321 W Thread-31047: type=1400 audit(0.0:44269): avc:
denied { accept } for scontext=u:r:untrusted_app:s0:c512,c768
tcontext=u:r:surfaceflinger:s0 tclass=unix_stream_socket permissive=0
03-10 14:02:15.640 4321 4546 I GAME : Year is out of valid range: 1400..10000
03-10 14:02:15.640 4321 4546 I GAME : Month number is out of range 1..12
03-10 14:02:15.640 4321 4546 I GAME : Day of month value is out of range 1..31
03-10 14:02:15.664 4321 4321 W Thread-31055: type=1400 audit(0.0:44270): avc:
denied { accept } for scontext=u:r:untrusted_app:s0:c512,c768
tcontext=u:r:surfaceflinger:s0 tclass=unix_stream_socket permissive=0
03-10 14:02:15.682 4321 4546 I GAME : Year is out of valid range: 1400..10000
03-10 14:02:15.683 4321 4546 I GAME : Month number is out of range 1..12
03-10 14:02:15.683 4321 4546 I GAME : Day of month value is out of range 1..31
03-10 14:02:15.707 4321 4321 W Thread-31063: type=1400 audit(0.0:44271): avc:
denied { accept } for scontext=u:r:untrusted_app:s0:c512,c768
tcontext=u:r:surfaceflinger:s0 tclass=unix_stream_socket permissive=0
03-10 14:02:15.710 4321 4321 W Thread-31063: type=1400 audit(0.0:44272): avc:
denied { accept } for scontext=u:r:untrusted_app:s0:c512,c768
tcontext=u:r:surfaceflinger:s0 tclass=unix_stream_socket permissive=0
03-10 14:02:15.725 4321 4546 I GAME : Year is out of valid range: 1400..10000
03-10 14:02:15.725 4321 4546 I GAME : Month number is out of range 1..12
03-10 14:02:15.725 4321 4546 I GAME : Day of month value is out of range 1..31
03-10 14:02:15.750 4321 4321 W Thread-31071: type=1400 audit(0.0:44273): avc:
denied { accept } for scontext=u:r:untrusted_app:s0:c512,c768
tcontext=u:r:surfaceflinger:s0 tclass=unix_stream_socket permissive=0
03-10 14:02:15.767 4321 4546 I GAME : Year is out of valid range: 1400..10000
03-10 14:02:15.767 4321 4546 I GAME : Month number is out of range 1..12
03-10 14:02:15.767 4321 4546 I GAME : Day of month value is out of range 1..31
03-10 14:02:15.811 4321 4546 I GAME : Year is out of valid range: 1400..10000
03-10 14:02:15.811 4321 4546 I GAME : Month number is out of range 1..12
03-10 14:02:15.812 4321 4546 I GAME : Day of month value is out of range 1..31
03-10 14:02:15.850 4321 4546 I GAME : [OnlineTask] 'fed:GetServerTime', state:
`started`, resultCode: -21
03-10 14:02:15.850 4321 4546 I GAME : [OnlineTask] 'fed:GetServerTime' error[-
21]: ''
03-10 14:02:15.853 4321 4546 I GAME : Year is out of valid range: 1400..10000
03-10 14:02:15.853 4321 4546 I GAME : Month number is out of range 1..12
03-10 14:02:15.853 4321 4546 I GAME : Day of month value is out of range 1..31
03-10 14:02:15.896 4321 4546 I GAME : Year is out of valid range: 1400..10000
03-10 14:02:15.896 4321 4546 I GAME : Month number is out of range 1..12
03-10 14:02:15.896 4321 4546 I GAME : Day of month value is out of range 1..31
03-10 14:02:15.937 4321 4546 I GAME : Year is out of valid range: 1400..10000
03-10 14:02:15.937 4321 4546 I GAME : Month number is out of range 1..12
03-10 14:02:15.937 4321 4546 I GAME : Day of month value is out of range 1..31
03-10 14:02:15.966 4321 4546 D hwaps : APS: play type is 1
03-10 14:02:15.981 4321 4546 I GAME : Year is out of valid range: 1400..10000
03-10 14:02:15.981 4321 4546 I GAME : Month number is out of range 1..12
03-10 14:02:15.981 4321 4546 I GAME : Day of month value is out of range 1..31
03-10 14:02:16.022 4321 4546 I GAME : Year is out of valid range: 1400..10000
03-10 14:02:16.022 4321 4546 I GAME : Month number is out of range 1..12
03-10 14:02:16.022 4321 4546 I GAME : Day of month value is out of range 1..31
03-10 14:02:16.065 4321 4546 I GAME : Year is out of valid range: 1400..10000
03-10 14:02:16.065 4321 4546 I GAME : Month number is out of range 1..12
03-10 14:02:16.065 4321 4546 I GAME : Day of month value is out of range 1..31
03-10 14:02:16.108 4321 4546 I GAME : Year is out of valid range: 1400..10000
03-10 14:02:16.108 4321 4546 I GAME : Month number is out of range 1..12
03-10 14:02:16.108 4321 4546 I GAME : Day of month value is out of range 1..31
03-10 14:02:16.151 4321 4546 I GAME : Year is out of valid range: 1400..10000
03-10 14:02:16.151 4321 4546 I GAME : Month number is out of range 1..12
03-10 14:02:16.151 4321 4546 I GAME : Day of month value is out of range 1..31
03-10 14:02:16.194 4321 4546 I GAME : Year is out of valid range: 1400..10000
03-10 14:02:16.194 4321 4546 I GAME : Month number is out of range 1..12
03-10 14:02:16.194 4321 4546 I GAME : Day of month value is out of range 1..31
03-10 14:02:16.236 4321 4546 I GAME : Year is out of valid range: 1400..10000
03-10 14:02:16.236 4321 4546 I GAME : Month number is out of range 1..12
03-10 14:02:16.236 4321 4546 I GAME : Day of month value is out of range 1..31
03-10 14:02:16.279 4321 4546 I GAME : Year is out of valid range: 1400..10000
03-10 14:02:16.279 4321 4546 I GAME : Month number is out of range 1..12
03-10 14:02:16.279 4321 4546 I GAME : Day of month value is out of range 1..31
03-10 14:02:16.319 4321 4546 I GAME : Year is out of valid range: 1400..10000
03-10 14:02:16.319 4321 4546 I GAME : Month number is out of range 1..12
03-10 14:02:16.319 4321 4546 I GAME : Day of month value is out of range 1..31
03-10 14:02:16.361 4321 4546 I GAME : Year is out of valid range: 1400..10000
03-10 14:02:16.361 4321 4546 I GAME : Month number is out of range 1..12
03-10 14:02:16.361 4321 4546 I GAME : Day of month value is out of range 1..31
03-10 14:02:16.402 4321 4546 I GAME : Year is out of valid range: 1400..10000
03-10 14:02:16.402 4321 4546 I GAME : Month number is out of range 1..12
03-10 14:02:16.402 4321 4546 I GAME : Day of month value is out of range 1..31
03-10 14:02:16.433 4321 4546 D hwaps : APS: play type is 4
03-10 14:02:16.443 4321 4546 I GAME : Year is out of valid range: 1400..10000
03-10 14:02:16.443 4321 4546 I GAME : Month number is out of range 1..12
03-10 14:02:16.443 4321 4546 I GAME : Day of month value is out of range 1..31
03-10 14:02:16.488 4321 4546 I GAME : Year is out of valid range: 1400..10000
03-10 14:02:16.488 4321 4546 I GAME : Month number is out of range 1..12
03-10 14:02:16.488 4321 4546 I GAME : Day of month value is out of range 1..31
03-10 14:02:16.525 4321 4546 I GAME : Year is out of valid range: 1400..10000
03-10 14:02:16.525 4321 4546 I GAME : Month number is out of range 1..12
03-10 14:02:16.525 4321 4546 I GAME : Day of month value is out of range 1..31
03-10 14:02:16.566 4321 4546 I GAME : Year is out of valid range: 1400..10000
03-10 14:02:16.566 4321 4546 I GAME : Month number is out of range 1..12
03-10 14:02:16.566 4321 4546 I GAME : Day of month value is out of range 1..31
03-10 14:02:16.603 4321 4546 D hwaps : APS: play type is 1
03-10 14:02:16.608 4321 4546 I GAME : Year is out of valid range: 1400..10000
03-10 14:02:16.608 4321 4546 I GAME : Month number is out of range 1..12
03-10 14:02:16.608 4321 4546 I GAME : Day of month value is out of range 1..31
03-10 14:02:16.634 4321 4321 W Thread-31239: type=1400 audit(0.0:44301): avc:
denied { accept } for scontext=u:r:untrusted_app:s0:c512,c768
tcontext=u:r:surfaceflinger:s0 tclass=unix_stream_socket permissive=0
03-10 14:02:16.649 4321 4546 I GAME : Year is out of valid range: 1400..10000
03-10 14:02:16.649 4321 4546 I GAME : Month number is out of range 1..12
03-10 14:02:16.649 4321 4546 I GAME : Day of month value is out of range 1..31
03-10 14:02:16.674 4321 4321 W Thread-31247: type=1400 audit(0.0:44302): avc:
denied { accept } for scontext=u:r:untrusted_app:s0:c512,c768
tcontext=u:r:surfaceflinger:s0 tclass=unix_stream_socket permissive=0
03-10 14:02:16.677 4321 4321 W Thread-31247: type=1400 audit(0.0:44303): avc:
denied { accept } for scontext=u:r:untrusted_app:s0:c512,c768
tcontext=u:r:surfaceflinger:s0 tclass=unix_stream_socket permissive=0
03-10 14:02:16.690 4321 4546 I GAME : Year is out of valid range: 1400..10000
03-10 14:02:16.690 4321 4546 I GAME : Month number is out of range 1..12
03-10 14:02:16.690 4321 4546 I GAME : Day of month value is out of range 1..31
03-10 14:02:16.717 4321 4321 W Thread-31255: type=1400 audit(0.0:44305): avc:
denied { accept } for scontext=u:r:untrusted_app:s0:c512,c768
tcontext=u:r:surfaceflinger:s0 tclass=unix_stream_socket permissive=0
03-10 14:02:16.733 4321 4546 I GAME : Year is out of valid range: 1400..10000
03-10 14:02:16.733 4321 4546 I GAME : Month number is out of range 1..12
03-10 14:02:16.733 4321 4546 I GAME : Day of month value is out of range 1..31
03-10 14:02:16.774 4321 4546 I GAME : Year is out of valid range: 1400..10000
03-10 14:02:16.774 4321 4546 I GAME : Month number is out of range 1..12
03-10 14:02:16.774 4321 4546 I GAME : Day of month value is out of range 1..31
03-10 14:02:16.816 4321 4546 I GAME : Year is out of valid range: 1400..10000
03-10 14:02:16.816 4321 4546 I GAME : Month number is out of range 1..12
03-10 14:02:16.816 4321 4546 I GAME : Day of month value is out of range 1..31
03-10 14:02:16.857 4321 4546 I GAME : Year is out of valid range: 1400..10000
03-10 14:02:16.857 4321 4546 I GAME : Month number is out of range 1..12
03-10 14:02:16.857 4321 4546 I GAME : Day of month value is out of range 1..31
03-10 14:02:16.889 4321 4546 D hwaps : APS: play type is 4
03-10 14:02:16.899 4321 4546 I GAME : Year is out of valid range: 1400..10000
03-10 14:02:16.899 4321 4546 I GAME : Month number is out of range 1..12
03-10 14:02:16.899 4321 4546 I GAME : Day of month value is out of range 1..31
03-10 14:02:16.932 4321 4546 D hwaps : APS: play type is 1
03-10 14:02:16.940 4321 4546 I GAME : Year is out of valid range: 1400..10000
03-10 14:02:16.941 4321 4546 I GAME : Month number is out of range 1..12
03-10 14:02:16.941 4321 4546 I GAME : Day of month value is out of range 1..31
03-10 14:02:16.974 4321 4546 D hwaps : APS: play type is 4
03-10 14:02:16.983 4321 4546 I GAME : Year is out of valid range: 1400..10000
03-10 14:02:16.983 4321 4546 I GAME : Month number is out of range 1..12
03-10 14:02:16.983 4321 4546 I GAME : Day of month value is out of range 1..31
03-10 14:02:17.020 4321 4546 D hwaps : APS: play type is 1
03-10 14:02:17.024 4321 4546 I GAME : Year is out of valid range: 1400..10000
03-10 14:02:17.024 4321 4546 I GAME : Month number is out of range 1..12
03-10 14:02:17.024 4321 4546 I GAME : Day of month value is out of range 1..31
03-10 14:02:17.065 4321 4546 D hwaps : APS: play type is 4
03-10 14:02:17.068 4321 4546 I GAME : Year is out of valid range: 1400..10000
03-10 14:02:17.068 4321 4546 I GAME : Month number is out of range 1..12
03-10 14:02:17.068 4321 4546 I GAME : Day of month value is out of range 1..31
03-10 14:02:17.109 4321 4546 I GAME : Year is out of valid range: 1400..10000
03-10 14:02:17.109 4321 4546 I GAME : Month number is out of range 1..12
03-10 14:02:17.109 4321 4546 I GAME : Day of month value is out of range 1..31
03-10 14:02:17.147 4321 4546 D hwaps : APS: play type is 1
03-10 14:02:17.153 4321 4546 I GAME : Year is out of valid range: 1400..10000
03-10 14:02:17.153 4321 4546 I GAME : Month number is out of range 1..12
03-10 14:02:17.153 4321 4546 I GAME : Day of month value is out of range 1..31
03-10 14:02:17.196 4321 4546 I GAME : Year is out of valid range: 1400..10000
03-10 14:02:17.196 4321 4546 I GAME : Month number is out of range 1..12
03-10 14:02:17.196 4321 4546 I GAME : Day of month value is out of range 1..31
03-10 14:02:17.231 4321 4546 D hwaps : APS: play type is 4
03-10 14:02:17.241 4321 4546 I GAME : Year is out of valid range: 1400..10000
03-10 14:02:17.241 4321 4546 I GAME : Month number is out of range 1..12
03-10 14:02:17.241 4321 4546 I GAME : Day of month value is out of range 1..31
03-10 14:02:17.287 4321 4546 I GAME : Year is out of valid range: 1400..10000
03-10 14:02:17.287 4321 4546 I GAME : Month number is out of range 1..12
03-10 14:02:17.287 4321 4546 I GAME : Day of month value is out of range 1..31
03-10 14:02:17.334 4321 4546 I GAME : Year is out of valid range: 1400..10000
03-10 14:02:17.334 4321 4546 I GAME : Month number is out of range 1..12
03-10 14:02:17.334 4321 4546 I GAME : Day of month value is out of range 1..31
03-10 14:02:17.378 4321 4546 I GAME : Year is out of valid range: 1400..10000
03-10 14:02:17.378 4321 4546 I GAME : Month number is out of range 1..12
03-10 14:02:17.378 4321 4546 I GAME : Day of month value is out of range 1..31
03-10 14:02:17.424 4321 4546 I GAME : Year is out of valid range: 1400..10000
03-10 14:02:17.424 4321 4546 I GAME : Month number is out of range 1..12
03-10 14:02:17.424 4321 4546 I GAME : Day of month value is out of range 1..31
03-10 14:02:17.468 4321 4546 I GAME : Year is out of valid range: 1400..10000
03-10 14:02:17.468 4321 4546 I GAME : Month number is out of range 1..12
03-10 14:02:17.468 4321 4546 I GAME : Day of month value is out of range 1..31
03-10 14:02:17.512 4321 4546 I GAME : Year is out of valid range: 1400..10000
03-10 14:02:17.512 4321 4546 I GAME : Month number is out of range 1..12
03-10 14:02:17.512 4321 4546 I GAME : Day of month value is out of range 1..31
03-10 14:02:17.556 4321 4546 I GAME : Year is out of valid range: 1400..10000
03-10 14:02:17.557 4321 4546 I GAME : Month number is out of range 1..12
03-10 14:02:17.557 4321 4546 I GAME : Day of month value is out of range 1..31
03-10 14:02:17.602 4321 4546 I GAME : Year is out of valid range: 1400..10000
03-10 14:02:17.602 4321 4546 I GAME : Month number is out of range 1..12
03-10 14:02:17.602 4321 4546 I GAME : Day of month value is out of range 1..31
03-10 14:02:17.645 4321 4546 I GAME : Year is out of valid range: 1400..10000
03-10 14:02:17.645 4321 4546 I GAME : Month number is out of range 1..12
03-10 14:02:17.645 4321 4546 I GAME : Day of month value is out of range 1..31
03-10 14:02:17.677 4321 4321 W Thread-31431: type=1400 audit(0.0:44335): avc:
denied { accept } for scontext=u:r:untrusted_app:s0:c512,c768
tcontext=u:r:surfaceflinger:s0 tclass=unix_stream_socket permissive=0
03-10 14:02:17.680 4321 4321 W Thread-31431: type=1400 audit(0.0:44336): avc:
denied { accept } for scontext=u:r:untrusted_app:s0:c512,c768
tcontext=u:r:surfaceflinger:s0 tclass=unix_stream_socket permissive=0
03-10 14:02:17.690 4321 4546 I GAME : Year is out of valid range: 1400..10000
03-10 14:02:17.690 4321 4546 I GAME : Month number is out of range 1..12
03-10 14:02:17.690 4321 4546 I GAME : Day of month value is out of range 1..31
03-10 14:02:17.720 4321 4321 W Thread-31439: type=1400 audit(0.0:44337): avc:
denied { accept } for scontext=u:r:untrusted_app:s0:c512,c768
tcontext=u:r:surfaceflinger:s0 tclass=unix_stream_socket permissive=0
03-10 14:02:17.725 4321 4546 D hwaps : APS: play type is 1
03-10 14:02:17.735 4321 4546 I GAME : Year is out of valid range: 1400..10000
03-10 14:02:17.735 4321 4546 I GAME : Month number is out of range 1..12
03-10 14:02:17.735 4321 4546 I GAME : Day of month value is out of range 1..31
03-10 14:02:17.764 4321 4321 W Thread-31447: type=1400 audit(0.0:44338): avc:
denied { accept } for scontext=u:r:untrusted_app:s0:c512,c768
tcontext=u:r:surfaceflinger:s0 tclass=unix_stream_socket permissive=0
03-10 14:02:17.778 4321 4546 I GAME : Year is out of valid range: 1400..10000
03-10 14:02:17.778 4321 4546 I GAME : Month number is out of range 1..12
03-10 14:02:17.778 4321 4546 I GAME : Day of month value is out of range 1..31
03-10 14:02:17.804 4321 4321 W Thread-31455: type=1400 audit(0.0:44339): avc:
denied { accept } for scontext=u:r:untrusted_app:s0:c512,c768
tcontext=u:r:surfaceflinger:s0 tclass=unix_stream_socket permissive=0
03-10 14:02:17.820 4321 4546 D hwaps : APS: play type is 4
03-10 14:02:17.824 4321 4546 I GAME : Year is out of valid range: 1400..10000
03-10 14:02:17.824 4321 4546 I GAME : Month number is out of range 1..12
03-10 14:02:17.824 4321 4546 I GAME : Day of month value is out of range 1..31
03-10 14:02:17.864 4321 4546 I GAME : Year is out of valid range: 1400..10000
03-10 14:02:17.865 4321 4546 I GAME : Month number is out of range 1..12
03-10 14:02:17.865 4321 4546 I GAME : Day of month value is out of range 1..31
03-10 14:02:17.908 4321 4546 I GAME : Year is out of valid range: 1400..10000
03-10 14:02:17.908 4321 4546 I GAME : Month number is out of range 1..12
03-10 14:02:17.908 4321 4546 I GAME : Day of month value is out of range 1..31
03-10 14:02:17.952 4321 4546 D hwaps : APS: play type is 1
03-10 14:02:17.957 4321 4546 I GAME : Year is out of valid range: 1400..10000
03-10 14:02:17.958 4321 4546 I GAME : Month number is out of range 1..12
03-10 14:02:17.958 4321 4546 I GAME : Day of month value is out of range 1..31
03-10 14:02:17.996 4321 4546 I GAME : Year is out of valid range: 1400..10000
03-10 14:02:17.996 4321 4546 I GAME : Month number is out of range 1..12
03-10 14:02:17.997 4321 4546 I GAME : Day of month value is out of range 1..31
03-10 14:02:18.036 4321 4546 I GAME : Year is out of valid range: 1400..10000
03-10 14:02:18.036 4321 4546 I GAME : Month number is out of range 1..12
03-10 14:02:18.036 4321 4546 I GAME : Day of month value is out of range 1..31
03-10 14:02:18.039 4321 4546 I GAME : Decompressing 'ui_main_02.tga' file from
'@data01.zip' fs: 1K -> 512K.
03-10 14:02:18.054 4321 4546 I GAME : Decompressing 'ui_main_02.tga__alpha'
file from '@data01.zip' fs: 85K -> 512K.
03-10 14:02:18.129 4321 4546 I GAME : Year is out of valid range: 1400..10000
03-10 14:02:18.129 4321 4546 I GAME : Month number is out of range 1..12
03-10 14:02:18.129 4321 4546 I GAME : Day of month value is out of range 1..31
03-10 14:02:18.181 4321 4546 I GAME : Year is out of valid range: 1400..10000
03-10 14:02:18.181 4321 4546 I GAME : Month number is out of range 1..12
03-10 14:02:18.181 4321 4546 I GAME : Day of month value is out of range 1..31
03-10 14:02:18.223 4321 4546 I GAME : Year is out of valid range: 1400..10000
03-10 14:02:18.223 4321 4546 I GAME : Month number is out of range 1..12
03-10 14:02:18.223 4321 4546 I GAME : Day of month value is out of range 1..31
03-10 14:02:18.266 4321 4546 I GAME : Year is out of valid range: 1400..10000
03-10 14:02:18.266 4321 4546 I GAME : Month number is out of range 1..12
03-10 14:02:18.266 4321 4546 I GAME : Day of month value is out of range 1..31
03-10 14:02:18.305 4321 4546 D hwaps : APS: play type is 4
03-10 14:02:18.309 4321 4546 I GAME : Year is out of valid range: 1400..10000
03-10 14:02:18.309 4321 4546 I GAME : Month number is out of range 1..12
03-10 14:02:18.309 4321 4546 I GAME : Day of month value is out of range 1..31
03-10 14:02:18.353 4321 4546 I GAME : Year is out of valid range: 1400..10000
03-10 14:02:18.353 4321 4546 I GAME : Month number is out of range 1..12
03-10 14:02:18.353 4321 4546 I GAME : Day of month value is out of range 1..31
03-10 14:02:18.393 4321 4546 I GAME : Year is out of valid range: 1400..10000
03-10 14:02:18.393 4321 4546 I GAME : Month number is out of range 1..12
03-10 14:02:18.393 4321 4546 I GAME : Day of month value is out of range 1..31
03-10 14:02:18.428 4321 4546 I GAME : Year is out of valid range: 1400..10000
03-10 14:02:18.428 4321 4546 I GAME : Month number is out of range 1..12
03-10 14:02:18.428 4321 4546 I GAME : Day of month value is out of range 1..31
03-10 14:02:18.467 4321 4546 D hwaps : APS: play type is 1
03-10 14:02:18.472 4321 4546 I GAME : Year is out of valid range: 1400..10000
03-10 14:02:18.472 4321 4546 I GAME : Month number is out of range 1..12
03-10 14:02:18.472 4321 4546 I GAME : Day of month value is out of range 1..31
03-10 14:02:18.513 4321 4546 I GAME : Year is out of valid range: 1400..10000
03-10 14:02:18.513 4321 4546 I GAME : Month number is out of range 1..12
03-10 14:02:18.513 4321 4546 I GAME : Day of month value is out of range 1..31
03-10 14:02:18.560 4321 4546 I GAME : Loading sound 'sfx_ui_line_appear.ogg'
03-10 14:02:18.570 4321 4546 I GAME : Year is out of valid range: 1400..10000
03-10 14:02:18.570 4321 4546 I GAME : Month number is out of range 1..12
03-10 14:02:18.570 4321 4546 I GAME : Day of month value is out of range 1..31
03-10 14:02:18.614 4321 4546 I GAME : Year is out of valid range: 1400..10000
03-10 14:02:18.614 4321 4546 I GAME : Month number is out of range 1..12
03-10 14:02:18.614 4321 4546 I GAME : Day of month value is out of range 1..31
03-10 14:02:18.653 4321 4546 D hwaps : APS: play type is 4
03-10 14:02:18.658 4321 4546 I GAME : Year is out of valid range: 1400..10000
03-10 14:02:18.658 4321 4546 I GAME : Month number is out of range 1..12
03-10 14:02:18.658 4321 4546 I GAME : Day of month value is out of range 1..31
03-10 14:02:18.687 4321 4321 W Thread-31607: type=1400 audit(0.0:44368): avc:
denied { accept } for scontext=u:r:untrusted_app:s0:c512,c768
tcontext=u:r:surfaceflinger:s0 tclass=unix_stream_socket permissive=0
03-10 14:02:18.697 4321 4546 I GAME : Year is out of valid range: 1400..10000
03-10 14:02:18.697 4321 4546 I GAME : Month number is out of range 1..12
03-10 14:02:18.697 4321 4546 I GAME : Day of month value is out of range 1..31
03-10 14:02:18.727 4321 4321 W Thread-31615: type=1400 audit(0.0:44369): avc:
denied { accept } for scontext=u:r:untrusted_app:s0:c512,c768
tcontext=u:r:surfaceflinger:s0 tclass=unix_stream_socket permissive=0
03-10 14:02:18.733 4321 4546 D hwaps : APS: play type is 1
03-10 14:02:18.738 4321 4546 I GAME : Year is out of valid range: 1400..10000
03-10 14:02:18.738 4321 4546 I GAME : Month number is out of range 1..12
03-10 14:02:18.738 4321 4546 I GAME : Day of month value is out of range 1..31
03-10 14:02:18.770 4321 4321 W Thread-31623: type=1400 audit(0.0:44370): avc:
denied { accept } for scontext=u:r:untrusted_app:s0:c512,c768
tcontext=u:r:surfaceflinger:s0 tclass=unix_stream_socket permissive=0
03-10 14:02:18.774 4321 4321 W Thread-31623: type=1400 audit(0.0:44371): avc:
denied { accept } for scontext=u:r:untrusted_app:s0:c512,c768
tcontext=u:r:surfaceflinger:s0 tclass=unix_stream_socket permissive=0
03-10 14:02:18.784 4321 4546 I GAME : Year is out of valid range: 1400..10000
03-10 14:02:18.785 4321 4546 I GAME : Month number is out of range 1..12
03-10 14:02:18.785 4321 4546 I GAME : Day of month value is out of range 1..31
03-10 14:02:18.817 4321 4321 W Thread-31631: type=1400 audit(0.0:44372): avc:
denied { accept } for scontext=u:r:untrusted_app:s0:c512,c768
tcontext=u:r:surfaceflinger:s0 tclass=unix_stream_socket permissive=0
03-10 14:02:18.827 4321 4546 I GAME : Year is out of valid range: 1400..10000
03-10 14:02:18.827 4321 4546 I GAME : Month number is out of range 1..12
03-10 14:02:18.827 4321 4546 I GAME : Day of month value is out of range 1..31
03-10 14:02:18.865 4321 4546 D hwaps : APS: play type is 4
03-10 14:02:18.869 4321 4546 I GAME : Year is out of valid range: 1400..10000
03-10 14:02:18.870 4321 4546 I GAME : Month number is out of range 1..12
03-10 14:02:18.870 4321 4546 I GAME : Day of month value is out of range 1..31
03-10 14:02:18.913 4321 4546 I GAME : Year is out of valid range: 1400..10000
03-10 14:02:18.914 4321 4546 I GAME : Month number is out of range 1..12
03-10 14:02:18.914 4321 4546 I GAME : Day of month value is out of range 1..31
03-10 14:02:18.958 4321 4546 I GAME : Year is out of valid range: 1400..10000
03-10 14:02:18.959 4321 4546 I GAME : Month number is out of range 1..12
03-10 14:02:18.959 4321 4546 I GAME : Day of month value is out of range 1..31
03-10 14:02:18.998 4321 4546 D hwaps : APS: play type is 1
03-10 14:02:19.003 4321 4546 I GAME : Year is out of valid range: 1400..10000
03-10 14:02:19.003 4321 4546 I GAME : Month number is out of range 1..12
03-10 14:02:19.003 4321 4546 I GAME : Day of month value is out of range 1..31
03-10 14:02:19.053 4321 4546 I GAME : Year is out of valid range: 1400..10000
03-10 14:02:19.053 4321 4546 I GAME : Month number is out of range 1..12
03-10 14:02:19.053 4321 4546 I GAME : Day of month value is out of range 1..31
03-10 14:02:19.094 4321 4546 I GAME : Year is out of valid range: 1400..10000
03-10 14:02:19.094 4321 4546 I GAME : Month number is out of range 1..12
03-10 14:02:19.094 4321 4546 I GAME : Day of month value is out of range 1..31
03-10 14:02:19.138 4321 4546 I GAME : Year is out of valid range: 1400..10000
03-10 14:02:19.138 4321 4546 I GAME : Month number is out of range 1..12
03-10 14:02:19.138 4321 4546 I GAME : Day of month value is out of range 1..31
03-10 14:02:19.184 4321 4546 I GAME : Year is out of valid range: 1400..10000
03-10 14:02:19.184 4321 4546 I GAME : Month number is out of range 1..12
03-10 14:02:19.184 4321 4546 I GAME : Day of month value is out of range 1..31
03-10 14:02:19.227 4321 4546 I GAME : Year is out of valid range: 1400..10000
03-10 14:02:19.227 4321 4546 I GAME : Month number is out of range 1..12
03-10 14:02:19.227 4321 4546 I GAME : Day of month value is out of range 1..31
03-10 14:02:19.269 4321 4546 I GAME : Year is out of valid range: 1400..10000
03-10 14:02:19.269 4321 4546 I GAME : Month number is out of range 1..12
03-10 14:02:19.269 4321 4546 I GAME : Day of month value is out of range 1..31
03-10 14:02:19.312 4321 4546 I GAME : Year is out of valid range: 1400..10000
03-10 14:02:19.312 4321 4546 I GAME : Month number is out of range 1..12
03-10 14:02:19.312 4321 4546 I GAME : Day of month value is out of range 1..31
03-10 14:02:19.350 4321 4546 D hwaps : APS: play type is 4
03-10 14:02:19.354 4321 4546 I GAME : Year is out of valid range: 1400..10000
03-10 14:02:19.354 4321 4546 I GAME : Month number is out of range 1..12
03-10 14:02:19.354 4321 4546 I GAME : Day of month value is out of range 1..31
03-10 14:02:19.397 4321 4546 I GAME : Year is out of valid range: 1400..10000
03-10 14:02:19.397 4321 4546 I GAME : Month number is out of range 1..12
03-10 14:02:19.397 4321 4546 I GAME : Day of month value is out of range 1..31
03-10 14:02:19.437 4321 4546 I GAME : Year is out of valid range: 1400..10000
03-10 14:02:19.438 4321 4546 I GAME : Month number is out of range 1..12
03-10 14:02:19.438 4321 4546 I GAME : Day of month value is out of range 1..31
03-10 14:02:19.484 4321 4546 D hwaps : APS: play type is 1
03-10 14:02:19.490 4321 4546 I GAME : Year is out of valid range: 1400..10000
03-10 14:02:19.490 4321 4546 I GAME : Month number is out of range 1..12
03-10 14:02:19.490 4321 4546 I GAME : Day of month value is out of range 1..31
03-10 14:02:19.536 4321 4546 I GAME : Year is out of valid range: 1400..10000
03-10 14:02:19.536 4321 4546 I GAME : Month number is out of range 1..12
03-10 14:02:19.536 4321 4546 I GAME : Day of month value is out of range 1..31
03-10 14:02:19.574 4321 4546 I GAME : Year is out of valid range: 1400..10000
03-10 14:02:19.574 4321 4546 I GAME : Month number is out of range 1..12
03-10 14:02:19.574 4321 4546 I GAME : Day of month value is out of range 1..31
03-10 14:02:19.615 4321 4546 I GAME : Year is out of valid range: 1400..10000
03-10 14:02:19.615 4321 4546 I GAME : Month number is out of range 1..12
03-10 14:02:19.615 4321 4546 I GAME : Day of month value is out of range 1..31
03-10 14:02:19.656 4321 4546 I GAME : Year is out of valid range: 1400..10000
03-10 14:02:19.656 4321 4546 I GAME : Month number is out of range 1..12
03-10 14:02:19.656 4321 4546 I GAME : Day of month value is out of range 1..31
03-10 14:02:19.690 4321 4321 W Thread-31791: type=1400 audit(0.0:44401): avc:
denied { accept } for scontext=u:r:untrusted_app:s0:c512,c768
tcontext=u:r:surfaceflinger:s0 tclass=unix_stream_socket permissive=0
03-10 14:02:19.701 4321 4546 I GAME : Year is out of valid range: 1400..10000
03-10 14:02:19.701 4321 4546 I GAME : Month number is out of range 1..12
03-10 14:02:19.701 4321 4546 I GAME : Day of month value is out of range 1..31
03-10 14:02:19.734 4321 4321 W Thread-31799: type=1400 audit(0.0:44402): avc:
denied { accept } for scontext=u:r:untrusted_app:s0:c512,c768
tcontext=u:r:surfaceflinger:s0 tclass=unix_stream_socket permissive=0
03-10 14:02:19.743 4321 4546 I GAME : Year is out of valid range: 1400..10000
