03-10 13:59:15.167 4321 4546 I GAME : Year is out of valid range: 1400..10000
03-10 13:59:15.167 4321 4546 I GAME : Month number is out of range 1..12
03-10 13:59:15.167 4321 4546 I GAME : Day of month value is out of range 1..31
03-10 13:59:15.175 4321 4619 I GAME : [LODsGenerator] finished in: 23, ms
03-10 13:59:15.197 4321 4546 I GAME : Year is out of valid range: 1400..10000
03-10 13:59:15.197 4321 4546 I GAME : Month number is out of range 1..12
03-10 13:59:15.197 4321 4546 I GAME : Day of month value is out of range 1..31
03-10 13:59:15.205 4321 4546 I GAME : Year is out of valid range: 1400..10000
03-10 13:59:15.205 4321 4546 I GAME : Month number is out of range 1..12
03-10 13:59:15.205 4321 4546 I GAME : Day of month value is out of range 1..31
03-10 13:59:15.221 4321 4619 I GAME : processing model:
'car_ferrari_laferrari_opt.pig'
03-10 13:59:15.221 4321 4619 I GAME : Decompressing
'car_ferrari_laferrari_opt.pig' file from '@data01.zip' fs: 165K -> 294K.
03-10 13:59:15.233 4321 4619 I GAME : [LODsGenerator] LOD: 2
03-10 13:59:15.234 4321 4619 I GAME : [LODsGenerator] material 'carpaint',
reduce factor: 1.00
03-10 13:59:15.236 4321 4546 I GAME : File
'/storage/emulated/0/Android/data/com.gameloft.android.GloftANPH/files/Logcat.txt'
is not lowercase. It will not load in POSIX devices
03-10 13:59:15.237 4321 4546 I GAME : File
'/storage/emulated/0/Android/data/com.gameloft.android.GloftANPH/files/PN.db' is
not lowercase. It will not load in POSIX devices
03-10 13:59:15.237 4321 4546 I GAME : File
'/storage/emulated/0/Android/data/com.gameloft.android.GloftANPH/files/OLU_NOTIFICA
TION_STATUS.txt' is not lowercase. It will not load in POSIX devices
03-10 13:59:15.237 4321 4546 I GAME : File
'/storage/emulated/0/Android/data/com.gameloft.android.GloftANPH/files/Logcat.txt'
is not lowercase. It will not load in POSIX devices
03-10 13:59:15.237 4321 4546 I GAME : File
'/storage/emulated/0/Android/data/com.gameloft.android.GloftANPH/files/PN.db' is
not lowercase. It will not load in POSIX devices
03-10 13:59:15.237 4321 4546 I GAME : File
'/storage/emulated/0/Android/data/com.gameloft.android.GloftANPH/files/OLU_NOTIFICA
TION_STATUS.txt' is not lowercase. It will not load in POSIX devices
03-10 13:59:15.239 4321 4546 I GAME : File
'/storage/emulated/0/Android/data/com.gameloft.android.GloftANPH/files/Logcat.txt'
is not lowercase. It will not load in POSIX devices
03-10 13:59:15.239 4321 4546 I GAME : File
'/storage/emulated/0/Android/data/com.gameloft.android.GloftANPH/files/PN.db' is
not lowercase. It will not load in POSIX devices
03-10 13:59:15.239 4321 4546 I GAME : File
'/storage/emulated/0/Android/data/com.gameloft.android.GloftANPH/files/OLU_NOTIFICA
TION_STATUS.txt' is not lowercase. It will not load in POSIX devices
03-10 13:59:15.239 4321 4546 I GAME : File
'/storage/emulated/0/Android/data/com.gameloft.android.GloftANPH/files/Logcat.txt'
is not lowercase. It will not load in POSIX devices
03-10 13:59:15.239 4321 4546 I GAME : File
'/storage/emulated/0/Android/data/com.gameloft.android.GloftANPH/files/PN.db' is
not lowercase. It will not load in POSIX devices
03-10 13:59:15.239 4321 4546 I GAME : File
'/storage/emulated/0/Android/data/com.gameloft.android.GloftANPH/files/OLU_NOTIFICA
TION_STATUS.txt' is not lowercase. It will not load in POSIX devices
03-10 13:59:15.240 4321 4546 I GAME : Decompressing
'car_ford_mustang_2015_opt.pig' file from '@data01.zip' fs: 153K -> 290K.
03-10 13:59:15.249 4321 4546 I GAME : Decompressing
'car_ford_mustang_2015_opt.pig' file from '@data01.zip' fs: 153K -> 290K.
03-10 13:59:15.264 4321 4546 I GAME : File
'/storage/emulated/0/Android/data/com.gameloft.android.GloftANPH/files/Logcat.txt'
is not lowercase. It will not load in POSIX devices
03-10 13:59:15.264 4321 4546 I GAME : File
'/storage/emulated/0/Android/data/com.gameloft.android.GloftANPH/files/PN.db' is
not lowercase. It will not load in POSIX devices
03-10 13:59:15.264 4321 4546 I GAME : File
'/storage/emulated/0/Android/data/com.gameloft.android.GloftANPH/files/OLU_NOTIFICA
TION_STATUS.txt' is not lowercase. It will not load in POSIX devices
03-10 13:59:15.264 4321 4546 I GAME : File
'/storage/emulated/0/Android/data/com.gameloft.android.GloftANPH/files/Logcat.txt'
is not lowercase. It will not load in POSIX devices
03-10 13:59:15.264 4321 4546 I GAME : File
'/storage/emulated/0/Android/data/com.gameloft.android.GloftANPH/files/PN.db' is
not lowercase. It will not load in POSIX devices
03-10 13:59:15.264 4321 4546 I GAME : File
'/storage/emulated/0/Android/data/com.gameloft.android.GloftANPH/files/OLU_NOTIFICA
TION_STATUS.txt' is not lowercase. It will not load in POSIX devices
03-10 13:59:15.277 4321 4321 W Thread-3366: type=1400 audit(0.0:39663): avc:
denied { accept } for scontext=u:r:untrusted_app:s0:c512,c768
tcontext=u:r:surfaceflinger:s0 tclass=unix_stream_socket permissive=0
03-10 13:59:15.280 4321 4546 I GAME : Year is out of valid range: 1400..10000
03-10 13:59:15.280 4321 4546 I GAME : Month number is out of range 1..12
03-10 13:59:15.280 4321 4546 I GAME : Day of month value is out of range 1..31
03-10 13:59:15.287 4321 4546 I GAME : Year is out of valid range: 1400..10000
03-10 13:59:15.287 4321 4546 I GAME : Month number is out of range 1..12
03-10 13:59:15.287 4321 4546 I GAME : Day of month value is out of range 1..31
03-10 13:59:15.310 4321 4321 W Thread-3377: type=1400 audit(0.0:39664): avc:
denied { accept } for scontext=u:r:untrusted_app:s0:c512,c768
tcontext=u:r:surfaceflinger:s0 tclass=unix_stream_socket permissive=0
03-10 13:59:15.314 4321 4546 I GAME : Year is out of valid range: 1400..10000
03-10 13:59:15.314 4321 4546 I GAME : Month number is out of range 1..12
03-10 13:59:15.314 4321 4546 I GAME : Day of month value is out of range 1..31
03-10 13:59:15.316 4321 4546 I GAME : Year is out of valid range: 1400..10000
03-10 13:59:15.316 4321 4546 I GAME : Month number is out of range 1..12
03-10 13:59:15.316 4321 4546 I GAME : Day of month value is out of range 1..31
03-10 13:59:15.318 4321 4546 I GAME : Year is out of valid range: 1400..10000
03-10 13:59:15.318 4321 4546 I GAME : Month number is out of range 1..12
03-10 13:59:15.318 4321 4546 I GAME : Day of month value is out of range 1..31
03-10 13:59:15.323 4321 4546 I GAME : Year is out of valid range: 1400..10000
03-10 13:59:15.323 4321 4546 I GAME : Month number is out of range 1..12
03-10 13:59:15.323 4321 4546 I GAME : Day of month value is out of range 1..31
03-10 13:59:15.338 4321 4619 I GAME : [LODsGenerator] statistics on borders:
0.458583
03-10 13:59:15.347 4321 4321 W Thread-3394: type=1400 audit(0.0:39667): avc:
denied { accept } for scontext=u:r:untrusted_app:s0:c512,c768
tcontext=u:r:surfaceflinger:s0 tclass=unix_stream_socket permissive=0
03-10 13:59:15.351 4321 4546 I GAME : Year is out of valid range: 1400..10000
03-10 13:59:15.351 4321 4546 I GAME : Month number is out of range 1..12
03-10 13:59:15.351 4321 4546 I GAME : Day of month value is out of range 1..31
03-10 13:59:15.356 4321 4546 I GAME : Year is out of valid range: 1400..10000
03-10 13:59:15.356 4321 4546 I GAME : Month number is out of range 1..12
03-10 13:59:15.356 4321 4546 I GAME : Day of month value is out of range 1..31
03-10 13:59:15.357 4321 4619 I GAME : [LODsGenerator] calculator in:
vertices: 5517, triangles, 8340
03-10 13:59:15.385 4321 4546 I GAME : Year is out of valid range: 1400..10000
03-10 13:59:15.385 4321 4546 I GAME : Month number is out of range 1..12
03-10 13:59:15.385 4321 4546 I GAME : Day of month value is out of range 1..31
03-10 13:59:15.391 4321 4546 I GAME : Year is out of valid range: 1400..10000
03-10 13:59:15.391 4321 4546 I GAME : Month number is out of range 1..12
03-10 13:59:15.391 4321 4546 I GAME : Day of month value is out of range 1..31
03-10 13:59:15.421 4321 4546 I GAME : Year is out of valid range: 1400..10000
03-10 13:59:15.422 4321 4546 I GAME : Month number is out of range 1..12
03-10 13:59:15.422 4321 4546 I GAME : Day of month value is out of range 1..31
03-10 13:59:15.429 4321 4546 I GAME : Year is out of valid range: 1400..10000
03-10 13:59:15.429 4321 4546 I GAME : Month number is out of range 1..12
03-10 13:59:15.429 4321 4546 I GAME : Day of month value is out of range 1..31
03-10 13:59:15.460 4321 4546 I GAME : Year is out of valid range: 1400..10000
03-10 13:59:15.460 4321 4546 I GAME : Month number is out of range 1..12
03-10 13:59:15.461 4321 4546 I GAME : Day of month value is out of range 1..31
03-10 13:59:15.466 4321 4546 I GAME : Year is out of valid range: 1400..10000
03-10 13:59:15.467 4321 4546 I GAME : Month number is out of range 1..12
03-10 13:59:15.467 4321 4546 I GAME : Day of month value is out of range 1..31
03-10 13:59:15.505 4321 4546 I GAME : Year is out of valid range: 1400..10000
03-10 13:59:15.505 4321 4546 I GAME : Month number is out of range 1..12
03-10 13:59:15.505 4321 4546 I GAME : Day of month value is out of range 1..31
03-10 13:59:15.511 4321 4546 I GAME : Year is out of valid range: 1400..10000
03-10 13:59:15.511 4321 4546 I GAME : Month number is out of range 1..12
03-10 13:59:15.511 4321 4546 I GAME : Day of month value is out of range 1..31
03-10 13:59:15.539 4321 4546 I GAME : Year is out of valid range: 1400..10000
03-10 13:59:15.539 4321 4546 I GAME : Month number is out of range 1..12
03-10 13:59:15.539 4321 4546 I GAME : Day of month value is out of range 1..31
03-10 13:59:15.545 4321 4546 I GAME : Year is out of valid range: 1400..10000
03-10 13:59:15.545 4321 4546 I GAME : Month number is out of range 1..12
03-10 13:59:15.545 4321 4546 I GAME : Day of month value is out of range 1..31
03-10 13:59:15.580 4321 4546 I GAME : Year is out of valid range: 1400..10000
03-10 13:59:15.581 4321 4546 I GAME : Month number is out of range 1..12
03-10 13:59:15.581 4321 4546 I GAME : Day of month value is out of range 1..31
03-10 13:59:15.583 4321 4546 I GAME : Year is out of valid range: 1400..10000
03-10 13:59:15.583 4321 4546 I GAME : Month number is out of range 1..12
03-10 13:59:15.583 4321 4546 I GAME : Day of month value is out of range 1..31
03-10 13:59:15.589 4321 4546 I GAME : Year is out of valid range: 1400..10000
03-10 13:59:15.589 4321 4546 I GAME : Month number is out of range 1..12
03-10 13:59:15.589 4321 4546 I GAME : Day of month value is out of range 1..31
03-10 13:59:15.620 4321 4546 I GAME : Year is out of valid range: 1400..10000
03-10 13:59:15.620 4321 4546 I GAME : Month number is out of range 1..12
03-10 13:59:15.620 4321 4546 I GAME : Day of month value is out of range 1..31
03-10 13:59:15.626 4321 4546 I GAME : Year is out of valid range: 1400..10000
03-10 13:59:15.626 4321 4546 I GAME : Month number is out of range 1..12
03-10 13:59:15.626 4321 4546 I GAME : Day of month value is out of range 1..31
03-10 13:59:15.662 4321 4546 I GAME : Year is out of valid range: 1400..10000
03-10 13:59:15.662 4321 4546 I GAME : Month number is out of range 1..12
03-10 13:59:15.662 4321 4546 I GAME : Day of month value is out of range 1..31
03-10 13:59:15.669 4321 4546 I GAME : Year is out of valid range: 1400..10000
03-10 13:59:15.669 4321 4546 I GAME : Month number is out of range 1..12
03-10 13:59:15.669 4321 4546 I GAME : Day of month value is out of range 1..31
03-10 13:59:15.700 4321 4546 I GAME : Year is out of valid range: 1400..10000
03-10 13:59:15.700 4321 4546 I GAME : Month number is out of range 1..12
03-10 13:59:15.700 4321 4546 I GAME : Day of month value is out of range 1..31
03-10 13:59:15.706 4321 4546 I GAME : Year is out of valid range: 1400..10000
03-10 13:59:15.706 4321 4546 I GAME : Month number is out of range 1..12
03-10 13:59:15.706 4321 4546 I GAME : Day of month value is out of range 1..31
03-10 13:59:15.739 4321 4546 I GAME : Year is out of valid range: 1400..10000
03-10 13:59:15.739 4321 4546 I GAME : Month number is out of range 1..12
03-10 13:59:15.739 4321 4546 I GAME : Day of month value is out of range 1..31
03-10 13:59:15.745 4321 4546 I GAME : Year is out of valid range: 1400..10000
03-10 13:59:15.745 4321 4546 I GAME : Month number is out of range 1..12
03-10 13:59:15.745 4321 4546 I GAME : Day of month value is out of range 1..31
03-10 13:59:15.781 4321 4546 I GAME : Year is out of valid range: 1400..10000
03-10 13:59:15.781 4321 4546 I GAME : Month number is out of range 1..12
03-10 13:59:15.781 4321 4546 I GAME : Day of month value is out of range 1..31
03-10 13:59:15.783 4321 4546 I GAME : Year is out of valid range: 1400..10000
03-10 13:59:15.783 4321 4546 I GAME : Month number is out of range 1..12
03-10 13:59:15.783 4321 4546 I GAME : Day of month value is out of range 1..31
03-10 13:59:15.790 4321 4546 I GAME : Year is out of valid range: 1400..10000
03-10 13:59:15.791 4321 4546 I GAME : Month number is out of range 1..12
03-10 13:59:15.791 4321 4546 I GAME : Day of month value is out of range 1..31
03-10 13:59:15.820 4321 4546 I GAME : Year is out of valid range: 1400..10000
03-10 13:59:15.820 4321 4546 I GAME : Month number is out of range 1..12
03-10 13:59:15.820 4321 4546 I GAME : Day of month value is out of range 1..31
03-10 13:59:15.825 4321 4546 I GAME : Year is out of valid range: 1400..10000
03-10 13:59:15.825 4321 4546 I GAME : Month number is out of range 1..12
03-10 13:59:15.825 4321 4546 I GAME : Day of month value is out of range 1..31
03-10 13:59:15.860 4321 4546 I GAME : Year is out of valid range: 1400..10000
03-10 13:59:15.860 4321 4546 I GAME : Month number is out of range 1..12
03-10 13:59:15.860 4321 4546 I GAME : Day of month value is out of range 1..31
03-10 13:59:15.866 4321 4546 I GAME : Year is out of valid range: 1400..10000
03-10 13:59:15.866 4321 4546 I GAME : Month number is out of range 1..12
03-10 13:59:15.866 4321 4546 I GAME : Day of month value is out of range 1..31
03-10 13:59:15.900 4321 4546 I GAME : Year is out of valid range: 1400..10000
03-10 13:59:15.901 4321 4546 I GAME : Month number is out of range 1..12
03-10 13:59:15.901 4321 4546 I GAME : Day of month value is out of range 1..31
03-10 13:59:15.906 4321 4546 I GAME : Year is out of valid range: 1400..10000
03-10 13:59:15.906 4321 4546 I GAME : Month number is out of range 1..12
03-10 13:59:15.906 4321 4546 I GAME : Day of month value is out of range 1..31
03-10 13:59:15.941 4321 4546 I GAME : Year is out of valid range: 1400..10000
03-10 13:59:15.941 4321 4546 I GAME : Month number is out of range 1..12
03-10 13:59:15.941 4321 4546 I GAME : Day of month value is out of range 1..31
03-10 13:59:15.946 4321 4546 I GAME : Year is out of valid range: 1400..10000
03-10 13:59:15.946 4321 4546 I GAME : Month number is out of range 1..12
03-10 13:59:15.946 4321 4546 I GAME : Day of month value is out of range 1..31
03-10 13:59:15.983 4321 4546 I GAME : Year is out of valid range: 1400..10000
03-10 13:59:15.983 4321 4546 I GAME : Month number is out of range 1..12
03-10 13:59:15.983 4321 4546 I GAME : Day of month value is out of range 1..31
03-10 13:59:15.986 4321 4546 I GAME : Year is out of valid range: 1400..10000
03-10 13:59:15.986 4321 4546 I GAME : Month number is out of range 1..12
03-10 13:59:15.986 4321 4546 I GAME : Day of month value is out of range 1..31
03-10 13:59:15.992 4321 4546 I GAME : Year is out of valid range: 1400..10000
03-10 13:59:15.992 4321 4546 I GAME : Month number is out of range 1..12
03-10 13:59:15.992 4321 4546 I GAME : Day of month value is out of range 1..31
03-10 13:59:16.022 4321 4546 I GAME : Year is out of valid range: 1400..10000
03-10 13:59:16.022 4321 4546 I GAME : Month number is out of range 1..12
03-10 13:59:16.022 4321 4546 I GAME : Day of month value is out of range 1..31
03-10 13:59:16.029 4321 4546 I GAME : Year is out of valid range: 1400..10000
03-10 13:59:16.029 4321 4546 I GAME : Month number is out of range 1..12
03-10 13:59:16.029 4321 4546 I GAME : Day of month value is out of range 1..31
03-10 13:59:16.063 4321 4546 I GAME : Year is out of valid range: 1400..10000
03-10 13:59:16.063 4321 4546 I GAME : Month number is out of range 1..12
03-10 13:59:16.063 4321 4546 I GAME : Day of month value is out of range 1..31
03-10 13:59:16.069 4321 4546 I GAME : Year is out of valid range: 1400..10000
03-10 13:59:16.069 4321 4546 I GAME : Month number is out of range 1..12
03-10 13:59:16.069 4321 4546 I GAME : Day of month value is out of range 1..31
03-10 13:59:16.126 4321 4546 I GAME : Year is out of valid range: 1400..10000
03-10 13:59:16.126 4321 4546 I GAME : Month number is out of range 1..12
03-10 13:59:16.126 4321 4546 I GAME : Day of month value is out of range 1..31
03-10 13:59:16.127 4321 4546 I GAME : Year is out of valid range: 1400..10000
03-10 13:59:16.127 4321 4546 I GAME : Month number is out of range 1..12
03-10 13:59:16.127 4321 4546 I GAME : Day of month value is out of range 1..31
03-10 13:59:16.141 4321 4546 I GAME : Year is out of valid range: 1400..10000
03-10 13:59:16.141 4321 4546 I GAME : Month number is out of range 1..12
03-10 13:59:16.141 4321 4546 I GAME : Day of month value is out of range 1..31
03-10 13:59:16.175 4321 4546 I GAME : Year is out of valid range: 1400..10000
03-10 13:59:16.175 4321 4546 I GAME : Month number is out of range 1..12
03-10 13:59:16.175 4321 4546 I GAME : Day of month value is out of range 1..31
03-10 13:59:16.206 4321 4546 I GAME : Year is out of valid range: 1400..10000
03-10 13:59:16.206 4321 4546 I GAME : Month number is out of range 1..12
03-10 13:59:16.206 4321 4546 I GAME : Day of month value is out of range 1..31
03-10 13:59:16.240 4321 4546 I GAME : Year is out of valid range: 1400..10000
03-10 13:59:16.240 4321 4546 I GAME : Month number is out of range 1..12
03-10 13:59:16.240 4321 4546 I GAME : Day of month value is out of range 1..31
03-10 13:59:16.271 4321 4546 I GAME : Year is out of valid range: 1400..10000
03-10 13:59:16.272 4321 4546 I GAME : Month number is out of range 1..12
03-10 13:59:16.272 4321 4546 I GAME : Day of month value is out of range 1..31
03-10 13:59:16.297 4321 4321 W Thread-3659: type=1400 audit(0.0:39698): avc:
denied { accept } for scontext=u:r:untrusted_app:s0:c512,c768
tcontext=u:r:surfaceflinger:s0 tclass=unix_stream_socket permissive=0
03-10 13:59:16.304 4321 4546 I GAME : Year is out of valid range: 1400..10000
03-10 13:59:16.305 4321 4546 I GAME : Month number is out of range 1..12
03-10 13:59:16.305 4321 4546 I GAME : Day of month value is out of range 1..31
03-10 13:59:16.330 4321 4321 W Thread-3667: type=1400 audit(0.0:39699): avc:
denied { accept } for scontext=u:r:untrusted_app:s0:c512,c768
tcontext=u:r:surfaceflinger:s0 tclass=unix_stream_socket permissive=0
03-10 13:59:16.339 4321 4546 I GAME : Year is out of valid range: 1400..10000
03-10 13:59:16.340 4321 4546 I GAME : Month number is out of range 1..12
03-10 13:59:16.340 4321 4546 I GAME : Day of month value is out of range 1..31
03-10 13:59:16.364 4321 4321 W Thread-3675: type=1400 audit(0.0:39700): avc:
denied { accept } for scontext=u:r:untrusted_app:s0:c512,c768
tcontext=u:r:surfaceflinger:s0 tclass=unix_stream_socket permissive=0
03-10 13:59:16.375 4321 4546 I GAME : Year is out of valid range: 1400..10000
03-10 13:59:16.375 4321 4546 I GAME : Month number is out of range 1..12
03-10 13:59:16.375 4321 4546 I GAME : Day of month value is out of range 1..31
03-10 13:59:16.397 4321 4321 W Thread-3683: type=1400 audit(0.0:39701): avc:
denied { accept } for scontext=u:r:untrusted_app:s0:c512,c768
tcontext=u:r:surfaceflinger:s0 tclass=unix_stream_socket permissive=0
03-10 13:59:16.404 4321 4546 I GAME : Year is out of valid range: 1400..10000
03-10 13:59:16.404 4321 4546 I GAME : Month number is out of range 1..12
03-10 13:59:16.404 4321 4546 I GAME : Day of month value is out of range 1..31
03-10 13:59:16.445 4321 4546 I GAME : Year is out of valid range: 1400..10000
03-10 13:59:16.446 4321 4546 I GAME : Month number is out of range 1..12
03-10 13:59:16.446 4321 4546 I GAME : Day of month value is out of range 1..31
03-10 13:59:16.470 4321 4546 I GAME : Year is out of valid range: 1400..10000
03-10 13:59:16.471 4321 4546 I GAME : Month number is out of range 1..12
03-10 13:59:16.471 4321 4546 I GAME : Day of month value is out of range 1..31
03-10 13:59:16.522 4321 4546 I GAME : Year is out of valid range: 1400..10000
03-10 13:59:16.522 4321 4546 I GAME : Month number is out of range 1..12
03-10 13:59:16.522 4321 4546 I GAME : Day of month value is out of range 1..31
03-10 13:59:16.551 4321 4546 I GAME : Year is out of valid range: 1400..10000
03-10 13:59:16.551 4321 4546 I GAME : Month number is out of range 1..12
03-10 13:59:16.552 4321 4546 I GAME : Day of month value is out of range 1..31
03-10 13:59:16.584 4321 4546 I GAME : Year is out of valid range: 1400..10000
03-10 13:59:16.585 4321 4546 I GAME : Month number is out of range 1..12
03-10 13:59:16.585 4321 4546 I GAME : Day of month value is out of range 1..31
03-10 13:59:16.618 4321 4546 I GAME : Year is out of valid range: 1400..10000
03-10 13:59:16.618 4321 4546 I GAME : Month number is out of range 1..12
03-10 13:59:16.618 4321 4546 I GAME : Day of month value is out of range 1..31
03-10 13:59:16.653 4321 4546 I GAME : Year is out of valid range: 1400..10000
03-10 13:59:16.653 4321 4546 I GAME : Month number is out of range 1..12
03-10 13:59:16.653 4321 4546 I GAME : Day of month value is out of range 1..31
03-10 13:59:16.685 4321 4546 I GAME : Year is out of valid range: 1400..10000
03-10 13:59:16.685 4321 4546 I GAME : Month number is out of range 1..12
03-10 13:59:16.685 4321 4546 I GAME : Day of month value is out of range 1..31
03-10 13:59:16.718 4321 4546 I GAME : Year is out of valid range: 1400..10000
03-10 13:59:16.718 4321 4546 I GAME : Month number is out of range 1..12
03-10 13:59:16.718 4321 4546 I GAME : Day of month value is out of range 1..31
03-10 13:59:16.755 4321 4546 I GAME : Year is out of valid range: 1400..10000
03-10 13:59:16.755 4321 4546 I GAME : Month number is out of range 1..12
03-10 13:59:16.755 4321 4546 I GAME : Day of month value is out of range 1..31
03-10 13:59:16.788 4321 4546 I GAME : Year is out of valid range: 1400..10000
03-10 13:59:16.788 4321 4546 I GAME : Month number is out of range 1..12
03-10 13:59:16.788 4321 4546 I GAME : Day of month value is out of range 1..31
03-10 13:59:16.826 4321 4546 I GAME : Year is out of valid range: 1400..10000
03-10 13:59:16.826 4321 4546 I GAME : Month number is out of range 1..12
03-10 13:59:16.826 4321 4546 I GAME : Day of month value is out of range 1..31
03-10 13:59:16.861 4321 4546 I GAME : Year is out of valid range: 1400..10000
03-10 13:59:16.861 4321 4546 I GAME : Month number is out of range 1..12
03-10 13:59:16.861 4321 4546 I GAME : Day of month value is out of range 1..31
03-10 13:59:16.897 4321 4546 I GAME : Year is out of valid range: 1400..10000
03-10 13:59:16.897 4321 4546 I GAME : Month number is out of range 1..12
03-10 13:59:16.897 4321 4546 I GAME : Day of month value is out of range 1..31
03-10 13:59:16.933 4321 4546 I GAME : Year is out of valid range: 1400..10000
03-10 13:59:16.933 4321 4546 I GAME : Month number is out of range 1..12
03-10 13:59:16.933 4321 4546 I GAME : Day of month value is out of range 1..31
03-10 13:59:16.967 4321 4546 I GAME : Year is out of valid range: 1400..10000
03-10 13:59:16.967 4321 4546 I GAME : Month number is out of range 1..12
03-10 13:59:16.967 4321 4546 I GAME : Day of month value is out of range 1..31
03-10 13:59:17.002 4321 4546 I GAME : Year is out of valid range: 1400..10000
03-10 13:59:17.003 4321 4546 I GAME : Month number is out of range 1..12
03-10 13:59:17.003 4321 4546 I GAME : Day of month value is out of range 1..31
03-10 13:59:17.038 4321 4546 I GAME : Year is out of valid range: 1400..10000
03-10 13:59:17.038 4321 4546 I GAME : Month number is out of range 1..12
03-10 13:59:17.038 4321 4546 I GAME : Day of month value is out of range 1..31
03-10 13:59:17.073 4321 4546 I GAME : Year is out of valid range: 1400..10000
03-10 13:59:17.073 4321 4546 I GAME : Month number is out of range 1..12
03-10 13:59:17.073 4321 4546 I GAME : Day of month value is out of range 1..31
03-10 13:59:17.108 4321 4546 I GAME : Year is out of valid range: 1400..10000
03-10 13:59:17.108 4321 4546 I GAME : Month number is out of range 1..12
03-10 13:59:17.108 4321 4546 I GAME : Day of month value is out of range 1..31
03-10 13:59:17.145 4321 4546 I GAME : Year is out of valid range: 1400..10000
03-10 13:59:17.145 4321 4546 I GAME : Month number is out of range 1..12
03-10 13:59:17.145 4321 4546 I GAME : Day of month value is out of range 1..31
03-10 13:59:17.179 4321 4546 I GAME : Year is out of valid range: 1400..10000
03-10 13:59:17.179 4321 4546 I GAME : Month number is out of range 1..12
03-10 13:59:17.179 4321 4546 I GAME : Day of month value is out of range 1..31
03-10 13:59:17.213 4321 4546 I GAME : Year is out of valid range: 1400..10000
03-10 13:59:17.214 4321 4546 I GAME : Month number is out of range 1..12
03-10 13:59:17.214 4321 4546 I GAME : Day of month value is out of range 1..31
03-10 13:59:17.249 4321 4546 I GAME : Year is out of valid range: 1400..10000
03-10 13:59:17.249 4321 4546 I GAME : Month number is out of range 1..12
03-10 13:59:17.249 4321 4546 I GAME : Day of month value is out of range 1..31
03-10 13:59:17.284 4321 4546 I GAME : Year is out of valid range: 1400..10000
03-10 13:59:17.284 4321 4546 I GAME : Month number is out of range 1..12
03-10 13:59:17.284 4321 4546 I GAME : Day of month value is out of range 1..31
03-10 13:59:17.304 4321 4321 W Thread-3891: type=1400 audit(0.0:39730): avc:
denied { accept } for scontext=u:r:untrusted_app:s0:c512,c768
tcontext=u:r:surfaceflinger:s0 tclass=unix_stream_socket permissive=0
03-10 13:59:17.319 4321 4546 I GAME : Year is out of valid range: 1400..10000
03-10 13:59:17.319 4321 4546 I GAME : Month number is out of range 1..12
03-10 13:59:17.319 4321 4546 I GAME : Day of month value is out of range 1..31
03-10 13:59:17.340 4321 4321 W Thread-3899: type=1400 audit(0.0:39731): avc:
denied { accept } for scontext=u:r:untrusted_app:s0:c512,c768
tcontext=u:r:surfaceflinger:s0 tclass=unix_stream_socket permissive=0
03-10 13:59:17.344 4321 4321 W Thread-3899: type=1400 audit(0.0:39732): avc:
denied { accept } for scontext=u:r:untrusted_app:s0:c512,c768
tcontext=u:r:surfaceflinger:s0 tclass=unix_stream_socket permissive=0
03-10 13:59:17.354 4321 4546 I GAME : Year is out of valid range: 1400..10000
03-10 13:59:17.354 4321 4546 I GAME : Month number is out of range 1..12
03-10 13:59:17.354 4321 4546 I GAME : Day of month value is out of range 1..31
03-10 13:59:17.374 4321 4321 W Thread-3907: type=1400 audit(0.0:39733): avc:
denied { accept } for scontext=u:r:untrusted_app:s0:c512,c768
tcontext=u:r:surfaceflinger:s0 tclass=unix_stream_socket permissive=0
03-10 13:59:17.390 4321 4546 I GAME : Year is out of valid range: 1400..10000
03-10 13:59:17.390 4321 4546 I GAME : Month number is out of range 1..12
03-10 13:59:17.390 4321 4546 I GAME : Day of month value is out of range 1..31
03-10 13:59:17.410 4321 4321 W Thread-3915: type=1400 audit(0.0:39734): avc:
denied { accept } for scontext=u:r:untrusted_app:s0:c512,c768
tcontext=u:r:surfaceflinger:s0 tclass=unix_stream_socket permissive=0
03-10 13:59:17.425 4321 4546 I GAME : Year is out of valid range: 1400..10000
03-10 13:59:17.425 4321 4546 I GAME : Month number is out of range 1..12
03-10 13:59:17.425 4321 4546 I GAME : Day of month value is out of range 1..31
03-10 13:59:17.461 4321 4546 I GAME : Year is out of valid range: 1400..10000
03-10 13:59:17.461 4321 4546 I GAME : Month number is out of range 1..12
03-10 13:59:17.461 4321 4546 I GAME : Day of month value is out of range 1..31
03-10 13:59:17.496 4321 4546 I GAME : Year is out of valid range: 1400..10000
03-10 13:59:17.496 4321 4546 I GAME : Month number is out of range 1..12
03-10 13:59:17.496 4321 4546 I GAME : Day of month value is out of range 1..31
03-10 13:59:17.531 4321 4546 I GAME : Year is out of valid range: 1400..10000
03-10 13:59:17.531 4321 4546 I GAME : Month number is out of range 1..12
03-10 13:59:17.531 4321 4546 I GAME : Day of month value is out of range 1..31
03-10 13:59:17.566 4321 4546 I GAME : Year is out of valid range: 1400..10000
03-10 13:59:17.566 4321 4546 I GAME : Month number is out of range 1..12
03-10 13:59:17.566 4321 4546 I GAME : Day of month value is out of range 1..31
03-10 13:59:17.601 4321 4546 I GAME : Year is out of valid range: 1400..10000
03-10 13:59:17.601 4321 4546 I GAME : Month number is out of range 1..12
03-10 13:59:17.601 4321 4546 I GAME : Day of month value is out of range 1..31
03-10 13:59:17.636 4321 4546 I GAME : Year is out of valid range: 1400..10000
03-10 13:59:17.636 4321 4546 I GAME : Month number is out of range 1..12
03-10 13:59:17.636 4321 4546 I GAME : Day of month value is out of range 1..31
03-10 13:59:17.672 4321 4546 I GAME : Year is out of valid range: 1400..10000
03-10 13:59:17.672 4321 4546 I GAME : Month number is out of range 1..12
03-10 13:59:17.672 4321 4546 I GAME : Day of month value is out of range 1..31
03-10 13:59:17.707 4321 4546 I GAME : Year is out of valid range: 1400..10000
03-10 13:59:17.707 4321 4546 I GAME : Month number is out of range 1..12
03-10 13:59:17.707 4321 4546 I GAME : Day of month value is out of range 1..31
03-10 13:59:17.742 4321 4546 I GAME : Year is out of valid range: 1400..10000
03-10 13:59:17.742 4321 4546 I GAME : Month number is out of range 1..12
03-10 13:59:17.742 4321 4546 I GAME : Day of month value is out of range 1..31
03-10 13:59:17.778 4321 4546 I GAME : Year is out of valid range: 1400..10000
03-10 13:59:17.779 4321 4546 I GAME : Month number is out of range 1..12
03-10 13:59:17.779 4321 4546 I GAME : Day of month value is out of range 1..31
03-10 13:59:17.814 4321 4546 I GAME : Year is out of valid range: 1400..10000
03-10 13:59:17.814 4321 4546 I GAME : Month number is out of range 1..12
03-10 13:59:17.814 4321 4546 I GAME : Day of month value is out of range 1..31
03-10 13:59:17.849 4321 4546 I GAME : Year is out of valid range: 1400..10000
03-10 13:59:17.849 4321 4546 I GAME : Month number is out of range 1..12
03-10 13:59:17.849 4321 4546 I GAME : Day of month value is out of range 1..31
03-10 13:59:17.885 4321 4546 I GAME : Year is out of valid range: 1400..10000
03-10 13:59:17.885 4321 4546 I GAME : Month number is out of range 1..12
03-10 13:59:17.885 4321 4546 I GAME : Day of month value is out of range 1..31
03-10 13:59:17.922 4321 4546 I GAME : Year is out of valid range: 1400..10000
03-10 13:59:17.922 4321 4546 I GAME : Month number is out of range 1..12
03-10 13:59:17.922 4321 4546 I GAME : Day of month value is out of range 1..31
03-10 13:59:17.958 4321 4546 I GAME : Year is out of valid range: 1400..10000
03-10 13:59:17.958 4321 4546 I GAME : Month number is out of range 1..12
03-10 13:59:17.958 4321 4546 I GAME : Day of month value is out of range 1..31
03-10 13:59:17.997 4321 4546 I GAME : Year is out of valid range: 1400..10000
03-10 13:59:17.997 4321 4546 I GAME : Month number is out of range 1..12
03-10 13:59:17.997 4321 4546 I GAME : Day of month value is out of range 1..31
03-10 13:59:18.033 4321 4546 I GAME : Year is out of valid range: 1400..10000
03-10 13:59:18.033 4321 4546 I GAME : Month number is out of range 1..12
03-10 13:59:18.033 4321 4546 I GAME : Day of month value is out of range 1..31
03-10 13:59:18.067 4321 4546 I GAME : Year is out of valid range: 1400..10000
03-10 13:59:18.067 4321 4546 I GAME : Month number is out of range 1..12
03-10 13:59:18.067 4321 4546 I GAME : Day of month value is out of range 1..31
03-10 13:59:18.104 4321 4546 I GAME : Year is out of valid range: 1400..10000
03-10 13:59:18.104 4321 4546 I GAME : Month number is out of range 1..12
03-10 13:59:18.104 4321 4546 I GAME : Day of month value is out of range 1..31
03-10 13:59:18.140 4321 4546 I GAME : Year is out of valid range: 1400..10000
03-10 13:59:18.140 4321 4546 I GAME : Month number is out of range 1..12
03-10 13:59:18.140 4321 4546 I GAME : Day of month value is out of range 1..31
03-10 13:59:18.177 4321 4546 I GAME : Year is out of valid range: 1400..10000
03-10 13:59:18.177 4321 4546 I GAME : Month number is out of range 1..12
03-10 13:59:18.177 4321 4546 I GAME : Day of month value is out of range 1..31
03-10 13:59:18.214 4321 4546 I GAME : Year is out of valid range: 1400..10000
03-10 13:59:18.215 4321 4546 I GAME : Month number is out of range 1..12
03-10 13:59:18.215 4321 4546 I GAME : Day of month value is out of range 1..31
03-10 13:59:18.250 4321 4546 I GAME : Year is out of valid range: 1400..10000
03-10 13:59:18.250 4321 4546 I GAME : Month number is out of range 1..12
03-10 13:59:18.250 4321 4546 I GAME : Day of month value is out of range 1..31
03-10 13:59:18.286 4321 4546 I GAME : Year is out of valid range: 1400..10000
03-10 13:59:18.286 4321 4546 I GAME : Month number is out of range 1..12
03-10 13:59:18.286 4321 4546 I GAME : Day of month value is out of range 1..31
03-10 13:59:18.307 4321 4321 W Thread-4115: type=1400 audit(0.0:39764): avc:
denied { accept } for scontext=u:r:untrusted_app:s0:c512,c768
tcontext=u:r:surfaceflinger:s0 tclass=unix_stream_socket permissive=0
03-10 13:59:18.322 4321 4546 I GAME : Year is out of valid range: 1400..10000
03-10 13:59:18.322 4321 4546 I GAME : Month number is out of range 1..12
03-10 13:59:18.322 4321 4546 I GAME : Day of month value is out of range 1..31
03-10 13:59:18.347 4321 4321 W Thread-4123: type=1400 audit(0.0:39765): avc:
denied { accept } for scontext=u:r:untrusted_app:s0:c512,c768
tcontext=u:r:surfaceflinger:s0 tclass=unix_stream_socket permissive=0
03-10 13:59:18.356 4321 4546 I GAME : Year is out of valid range: 1400..10000
03-10 13:59:18.356 4321 4546 I GAME : Month number is out of range 1..12
03-10 13:59:18.356 4321 4546 I GAME : Day of month value is out of range 1..31
03-10 13:59:18.380 4321 4321 W Thread-4131: type=1400 audit(0.0:39766): avc:
denied { accept } for scontext=u:r:untrusted_app:s0:c512,c768
tcontext=u:r:surfaceflinger:s0 tclass=unix_stream_socket permissive=0
03-10 13:59:18.390 4321 4546 I GAME : Year is out of valid range: 1400..10000
03-10 13:59:18.390 4321 4546 I GAME : Month number is out of range 1..12
03-10 13:59:18.390 4321 4546 I GAME : Day of month value is out of range 1..31
03-10 13:59:18.414 4321 4321 W Thread-4139: type=1400 audit(0.0:39767): avc:
denied { accept } for scontext=u:r:untrusted_app:s0:c512,c768
tcontext=u:r:surfaceflinger:s0 tclass=unix_stream_socket permissive=0
03-10 13:59:18.419 4321 4546 I GAME : [OnlineTask] 'fed:UpdateDeviceInfo',
state: `started`, resultCode: -21
03-10 13:59:18.419 4321 4546 D DataSharing: Reading GloftANPH_GAIA_GDID from
local map = s2cqodv9amr/fZw0
03-10 13:59:18.420 4321 4546 D DataSharing: Reading GloftANPH_GAIA_GDID from
local map = s2cqodv9amr/fZw0
03-10 13:59:18.420 4321 4546 I GAME : [OnlineTask] 'fed:UpdateDeviceInfo'
error[-21]: ''
03-10 13:59:18.421 4321 4546 D DataSharing: Reading GloftANPH_GAIA_GDID from
local map = s2cqodv9amr/fZw0
03-10 13:59:18.421 4321 4546 D DataSharing: Reading GloftANPH_GAIA_GDID from
local map = s2cqodv9amr/fZw0
03-10 13:59:18.421 4321 4546 I GAME : [OnlineTask] 'fed:UpdateDeviceInfo',
state: `failed`, resultCode: -21
03-10 13:59:18.424 4321 4546 I GAME : Year is out of valid range: 1400..10000
03-10 13:59:18.424 4321 4546 I GAME : Month number is out of range 1..12
03-10 13:59:18.425 4321 4546 I GAME : Day of month value is out of range 1..31
03-10 13:59:18.453 4321 4546 I GAME : [OnlineTask] 'fed:DispatchConfig',
state: `started`, resultCode: 0
03-10 13:59:18.456 4321 4546 I GAME : Year is out of valid range: 1400..10000
03-10 13:59:18.456 4321 4546 I GAME : Month number is out of range 1..12
03-10 13:59:18.456 4321 4546 I GAME : Day of month value is out of range 1..31
03-10 13:59:18.490 4321 4546 I GAME : Year is out of valid range: 1400..10000
03-10 13:59:18.490 4321 4546 I GAME : Month number is out of range 1..12
03-10 13:59:18.490 4321 4546 I GAME : Day of month value is out of range 1..31
03-10 13:59:18.524 4321 4546 I GAME : Year is out of valid range: 1400..10000
03-10 13:59:18.524 4321 4546 I GAME : Month number is out of range 1..12
03-10 13:59:18.524 4321 4546 I GAME : Day of month value is out of range 1..31
03-10 13:59:18.557 4321 4546 I GAME : Year is out of valid range: 1400..10000
03-10 13:59:18.557 4321 4546 I GAME : Month number is out of range 1..12
03-10 13:59:18.557 4321 4546 I GAME : Day of month value is out of range 1..31
03-10 13:59:18.592 4321 4546 I GAME : Year is out of valid range: 1400..10000
03-10 13:59:18.592 4321 4546 I GAME : Month number is out of range 1..12
03-10 13:59:18.592 4321 4546 I GAME : Day of month value is out of range 1..31
03-10 13:59:18.624 4321 4546 I GAME : Year is out of valid range: 1400..10000
03-10 13:59:18.624 4321 4546 I GAME : Month number is out of range 1..12
03-10 13:59:18.624 4321 4546 I GAME : Day of month value is out of range 1..31
03-10 13:59:18.658 4321 4546 I GAME : Year is out of valid range: 1400..10000
03-10 13:59:18.658 4321 4546 I GAME : Month number is out of range 1..12
03-10 13:59:18.658 4321 4546 I GAME : Day of month value is out of range 1..31
03-10 13:59:18.694 4321 4546 I GAME : Year is out of valid range: 1400..10000
03-10 13:59:18.694 4321 4546 I GAME : Month number is out of range 1..12
03-10 13:59:18.694 4321 4546 I GAME : Day of month value is out of range 1..31
03-10 13:59:18.726 4321 4546 I GAME : Year is out of valid range: 1400..10000
03-10 13:59:18.726 4321 4546 I GAME : Month number is out of range 1..12
03-10 13:59:18.726 4321 4546 I GAME : Day of month value is out of range 1..31
03-10 13:59:18.760 4321 4546 I GAME : Year is out of valid range: 1400..10000
03-10 13:59:18.760 4321 4546 I GAME : Month number is out of range 1..12
03-10 13:59:18.760 4321 4546 I GAME : Day of month value is out of range 1..31
03-10 13:59:18.795 4321 4546 I GAME : Year is out of valid range: 1400..10000
03-10 13:59:18.795 4321 4546 I GAME : Month number is out of range 1..12
03-10 13:59:18.795 4321 4546 I GAME : Day of month value is out of range 1..31
03-10 13:59:18.829 4321 4546 I GAME : Year is out of valid range: 1400..10000
03-10 13:59:18.829 4321 4546 I GAME : Month number is out of range 1..12
03-10 13:59:18.829 4321 4546 I GAME : Day of month value is out of range 1..31
03-10 13:59:18.862 4321 4546 I GAME : Year is out of valid range: 1400..10000
03-10 13:59:18.862 4321 4546 I GAME : Month number is out of range 1..12
03-10 13:59:18.862 4321 4546 I GAME : Day of month value is out of range 1..31
03-10 13:59:18.894 4321 4546 I GAME : Year is out of valid range: 1400..10000
03-10 13:59:18.894 4321 4546 I GAME : Month number is out of range 1..12
03-10 13:59:18.894 4321 4546 I GAME : Day of month value is out of range 1..31
03-10 13:59:18.916 4321 4619 I GAME : [LODsGenerator] calculator out:
vertices: 2531, triangles: 2368
03-10 13:59:18.928 4321 4546 I GAME : Year is out of valid range: 1400..10000
03-10 13:59:18.928 4321 4546 I GAME : Month number is out of range 1..12
03-10 13:59:18.928 4321 4546 I GAME : Day of month value is out of range 1..31
03-10 13:59:18.939 4321 4619 I GAME : [LODsGenerator] finished in: 3705, ms
03-10 13:59:18.939 4321 4619 I GAME : [LODsGenerator] LOD: 3
03-10 13:59:18.939 4321 4619 I GAME : [LODsGenerator] material 'carpaint',
reduce factor: 1.00
03-10 13:59:18.960 4321 4546 I GAME : Year is out of valid range: 1400..10000
03-10 13:59:18.960 4321 4546 I GAME : Month number is out of range 1..12
03-10 13:59:18.960 4321 4546 I GAME : Day of month value is out of range 1..31
03-10 13:59:18.971 4321 4619 I GAME : [LODsGenerator] statistics on borders:
0.999605
03-10 13:59:18.977 4321 4619 I GAME : [LODsGenerator] calculator in:
vertices: 2531, triangles, 2368
03-10 13:59:18.977 4321 4619 I GAME : [LODsGenerator] calculator out:
vertices: 2531, triangles: 2368
03-10 13:59:18.993 4321 4546 I GAME : Year is out of valid range: 1400..10000
03-10 13:59:18.993 4321 4546 I GAME : Month number is out of range 1..12
03-10 13:59:18.993 4321 4546 I GAME : Day of month value is out of range 1..31
03-10 13:59:18.994 4321 4619 I GAME : [LODsGenerator] finished in: 55, ms
03-10 13:59:18.996 4321 4619 I GAME : [LODsGenerator] LOD: 2
03-10 13:59:18.996 4321 4619 I GAME : [LODsGenerator] LOD: 3
03-10 13:59:19.027 4321 4619 I GAME : processing model:
'car_ferrari_fxx_2005_opt.pig'
03-10 13:59:19.028 4321 4619 I GAME : Decompressing
'car_ferrari_fxx_2005_opt.pig' file from '@data01.zip' fs: 135K -> 265K.
03-10 13:59:19.028 4321 4546 I GAME : [OnlineTask] 'fed:GetServerTime', state:
`started`, resultCode: -21
03-10 13:59:19.028 4321 4546 I GAME : [OnlineTask] 'fed:GetServerTime' error[-
21]: ''
03-10 13:59:19.031 4321 4546 I GAME : Year is out of valid range: 1400..10000
03-10 13:59:19.031 4321 4546 I GAME : Month number is out of range 1..12
03-10 13:59:19.031 4321 4546 I GAME : Day of month value is out of range 1..31
03-10 13:59:19.038 4321 4619 I GAME : [LODsGenerator] LOD: 2
03-10 13:59:19.039 4321 4619 I GAME : [LODsGenerator] material 'carpaint',
reduce factor: 1.00
03-10 13:59:19.061 4321 4546 I GAME : File
'/storage/emulated/0/Android/data/com.gameloft.android.GloftANPH/files/Logcat.txt'
is not lowercase. It will not load in POSIX devices
03-10 13:59:19.061 4321 4546 I GAME : File
'/storage/emulated/0/Android/data/com.gameloft.android.GloftANPH/files/PN.db' is
not lowercase. It will not load in POSIX devices
03-10 13:59:19.061 4321 4546 I GAME : File
'/storage/emulated/0/Android/data/com.gameloft.android.GloftANPH/files/OLU_NOTIFICA
TION_STATUS.txt' is not lowercase. It will not load in POSIX devices
03-10 13:59:19.061 4321 4546 I GAME : File
'/storage/emulated/0/Android/data/com.gameloft.android.GloftANPH/files/Logcat.txt'
is not lowercase. It will not load in POSIX devices
03-10 13:59:19.061 4321 4546 I GAME : File
'/storage/emulated/0/Android/data/com.gameloft.android.GloftANPH/files/PN.db' is
not lowercase. It will not load in POSIX devices
03-10 13:59:19.062 4321 4546 I GAME : File
'/storage/emulated/0/Android/data/com.gameloft.android.GloftANPH/files/OLU_NOTIFICA
TION_STATUS.txt' is not lowercase. It will not load in POSIX devices
03-10 13:59:19.064 4321 4546 I GAME : File
'/storage/emulated/0/Android/data/com.gameloft.android.GloftANPH/files/Logcat.txt'
is not lowercase. It will not load in POSIX devices
03-10 13:59:19.064 4321 4546 I GAME : File
'/storage/emulated/0/Android/data/com.gameloft.android.GloftANPH/files/PN.db' is
not lowercase. It will not load in POSIX devices
03-10 13:59:19.064 4321 4546 I GAME : File
'/storage/emulated/0/Android/data/com.gameloft.android.GloftANPH/files/OLU_NOTIFICA
TION_STATUS.txt' is not lowercase. It will not load in POSIX devices
03-10 13:59:19.064 4321 4546 I GAME : File
'/storage/emulated/0/Android/data/com.gameloft.android.GloftANPH/files/Logcat.txt'
is not lowercase. It will not load in POSIX devices
03-10 13:59:19.064 4321 4546 I GAME : File
'/storage/emulated/0/Android/data/com.gameloft.android.GloftANPH/files/PN.db' is
not lowercase. It will not load in POSIX devices
03-10 13:59:19.064 4321 4546 I GAME : File
'/storage/emulated/0/Android/data/com.gameloft.android.GloftANPH/files/OLU_NOTIFICA
TION_STATUS.txt' is not lowercase. It will not load in POSIX devices
03-10 13:59:19.065 4321 4546 I GAME : Decompressing
'car_ferrari_laferrari_opt.pig' file from '@data01.zip' fs: 165K -> 294K.
03-10 13:59:19.074 4321 4546 I GAME : Decompressing
'car_ferrari_laferrari_opt.pig' file from '@data01.zip' fs: 165K -> 294K.
03-10 13:59:19.088 4321 4546 I GAME : File
'/storage/emulated/0/Android/data/com.gameloft.android.GloftANPH/files/Logcat.txt'
is not lowercase. It will not load in POSIX devices
03-10 13:59:19.088 4321 4546 I GAME : File
'/storage/emulated/0/Android/data/com.gameloft.android.GloftANPH/files/PN.db' is
not lowercase. It will not load in POSIX devices
03-10 13:59:19.088 4321 4546 I GAME : File
'/storage/emulated/0/Android/data/com.gameloft.android.GloftANPH/files/OLU_NOTIFICA
TION_STATUS.txt' is not lowercase. It will not load in POSIX devices
03-10 13:59:19.088 4321 4546 I GAME : File
'/storage/emulated/0/Android/data/com.gameloft.android.GloftANPH/files/Logcat.txt'
is not lowercase. It will not load in POSIX devices
03-10 13:59:19.088 4321 4546 I GAME : File
'/storage/emulated/0/Android/data/com.gameloft.android.GloftANPH/files/PN.db' is
not lowercase. It will not load in POSIX devices
03-10 13:59:19.088 4321 4546 I GAME : File
'/storage/emulated/0/Android/data/com.gameloft.android.GloftANPH/files/OLU_NOTIFICA
TION_STATUS.txt' is not lowercase. It will not load in POSIX devices
03-10 13:59:19.107 4321 4546 I GAME : Year is out of valid range: 1400..10000
03-10 13:59:19.107 4321 4546 I GAME : Month number is out of range 1..12
03-10 13:59:19.107 4321 4546 I GAME : Day of month value is out of range 1..31
03-10 13:59:19.117 4321 4619 I GAME : [LODsGenerator] statistics on borders:
0.775281
03-10 13:59:19.132 4321 4619 I GAME : [LODsGenerator] calculator in:
vertices: 5429, triangles, 6432
03-10 13:59:19.139 4321 4546 I GAME : Year is out of valid range: 1400..10000
03-10 13:59:19.139 4321 4546 I GAME : Month number is out of range 1..12
03-10 13:59:19.139 4321 4546 I GAME : Day of month value is out of range 1..31
03-10 13:59:19.174 4321 4546 I GAME : Year is out of valid range: 1400..10000
03-10 13:59:19.174 4321 4546 I GAME : Month number is out of range 1..12
03-10 13:59:19.174 4321 4546 I GAME : Day of month value is out of range 1..31
03-10 13:59:19.207 4321 4546 I GAME : Year is out of valid range: 1400..10000
03-10 13:59:19.207 4321 4546 I GAME : Month number is out of range 1..12
03-10 13:59:19.207 4321 4546 I GAME : Day of month value is out of range 1..31
03-10 13:59:19.237 4321 4546 I GAME : Year is out of valid range: 1400..10000
03-10 13:59:19.237 4321 4546 I GAME : Month number is out of range 1..12
03-10 13:59:19.237 4321 4546 I GAME : Day of month value is out of range 1..31
03-10 13:59:19.275 4321 4546 I GAME : Year is out of valid range: 1400..10000
03-10 13:59:19.275 4321 4546 I GAME : Month number is out of range 1..12
03-10 13:59:19.275 4321 4546 I GAME : Day of month value is out of range 1..31
03-10 13:59:19.307 4321 4546 I GAME : Year is out of valid range: 1400..10000
03-10 13:59:19.308 4321 4546 I GAME : Month number is out of range 1..12
03-10 13:59:19.308 4321 4546 I GAME : Day of month value is out of range 1..31
03-10 13:59:19.334 4321 4321 W Thread-4351: type=1400 audit(0.0:39796): avc:
denied { accept } for scontext=u:r:untrusted_app:s0:c512,c768
tcontext=u:r:surfaceflinger:s0 tclass=unix_stream_socket permissive=0
03-10 13:59:19.342 4321 4546 I GAME : Year is out of valid range: 1400..10000
03-10 13:59:19.342 4321 4546 I GAME : Month number is out of range 1..12
03-10 13:59:19.342 4321 4546 I GAME : Day of month value is out of range 1..31
03-10 13:59:19.367 4321 4321 W Thread-4359: type=1400 audit(0.0:39797): avc:
denied { accept } for scontext=u:r:untrusted_app:s0:c512,c768
tcontext=u:r:surfaceflinger:s0 tclass=unix_stream_socket permissive=0
03-10 13:59:19.375 4321 4546 I GAME : Year is out of valid range: 1400..10000
03-10 13:59:19.375 4321 4546 I GAME : Month number is out of range 1..12
03-10 13:59:19.375 4321 4546 I GAME : Day of month value is out of range 1..31
03-10 13:59:19.397 4321 4321 W Thread-4367: type=1400 audit(0.0:39798): avc:
denied { accept } for scontext=u:r:untrusted_app:s0:c512,c768
tcontext=u:r:surfaceflinger:s0 tclass=unix_stream_socket permissive=0
03-10 13:59:19.406 4321 4546 I GAME : Year is out of valid range: 1400..10000
03-10 13:59:19.406 4321 4546 I GAME : Month number is out of range 1..12
03-10 13:59:19.407 4321 4546 I GAME : Day of month value is out of range 1..31
03-10 13:59:19.443 4321 4546 I GAME : Year is out of valid range: 1400..10000
03-10 13:59:19.443 4321 4546 I GAME : Month number is out of range 1..12
03-10 13:59:19.443 4321 4546 I GAME : Day of month value is out of range 1..31
03-10 13:59:19.478 4321 4546 I GAME : Year is out of valid range: 1400..10000
03-10 13:59:19.478 4321 4546 I GAME : Month number is out of range 1..12
03-10 13:59:19.478 4321 4546 I GAME : Day of month value is out of range 1..31
03-10 13:59:19.511 4321 4546 I GAME : Year is out of valid range: 1400..10000
03-10 13:59:19.511 4321 4546 I GAME : Month number is out of range 1..12
03-10 13:59:19.511 4321 4546 I GAME : Day of month value is out of range 1..31
03-10 13:59:19.545 4321 4546 I GAME : Year is out of valid range: 1400..10000
03-10 13:59:19.545 4321 4546 I GAME : Month number is out of range 1..12
03-10 13:59:19.545 4321 4546 I GAME : Day of month value is out of range 1..31
03-10 13:59:19.579 4321 4546 I GAME : Year is out of valid range: 1400..10000
03-10 13:59:19.579 4321 4546 I GAME : Month number is out of range 1..12
03-10 13:59:19.579 4321 4546 I GAME : Day of month value is out of range 1..31
03-10 13:59:19.609 4321 4546 I GAME : Year is out of valid range: 1400..10000
03-10 13:59:19.609 4321 4546 I GAME : Month number is out of range 1..12
03-10 13:59:19.609 4321 4546 I GAME : Day of month value is out of range 1..31
03-10 13:59:19.644 4321 4546 I GAME : Year is out of valid range: 1400..10000
03-10 13:59:19.644 4321 4546 I GAME : Month number is out of range 1..12
03-10 13:59:19.644 4321 4546 I GAME : Day of month value is out of range 1..31
03-10 13:59:19.679 4321 4546 I GAME : Year is out of valid range: 1400..10000
03-10 13:59:19.679 4321 4546 I GAME : Month number is out of range 1..12
03-10 13:59:19.679 4321 4546 I GAME : Day of month value is out of range 1..31
03-10 13:59:19.712 4321 4546 I GAME : Year is out of valid range: 1400..10000
03-10 13:59:19.712 4321 4546 I GAME : Month number is out of range 1..12
03-10 13:59:19.712 4321 4546 I GAME : Day of month value is out of range 1..31
03-10 13:59:19.745 4321 4546 I GAME : Year is out of valid range: 1400..10000
03-10 13:59:19.745 4321 4546 I GAME : Month number is out of range 1..12
03-10 13:59:19.745 4321 4546 I GAME : Day of month value is out of range 1..31
