03-10 14:02:19.744 4321 4546 I GAME : Month number is out of range 1..12
03-10 14:02:19.744 4321 4546 I GAME : Day of month value is out of range 1..31
03-10 14:02:19.777 4321 4321 W Thread-31807: type=1400 audit(0.0:44403): avc:
denied { accept } for scontext=u:r:untrusted_app:s0:c512,c768
tcontext=u:r:surfaceflinger:s0 tclass=unix_stream_socket permissive=0
03-10 14:02:19.780 4321 4321 W Thread-31807: type=1400 audit(0.0:44404): avc:
denied { accept } for scontext=u:r:untrusted_app:s0:c512,c768
tcontext=u:r:surfaceflinger:s0 tclass=unix_stream_socket permissive=0
03-10 14:02:19.790 4321 4546 I GAME : Year is out of valid range: 1400..10000
03-10 14:02:19.790 4321 4546 I GAME : Month number is out of range 1..12
03-10 14:02:19.790 4321 4546 I GAME : Day of month value is out of range 1..31
03-10 14:02:19.820 4321 4321 W Thread-31815: type=1400 audit(0.0:44405): avc:
denied { accept } for scontext=u:r:untrusted_app:s0:c512,c768
tcontext=u:r:surfaceflinger:s0 tclass=unix_stream_socket permissive=0
03-10 14:02:19.829 4321 4546 I GAME : Year is out of valid range: 1400..10000
03-10 14:02:19.829 4321 4546 I GAME : Month number is out of range 1..12
03-10 14:02:19.829 4321 4546 I GAME : Day of month value is out of range 1..31
03-10 14:02:19.868 4321 4546 I GAME : [OnlineTask] 'fed:GetServerTime', state:
`started`, resultCode: -21
03-10 14:02:19.868 4321 4546 I GAME : [OnlineTask] 'fed:GetServerTime' error[-
21]: ''
03-10 14:02:19.871 4321 4546 I GAME : Year is out of valid range: 1400..10000
03-10 14:02:19.871 4321 4546 I GAME : Month number is out of range 1..12
03-10 14:02:19.871 4321 4546 I GAME : Day of month value is out of range 1..31
03-10 14:02:19.923 4321 4546 I GAME : Year is out of valid range: 1400..10000
03-10 14:02:19.923 4321 4546 I GAME : Month number is out of range 1..12
03-10 14:02:19.923 4321 4546 I GAME : Day of month value is out of range 1..31
03-10 14:02:19.967 4321 4546 I GAME : Year is out of valid range: 1400..10000
03-10 14:02:19.967 4321 4546 I GAME : Month number is out of range 1..12
03-10 14:02:19.967 4321 4546 I GAME : Day of month value is out of range 1..31
03-10 14:02:20.020 4321 4546 I GAME : Year is out of valid range: 1400..10000
03-10 14:02:20.020 4321 4546 I GAME : Month number is out of range 1..12
03-10 14:02:20.020 4321 4546 I GAME : Day of month value is out of range 1..31
03-10 14:02:20.058 4321 4546 D hwaps : APS: play type is 4
03-10 14:02:20.062 4321 4546 I GAME : Year is out of valid range: 1400..10000
03-10 14:02:20.062 4321 4546 I GAME : Month number is out of range 1..12
03-10 14:02:20.062 4321 4546 I GAME : Day of month value is out of range 1..31
03-10 14:02:20.096 4321 4546 D hwaps : APS: play type is 1
03-10 14:02:20.100 4321 4546 I GAME : Year is out of valid range: 1400..10000
03-10 14:02:20.100 4321 4546 I GAME : Month number is out of range 1..12
03-10 14:02:20.101 4321 4546 I GAME : Day of month value is out of range 1..31
03-10 14:02:20.135 4321 4546 D hwaps : APS: play type is 4
03-10 14:02:20.139 4321 4546 I GAME : Year is out of valid range: 1400..10000
03-10 14:02:20.140 4321 4546 I GAME : Month number is out of range 1..12
03-10 14:02:20.140 4321 4546 I GAME : Day of month value is out of range 1..31
03-10 14:02:20.175 4321 4546 D hwaps : APS: play type is 1
03-10 14:02:20.182 4321 4546 I GAME : Year is out of valid range: 1400..10000
03-10 14:02:20.182 4321 4546 I GAME : Month number is out of range 1..12
03-10 14:02:20.182 4321 4546 I GAME : Day of month value is out of range 1..31
03-10 14:02:20.226 4321 4546 I GAME : Year is out of valid range: 1400..10000
03-10 14:02:20.226 4321 4546 I GAME : Month number is out of range 1..12
03-10 14:02:20.226 4321 4546 I GAME : Day of month value is out of range 1..31
03-10 14:02:20.260 4321 4546 D hwaps : APS: play type is 4
03-10 14:02:20.267 4321 4546 I GAME : Year is out of valid range: 1400..10000
03-10 14:02:20.267 4321 4546 I GAME : Month number is out of range 1..12
03-10 14:02:20.267 4321 4546 I GAME : Day of month value is out of range 1..31
03-10 14:02:20.300 4321 4546 D hwaps : APS: play type is 1
03-10 14:02:20.311 4321 4546 I GAME : Year is out of valid range: 1400..10000
03-10 14:02:20.311 4321 4546 I GAME : Month number is out of range 1..12
03-10 14:02:20.311 4321 4546 I GAME : Day of month value is out of range 1..31
03-10 14:02:20.357 4321 4546 D hwaps : APS: play type is 4
03-10 14:02:20.361 4321 4546 I GAME : Year is out of valid range: 1400..10000
03-10 14:02:20.361 4321 4546 I GAME : Month number is out of range 1..12
03-10 14:02:20.361 4321 4546 I GAME : Day of month value is out of range 1..31
03-10 14:02:20.405 4321 4546 I GAME : Year is out of valid range: 1400..10000
03-10 14:02:20.405 4321 4546 I GAME : Month number is out of range 1..12
03-10 14:02:20.405 4321 4546 I GAME : Day of month value is out of range 1..31
03-10 14:02:20.448 4321 4546 D hwaps : APS: play type is 1
03-10 14:02:20.454 4321 4546 I GAME : Year is out of valid range: 1400..10000
03-10 14:02:20.454 4321 4546 I GAME : Month number is out of range 1..12
03-10 14:02:20.454 4321 4546 I GAME : Day of month value is out of range 1..31
03-10 14:02:20.502 4321 4546 D hwaps : APS: play type is 4
03-10 14:02:20.507 4321 4546 I GAME : Year is out of valid range: 1400..10000
03-10 14:02:20.507 4321 4546 I GAME : Month number is out of range 1..12
03-10 14:02:20.507 4321 4546 I GAME : Day of month value is out of range 1..31
03-10 14:02:20.560 4321 4546 D hwaps : APS: play type is 1
03-10 14:02:20.566 4321 4546 I GAME : Year is out of valid range: 1400..10000
03-10 14:02:20.566 4321 4546 I GAME : Month number is out of range 1..12
03-10 14:02:20.566 4321 4546 I GAME : Day of month value is out of range 1..31
03-10 14:02:20.619 4321 4546 D hwaps : APS: play type is 4
03-10 14:02:20.623 4321 4546 I GAME : Year is out of valid range: 1400..10000
03-10 14:02:20.624 4321 4546 I GAME : Month number is out of range 1..12
03-10 14:02:20.624 4321 4546 I GAME : Day of month value is out of range 1..31
03-10 14:02:20.660 4321 4546 D hwaps : APS: play type is 1
03-10 14:02:20.664 4321 4546 I GAME : Year is out of valid range: 1400..10000
03-10 14:02:20.665 4321 4546 I GAME : Month number is out of range 1..12
03-10 14:02:20.665 4321 4546 I GAME : Day of month value is out of range 1..31
03-10 14:02:20.697 4321 4546 D hwaps : APS: play type is 4
03-10 14:02:20.701 4321 4546 I GAME : Year is out of valid range: 1400..10000
03-10 14:02:20.701 4321 4546 I GAME : Month number is out of range 1..12
03-10 14:02:20.701 4321 4546 I GAME : Day of month value is out of range 1..31
03-10 14:02:20.727 4321 4321 W Thread-31975: type=1400 audit(0.0:44434): avc:
denied { accept } for scontext=u:r:untrusted_app:s0:c512,c768
tcontext=u:r:surfaceflinger:s0 tclass=unix_stream_socket permissive=0
03-10 14:02:20.738 4321 4546 I GAME : Year is out of valid range: 1400..10000
03-10 14:02:20.738 4321 4546 I GAME : Month number is out of range 1..12
03-10 14:02:20.738 4321 4546 I GAME : Day of month value is out of range 1..31
03-10 14:02:20.767 4321 4321 W Thread-31983: type=1400 audit(0.0:44435): avc:
denied { accept } for scontext=u:r:untrusted_app:s0:c512,c768
tcontext=u:r:surfaceflinger:s0 tclass=unix_stream_socket permissive=0
03-10 14:02:20.780 4321 4546 I GAME : Year is out of valid range: 1400..10000
03-10 14:02:20.780 4321 4546 I GAME : Month number is out of range 1..12
03-10 14:02:20.780 4321 4546 I GAME : Day of month value is out of range 1..31
03-10 14:02:20.804 4321 4321 W Thread-31991: type=1400 audit(0.0:44436): avc:
denied { accept } for scontext=u:r:untrusted_app:s0:c512,c768
tcontext=u:r:surfaceflinger:s0 tclass=unix_stream_socket permissive=0
03-10 14:02:20.807 4321 4321 W Thread-31991: type=1400 audit(0.0:44437): avc:
denied { accept } for scontext=u:r:untrusted_app:s0:c512,c768
tcontext=u:r:surfaceflinger:s0 tclass=unix_stream_socket permissive=0
03-10 14:02:20.813 4321 4546 D hwaps : APS: play type is 1
03-10 14:02:20.820 4321 4546 I GAME : Year is out of valid range: 1400..10000
03-10 14:02:20.820 4321 4546 I GAME : Month number is out of range 1..12
03-10 14:02:20.820 4321 4546 I GAME : Day of month value is out of range 1..31
03-10 14:02:20.847 4321 4321 W Thread-31999: type=1400 audit(0.0:44438): avc:
denied { accept } for scontext=u:r:untrusted_app:s0:c512,c768
tcontext=u:r:surfaceflinger:s0 tclass=unix_stream_socket permissive=0
03-10 14:02:20.860 4321 4546 I GAME : Year is out of valid range: 1400..10000
03-10 14:02:20.860 4321 4546 I GAME : Month number is out of range 1..12
03-10 14:02:20.860 4321 4546 I GAME : Day of month value is out of range 1..31
03-10 14:02:20.891 4321 4546 D hwaps : APS: play type is 4
03-10 14:02:20.900 4321 4546 I GAME : Year is out of valid range: 1400..10000
03-10 14:02:20.900 4321 4546 I GAME : Month number is out of range 1..12
03-10 14:02:20.900 4321 4546 I GAME : Day of month value is out of range 1..31
03-10 14:02:20.940 4321 4546 I GAME : Year is out of valid range: 1400..10000
03-10 14:02:20.940 4321 4546 I GAME : Month number is out of range 1..12
03-10 14:02:20.940 4321 4546 I GAME : Day of month value is out of range 1..31
03-10 14:02:20.981 4321 4546 I GAME : Year is out of valid range: 1400..10000
03-10 14:02:20.981 4321 4546 I GAME : Month number is out of range 1..12
03-10 14:02:20.981 4321 4546 I GAME : Day of month value is out of range 1..31
03-10 14:02:21.021 4321 4546 I GAME : Year is out of valid range: 1400..10000
03-10 14:02:21.021 4321 4546 I GAME : Month number is out of range 1..12
03-10 14:02:21.021 4321 4546 I GAME : Day of month value is out of range 1..31
03-10 14:02:21.052 4321 4546 D hwaps : APS: play type is 1
03-10 14:02:21.062 4321 4546 I GAME : Year is out of valid range: 1400..10000
03-10 14:02:21.062 4321 4546 I GAME : Month number is out of range 1..12
03-10 14:02:21.062 4321 4546 I GAME : Day of month value is out of range 1..31
03-10 14:02:21.102 4321 4546 I GAME : Year is out of valid range: 1400..10000
03-10 14:02:21.102 4321 4546 I GAME : Month number is out of range 1..12
03-10 14:02:21.102 4321 4546 I GAME : Day of month value is out of range 1..31
03-10 14:02:21.142 4321 4546 I GAME : Year is out of valid range: 1400..10000
03-10 14:02:21.142 4321 4546 I GAME : Month number is out of range 1..12
03-10 14:02:21.143 4321 4546 I GAME : Day of month value is out of range 1..31
03-10 14:02:21.175 4321 4546 D hwaps : APS: play type is 4
03-10 14:02:21.183 4321 4546 I GAME : Year is out of valid range: 1400..10000
03-10 14:02:21.183 4321 4546 I GAME : Month number is out of range 1..12
03-10 14:02:21.183 4321 4546 I GAME : Day of month value is out of range 1..31
03-10 14:02:21.223 4321 4546 I GAME : Year is out of valid range: 1400..10000
03-10 14:02:21.223 4321 4546 I GAME : Month number is out of range 1..12
03-10 14:02:21.223 4321 4546 I GAME : Day of month value is out of range 1..31
03-10 14:02:21.264 4321 4546 I GAME : Year is out of valid range: 1400..10000
03-10 14:02:21.265 4321 4546 I GAME : Month number is out of range 1..12
03-10 14:02:21.265 4321 4546 I GAME : Day of month value is out of range 1..31
03-10 14:02:21.304 4321 4546 I GAME : Year is out of valid range: 1400..10000
03-10 14:02:21.304 4321 4546 I GAME : Month number is out of range 1..12
03-10 14:02:21.304 4321 4546 I GAME : Day of month value is out of range 1..31
03-10 14:02:21.346 4321 4546 I GAME : Year is out of valid range: 1400..10000
03-10 14:02:21.346 4321 4546 I GAME : Month number is out of range 1..12
03-10 14:02:21.346 4321 4546 I GAME : Day of month value is out of range 1..31
03-10 14:02:21.383 4321 4546 D hwaps : APS: play type is 1
03-10 14:02:21.387 4321 4546 I GAME : Year is out of valid range: 1400..10000
03-10 14:02:21.387 4321 4546 I GAME : Month number is out of range 1..12
03-10 14:02:21.387 4321 4546 I GAME : Day of month value is out of range 1..31
03-10 14:02:21.427 4321 4546 I GAME : Year is out of valid range: 1400..10000
03-10 14:02:21.427 4321 4546 I GAME : Month number is out of range 1..12
03-10 14:02:21.427 4321 4546 I GAME : Day of month value is out of range 1..31
03-10 14:02:21.469 4321 4546 I GAME : Year is out of valid range: 1400..10000
03-10 14:02:21.469 4321 4546 I GAME : Month number is out of range 1..12
03-10 14:02:21.469 4321 4546 I GAME : Day of month value is out of range 1..31
03-10 14:02:21.510 4321 4546 I GAME : Year is out of valid range: 1400..10000
03-10 14:02:21.510 4321 4546 I GAME : Month number is out of range 1..12
03-10 14:02:21.510 4321 4546 I GAME : Day of month value is out of range 1..31
03-10 14:02:21.541 4321 4546 D hwaps : APS: play type is 4
03-10 14:02:21.550 4321 4546 I GAME : Year is out of valid range: 1400..10000
03-10 14:02:21.550 4321 4546 I GAME : Month number is out of range 1..12
03-10 14:02:21.550 4321 4546 I GAME : Day of month value is out of range 1..31
03-10 14:02:21.591 4321 4546 I GAME : Year is out of valid range: 1400..10000
03-10 14:02:21.591 4321 4546 I GAME : Month number is out of range 1..12
03-10 14:02:21.591 4321 4546 I GAME : Day of month value is out of range 1..31
03-10 14:02:21.634 4321 4546 I GAME : Year is out of valid range: 1400..10000
03-10 14:02:21.634 4321 4546 I GAME : Month number is out of range 1..12
03-10 14:02:21.634 4321 4546 I GAME : Day of month value is out of range 1..31
03-10 14:02:21.672 4321 4546 D hwaps : APS: play type is 1
03-10 14:02:21.676 4321 4546 I GAME : Year is out of valid range: 1400..10000
03-10 14:02:21.677 4321 4546 I GAME : Month number is out of range 1..12
03-10 14:02:21.677 4321 4546 I GAME : Day of month value is out of range 1..31
03-10 14:02:21.723 4321 4546 I GAME : Year is out of valid range: 1400..10000
03-10 14:02:21.723 4321 4546 I GAME : Month number is out of range 1..12
03-10 14:02:21.723 4321 4546 I GAME : Day of month value is out of range 1..31
03-10 14:02:21.750 4321 4321 W Thread-32175: type=1400 audit(0.0:44467): avc:
denied { accept } for scontext=u:r:untrusted_app:s0:c512,c768
tcontext=u:r:surfaceflinger:s0 tclass=unix_stream_socket permissive=0
03-10 14:02:21.761 4321 4546 I GAME : Year is out of valid range: 1400..10000
03-10 14:02:21.761 4321 4546 I GAME : Month number is out of range 1..12
03-10 14:02:21.761 4321 4546 I GAME : Day of month value is out of range 1..31
03-10 14:02:21.790 4321 4321 W Thread-32183: type=1400 audit(0.0:44468): avc:
denied { accept } for scontext=u:r:untrusted_app:s0:c512,c768
tcontext=u:r:surfaceflinger:s0 tclass=unix_stream_socket permissive=0
03-10 14:02:21.801 4321 4546 I GAME : Year is out of valid range: 1400..10000
03-10 14:02:21.801 4321 4546 I GAME : Month number is out of range 1..12
03-10 14:02:21.801 4321 4546 I GAME : Day of month value is out of range 1..31
03-10 14:02:21.830 4321 4321 W Thread-32191: type=1400 audit(0.0:44469): avc:
denied { accept } for scontext=u:r:untrusted_app:s0:c512,c768
tcontext=u:r:surfaceflinger:s0 tclass=unix_stream_socket permissive=0
03-10 14:02:21.843 4321 4546 I GAME : Year is out of valid range: 1400..10000
03-10 14:02:21.843 4321 4546 I GAME : Month number is out of range 1..12
03-10 14:02:21.843 4321 4546 I GAME : Day of month value is out of range 1..31
03-10 14:02:21.874 4321 4321 W Thread-32199: type=1400 audit(0.0:44470): avc:
denied { accept } for scontext=u:r:untrusted_app:s0:c512,c768
tcontext=u:r:surfaceflinger:s0 tclass=unix_stream_socket permissive=0
03-10 14:02:21.877 4321 4321 W Thread-32199: type=1400 audit(0.0:44471): avc:
denied { accept } for scontext=u:r:untrusted_app:s0:c512,c768
tcontext=u:r:surfaceflinger:s0 tclass=unix_stream_socket permissive=0
03-10 14:02:21.886 4321 4546 I GAME : Year is out of valid range: 1400..10000
03-10 14:02:21.886 4321 4546 I GAME : Month number is out of range 1..12
03-10 14:02:21.886 4321 4546 I GAME : Day of month value is out of range 1..31
03-10 14:02:21.927 4321 4546 I GAME : Year is out of valid range: 1400..10000
03-10 14:02:21.927 4321 4546 I GAME : Month number is out of range 1..12
03-10 14:02:21.927 4321 4546 I GAME : Day of month value is out of range 1..31
03-10 14:02:21.969 4321 4546 I GAME : Year is out of valid range: 1400..10000
03-10 14:02:21.969 4321 4546 I GAME : Month number is out of range 1..12
03-10 14:02:21.969 4321 4546 I GAME : Day of month value is out of range 1..31
03-10 14:02:22.010 4321 4546 I GAME : Year is out of valid range: 1400..10000
03-10 14:02:22.010 4321 4546 I GAME : Month number is out of range 1..12
03-10 14:02:22.010 4321 4546 I GAME : Day of month value is out of range 1..31
03-10 14:02:22.052 4321 4546 D hwaps : APS: play type is 4
03-10 14:02:22.056 4321 4546 I GAME : Year is out of valid range: 1400..10000
03-10 14:02:22.056 4321 4546 I GAME : Month number is out of range 1..12
03-10 14:02:22.056 4321 4546 I GAME : Day of month value is out of range 1..31
03-10 14:02:22.092 4321 4546 D hwaps : APS: play type is 1
03-10 14:02:22.098 4321 4546 I GAME : Year is out of valid range: 1400..10000
03-10 14:02:22.098 4321 4546 I GAME : Month number is out of range 1..12
03-10 14:02:22.098 4321 4546 I GAME : Day of month value is out of range 1..31
03-10 14:02:22.141 4321 4546 I GAME : Year is out of valid range: 1400..10000
03-10 14:02:22.141 4321 4546 I GAME : Month number is out of range 1..12
03-10 14:02:22.141 4321 4546 I GAME : Day of month value is out of range 1..31
03-10 14:02:22.180 4321 4546 D hwaps : APS: play type is 4
03-10 14:02:22.185 4321 4546 I GAME : Year is out of valid range: 1400..10000
03-10 14:02:22.185 4321 4546 I GAME : Month number is out of range 1..12
03-10 14:02:22.185 4321 4546 I GAME : Day of month value is out of range 1..31
03-10 14:02:22.224 4321 4546 I GAME : Year is out of valid range: 1400..10000
03-10 14:02:22.224 4321 4546 I GAME : Month number is out of range 1..12
03-10 14:02:22.224 4321 4546 I GAME : Day of month value is out of range 1..31
03-10 14:02:22.264 4321 4546 I GAME : Year is out of valid range: 1400..10000
03-10 14:02:22.264 4321 4546 I GAME : Month number is out of range 1..12
03-10 14:02:22.264 4321 4546 I GAME : Day of month value is out of range 1..31
03-10 14:02:22.303 4321 4546 I GAME : Year is out of valid range: 1400..10000
03-10 14:02:22.303 4321 4546 I GAME : Month number is out of range 1..12
03-10 14:02:22.303 4321 4546 I GAME : Day of month value is out of range 1..31
03-10 14:02:22.337 4321 4546 D hwaps : APS: play type is 1
03-10 14:02:22.342 4321 4546 I GAME : Year is out of valid range: 1400..10000
03-10 14:02:22.342 4321 4546 I GAME : Month number is out of range 1..12
03-10 14:02:22.342 4321 4546 I GAME : Day of month value is out of range 1..31
03-10 14:02:22.386 4321 4546 I GAME : Year is out of valid range: 1400..10000
03-10 14:02:22.386 4321 4546 I GAME : Month number is out of range 1..12
03-10 14:02:22.386 4321 4546 I GAME : Day of month value is out of range 1..31
03-10 14:02:22.419 4321 4546 D hwaps : APS: play type is 4
03-10 14:02:22.423 4321 4546 I GAME : Year is out of valid range: 1400..10000
03-10 14:02:22.423 4321 4546 I GAME : Month number is out of range 1..12
03-10 14:02:22.423 4321 4546 I GAME : Day of month value is out of range 1..31
03-10 14:02:22.460 4321 4546 D hwaps : APS: play type is 1
03-10 14:02:22.464 4321 4546 I GAME : Year is out of valid range: 1400..10000
03-10 14:02:22.464 4321 4546 I GAME : Month number is out of range 1..12
03-10 14:02:22.465 4321 4546 I GAME : Day of month value is out of range 1..31
03-10 14:02:22.503 4321 4546 I GAME : Year is out of valid range: 1400..10000
03-10 14:02:22.503 4321 4546 I GAME : Month number is out of range 1..12
03-10 14:02:22.503 4321 4546 I GAME : Day of month value is out of range 1..31
03-10 14:02:22.539 4321 4546 D hwaps : APS: play type is 4
03-10 14:02:22.543 4321 4546 I GAME : Year is out of valid range: 1400..10000
03-10 14:02:22.543 4321 4546 I GAME : Month number is out of range 1..12
03-10 14:02:22.543 4321 4546 I GAME : Day of month value is out of range 1..31
03-10 14:02:22.584 4321 4546 I GAME : Year is out of valid range: 1400..10000
03-10 14:02:22.584 4321 4546 I GAME : Month number is out of range 1..12
03-10 14:02:22.584 4321 4546 I GAME : Day of month value is out of range 1..31
03-10 14:02:22.623 4321 4546 I GAME : Year is out of valid range: 1400..10000
03-10 14:02:22.623 4321 4546 I GAME : Month number is out of range 1..12
03-10 14:02:22.623 4321 4546 I GAME : Day of month value is out of range 1..31
03-10 14:02:22.659 4321 4546 D hwaps : APS: play type is 1
03-10 14:02:22.665 4321 4546 I GAME : Year is out of valid range: 1400..10000
03-10 14:02:22.665 4321 4546 I GAME : Month number is out of range 1..12
03-10 14:02:22.665 4321 4546 I GAME : Day of month value is out of range 1..31
03-10 14:02:22.708 4321 4546 I GAME : Year is out of valid range: 1400..10000
03-10 14:02:22.708 4321 4546 I GAME : Month number is out of range 1..12
03-10 14:02:22.708 4321 4546 I GAME : Day of month value is out of range 1..31
03-10 14:02:22.753 4321 4546 I GAME : Year is out of valid range: 1400..10000
03-10 14:02:22.753 4321 4546 I GAME : Month number is out of range 1..12
03-10 14:02:22.753 4321 4546 I GAME : Day of month value is out of range 1..31
03-10 14:02:22.795 4321 4546 I GAME : Year is out of valid range: 1400..10000
03-10 14:02:22.795 4321 4546 I GAME : Month number is out of range 1..12
03-10 14:02:22.795 4321 4546 I GAME : Day of month value is out of range 1..31
03-10 14:02:22.827 4321 4321 W Thread-32383: type=1400 audit(0.0:44501): avc:
denied { accept } for scontext=u:r:untrusted_app:s0:c512,c768
tcontext=u:r:surfaceflinger:s0 tclass=unix_stream_socket permissive=0
03-10 14:02:22.837 4321 4546 I GAME : Year is out of valid range: 1400..10000
03-10 14:02:22.837 4321 4546 I GAME : Month number is out of range 1..12
03-10 14:02:22.837 4321 4546 I GAME : Day of month value is out of range 1..31
03-10 14:02:22.867 4321 4321 W Thread-32391: type=1400 audit(0.0:44502): avc:
denied { accept } for scontext=u:r:untrusted_app:s0:c512,c768
tcontext=u:r:surfaceflinger:s0 tclass=unix_stream_socket permissive=0
03-10 14:02:22.876 4321 4546 I GAME : Year is out of valid range: 1400..10000
03-10 14:02:22.876 4321 4546 I GAME : Month number is out of range 1..12
03-10 14:02:22.876 4321 4546 I GAME : Day of month value is out of range 1..31
03-10 14:02:22.907 4321 4321 W Thread-32399: type=1400 audit(0.0:44503): avc:
denied { accept } for scontext=u:r:untrusted_app:s0:c512,c768
tcontext=u:r:surfaceflinger:s0 tclass=unix_stream_socket permissive=0
03-10 14:02:22.918 4321 4546 I GAME : Year is out of valid range: 1400..10000
03-10 14:02:22.918 4321 4546 I GAME : Month number is out of range 1..12
03-10 14:02:22.918 4321 4546 I GAME : Day of month value is out of range 1..31
03-10 14:02:22.947 4321 4321 W Thread-32407: type=1400 audit(0.0:44505): avc:
denied { accept } for scontext=u:r:untrusted_app:s0:c512,c768
tcontext=u:r:surfaceflinger:s0 tclass=unix_stream_socket permissive=0
03-10 14:02:22.952 4321 4546 D hwaps : APS: play type is 4
03-10 14:02:22.956 4321 4546 I GAME : Year is out of valid range: 1400..10000
03-10 14:02:22.956 4321 4546 I GAME : Month number is out of range 1..12
03-10 14:02:22.957 4321 4546 I GAME : Day of month value is out of range 1..31
03-10 14:02:22.987 4321 4321 W Thread-32415: type=1400 audit(0.0:44507): avc:
denied { accept } for scontext=u:r:untrusted_app:s0:c512,c768
tcontext=u:r:surfaceflinger:s0 tclass=unix_stream_socket permissive=0
03-10 14:02:22.999 4321 4546 I GAME : Year is out of valid range: 1400..10000
03-10 14:02:22.999 4321 4546 I GAME : Month number is out of range 1..12
03-10 14:02:22.999 4321 4546 I GAME : Day of month value is out of range 1..31
03-10 14:02:23.027 4321 4321 W Thread-32423: type=1400 audit(0.0:44508): avc:
denied { accept } for scontext=u:r:untrusted_app:s0:c512,c768
tcontext=u:r:surfaceflinger:s0 tclass=unix_stream_socket permissive=0
03-10 14:02:23.041 4321 4546 I GAME : Year is out of valid range: 1400..10000
03-10 14:02:23.041 4321 4546 I GAME : Month number is out of range 1..12
03-10 14:02:23.041 4321 4546 I GAME : Day of month value is out of range 1..31
03-10 14:02:23.070 4321 4321 W Thread-32431: type=1400 audit(0.0:44509): avc:
denied { accept } for scontext=u:r:untrusted_app:s0:c512,c768
tcontext=u:r:surfaceflinger:s0 tclass=unix_stream_socket permissive=0
03-10 14:02:23.074 4321 4321 W Thread-32431: type=1400 audit(0.0:44510): avc:
denied { accept } for scontext=u:r:untrusted_app:s0:c512,c768
tcontext=u:r:surfaceflinger:s0 tclass=unix_stream_socket permissive=0
03-10 14:02:23.084 4321 4546 I GAME : Year is out of valid range: 1400..10000
03-10 14:02:23.084 4321 4546 I GAME : Month number is out of range 1..12
03-10 14:02:23.084 4321 4546 I GAME : Day of month value is out of range 1..31
03-10 14:02:23.110 4321 4321 W Thread-32439: type=1400 audit(0.0:44511): avc:
denied { accept } for scontext=u:r:untrusted_app:s0:c512,c768
tcontext=u:r:surfaceflinger:s0 tclass=unix_stream_socket permissive=0
03-10 14:02:23.124 4321 4546 I GAME : Year is out of valid range: 1400..10000
03-10 14:02:23.125 4321 4546 I GAME : Month number is out of range 1..12
03-10 14:02:23.125 4321 4546 I GAME : Day of month value is out of range 1..31
03-10 14:02:23.154 4321 4321 W Thread-32447: type=1400 audit(0.0:44512): avc:
denied { accept } for scontext=u:r:untrusted_app:s0:c512,c768
tcontext=u:r:surfaceflinger:s0 tclass=unix_stream_socket permissive=0
03-10 14:02:23.160 4321 4546 D hwaps : APS: play type is 1
03-10 14:02:23.166 4321 4546 I GAME : Year is out of valid range: 1400..10000
03-10 14:02:23.166 4321 4546 I GAME : Month number is out of range 1..12
03-10 14:02:23.166 4321 4546 I GAME : Day of month value is out of range 1..31
03-10 14:02:23.194 4321 4321 W Thread-32455: type=1400 audit(0.0:44513): avc:
denied { accept } for scontext=u:r:untrusted_app:s0:c512,c768
tcontext=u:r:surfaceflinger:s0 tclass=unix_stream_socket permissive=0
03-10 14:02:23.208 4321 4546 I GAME : Year is out of valid range: 1400..10000
03-10 14:02:23.208 4321 4546 I GAME : Month number is out of range 1..12
03-10 14:02:23.208 4321 4546 I GAME : Day of month value is out of range 1..31
03-10 14:02:23.237 4321 4321 W Thread-32463: type=1400 audit(0.0:44514): avc:
denied { accept } for scontext=u:r:untrusted_app:s0:c512,c768
tcontext=u:r:surfaceflinger:s0 tclass=unix_stream_socket permissive=0
03-10 14:02:23.240 4321 4321 W Thread-32463: type=1400 audit(0.0:44515): avc:
denied { accept } for scontext=u:r:untrusted_app:s0:c512,c768
tcontext=u:r:surfaceflinger:s0 tclass=unix_stream_socket permissive=0
03-10 14:02:23.250 4321 4546 I GAME : Year is out of valid range: 1400..10000
03-10 14:02:23.250 4321 4546 I GAME : Month number is out of range 1..12
03-10 14:02:23.250 4321 4546 I GAME : Day of month value is out of range 1..31
03-10 14:02:23.277 4321 4321 W Thread-32471: type=1400 audit(0.0:44516): avc:
denied { accept } for scontext=u:r:untrusted_app:s0:c512,c768
tcontext=u:r:surfaceflinger:s0 tclass=unix_stream_socket permissive=0
03-10 14:02:23.290 4321 4546 I GAME : Year is out of valid range: 1400..10000
03-10 14:02:23.290 4321 4546 I GAME : Month number is out of range 1..12
03-10 14:02:23.290 4321 4546 I GAME : Day of month value is out of range 1..31
03-10 14:02:23.317 4321 4321 W Thread-32479: type=1400 audit(0.0:44517): avc:
denied { accept } for scontext=u:r:untrusted_app:s0:c512,c768
tcontext=u:r:surfaceflinger:s0 tclass=unix_stream_socket permissive=0
03-10 14:02:23.331 4321 4546 I GAME : Year is out of valid range: 1400..10000
03-10 14:02:23.331 4321 4546 I GAME : Month number is out of range 1..12
03-10 14:02:23.331 4321 4546 I GAME : Day of month value is out of range 1..31
03-10 14:02:23.364 4321 4321 W Thread-32487: type=1400 audit(0.0:44518): avc:
denied { accept } for scontext=u:r:untrusted_app:s0:c512,c768
tcontext=u:r:surfaceflinger:s0 tclass=unix_stream_socket permissive=0
03-10 14:02:23.368 4321 4546 D hwaps : APS: play type is 4
03-10 14:02:23.373 4321 4546 I GAME : Year is out of valid range: 1400..10000
03-10 14:02:23.373 4321 4546 I GAME : Month number is out of range 1..12
03-10 14:02:23.373 4321 4546 I GAME : Day of month value is out of range 1..31
03-10 14:02:23.404 4321 4321 W Thread-32495: type=1400 audit(0.0:44519): avc:
denied { accept } for scontext=u:r:untrusted_app:s0:c512,c768
tcontext=u:r:surfaceflinger:s0 tclass=unix_stream_socket permissive=0
03-10 14:02:23.417 4321 4546 I GAME : Year is out of valid range: 1400..10000
03-10 14:02:23.417 4321 4546 I GAME : Month number is out of range 1..12
03-10 14:02:23.417 4321 4546 I GAME : Day of month value is out of range 1..31
03-10 14:02:23.461 4321 4546 I GAME : Year is out of valid range: 1400..10000
03-10 14:02:23.461 4321 4546 I GAME : Month number is out of range 1..12
03-10 14:02:23.461 4321 4546 I GAME : Day of month value is out of range 1..31
03-10 14:02:23.504 4321 4546 I GAME : Year is out of valid range: 1400..10000
03-10 14:02:23.504 4321 4546 I GAME : Month number is out of range 1..12
03-10 14:02:23.504 4321 4546 I GAME : Day of month value is out of range 1..31
03-10 14:02:23.544 4321 4546 I GAME : Year is out of valid range: 1400..10000
03-10 14:02:23.544 4321 4546 I GAME : Month number is out of range 1..12
03-10 14:02:23.544 4321 4546 I GAME : Day of month value is out of range 1..31
03-10 14:02:23.546 4321 4546 I GAME : Decompressing 'libraries.blibclara' file
from '@data01.zip' fs: 52K -> 554K.
03-10 14:02:23.552 4321 4546 I GAME : Decompressing 'menu.bclara' file from
'@data01.zip' fs: 14K -> 130K.
03-10 14:02:23.553 4321 4546 I GAME : Loading level: 'menu.bclara'
03-10 14:02:23.590 4321 4546 I GAME : SetFarDistance( 1000.00 )
03-10 14:02:23.590 4321 4546 I GAME : SetFarDistance( 800.00 )
03-10 14:02:24.024 4321 4546 I GAME : Year is out of valid range: 1400..10000
03-10 14:02:24.024 4321 4546 I GAME : Month number is out of range 1..12
03-10 14:02:24.024 4321 4546 I GAME : Day of month value is out of range 1..31
03-10 14:02:24.050 4321 4546 I GAME : Year is out of valid range: 1400..10000
03-10 14:02:24.050 4321 4546 I GAME : Month number is out of range 1..12
03-10 14:02:24.050 4321 4546 I GAME : Day of month value is out of range 1..31
03-10 14:02:24.061 4321 4546 D hwaps : APS: play type is 1
03-10 14:02:24.066 4321 4546 I GAME : Year is out of valid range: 1400..10000
03-10 14:02:24.066 4321 4546 I GAME : Month number is out of range 1..12
03-10 14:02:24.066 4321 4546 I GAME : Day of month value is out of range 1..31
03-10 14:02:24.096 4321 4546 D hwaps : APS: play type is 4
03-10 14:02:24.102 4321 4546 I GAME : Year is out of valid range: 1400..10000
03-10 14:02:24.102 4321 4546 I GAME : Month number is out of range 1..12
03-10 14:02:24.102 4321 4546 I GAME : Day of month value is out of range 1..31
03-10 14:02:24.128 4321 4546 D hwaps : APS: play type is 1
03-10 14:02:24.134 4321 4546 I GAME : Year is out of valid range: 1400..10000
03-10 14:02:24.135 4321 4546 I GAME : Month number is out of range 1..12
03-10 14:02:24.135 4321 4546 I GAME : Day of month value is out of range 1..31
03-10 14:02:24.162 4321 4546 I GAME : cleanup sound: 'sfx_emp_charge.mpc'
03-10 14:02:24.162 4321 4546 I GAME : cleanup sound: 'm_bgm_rock_01.ogg'
03-10 14:02:24.162 4321 4546 I GAME : cleanup sound:
'sfx_race_start_multiple.ogg'
03-10 14:02:24.162 4321 4546 I GAME : cleanup sound: 'sfx_am_jumpwind_01.vxn'
03-10 14:02:24.162 4321 4546 I GAME : cleanup sound:
'sfx_ui_drift_success.mpc'
03-10 14:02:24.162 4321 4546 I GAME : cleanup sound: 'sfx_nitro_fail.mpc'
03-10 14:02:24.162 4321 4546 I GAME : cleanup sound: 'sfx_big_impact_1.ogg'
03-10 14:02:24.162 4321 4546 I GAME : cleanup sound:
'sfx_race_start_single.ogg'
03-10 14:02:24.162 4321 4546 I GAME : cleanup sound: 'sfx_tire_burnout.ogg'
03-10 14:02:24.162 4321 4546 I GAME : cleanup sound:
'sfx_crash_impact_big_3.ogg'
03-10 14:02:24.162 4321 4546 I GAME : cleanup sound: 'sfx_car_land_2.mpc'
03-10 14:02:24.162 4321 4546 I GAME : cleanup sound: 'sfx_light_impact_1.mpc'
03-10 14:02:24.162 4321 4546 I GAME : cleanup sound: 'sfx_lap_count.ogg'
03-10 14:02:24.162 4321 4546 I GAME : cleanup sound: 'sfx_countdown.mpc'
03-10 14:02:24.162 4321 4546 I GAME : cleanup sound: 'sfx_countdown_go.mpc'
03-10 14:02:24.162 4321 4546 I GAME : cleanup sound:
'sfx_tire_roll_asphalt.mpc'
03-10 14:02:24.162 4321 4546 D hwaps : APS: play type is 4
03-10 14:02:24.177 4321 4546 I GAME : Year is out of valid range: 1400..10000
03-10 14:02:24.177 4321 4546 I GAME : Month number is out of range 1..12
03-10 14:02:24.177 4321 4546 I GAME : Day of month value is out of range 1..31
03-10 14:02:24.205 4321 4546 I GAME : Year is out of valid range: 1400..10000
03-10 14:02:24.205 4321 4546 I GAME : Month number is out of range 1..12
03-10 14:02:24.205 4321 4546 I GAME : Day of month value is out of range 1..31
03-10 14:02:24.235 4321 4546 I GAME : Year is out of valid range: 1400..10000
03-10 14:02:24.235 4321 4546 I GAME : Month number is out of range 1..12
03-10 14:02:24.235 4321 4546 I GAME : Day of month value is out of range 1..31
03-10 14:02:24.270 4321 4546 I GAME : Year is out of valid range: 1400..10000
03-10 14:02:24.271 4321 4546 I GAME : Month number is out of range 1..12
03-10 14:02:24.271 4321 4546 I GAME : Day of month value is out of range 1..31
03-10 14:02:24.298 4321 4546 D hwaps : APS: play type is 1
03-10 14:02:24.305 4321 4546 I GAME : Year is out of valid range: 1400..10000
03-10 14:02:24.305 4321 4546 I GAME : Month number is out of range 1..12
03-10 14:02:24.305 4321 4546 I GAME : Day of month value is out of range 1..31
03-10 14:02:24.334 4321 4546 I GAME : Year is out of valid range: 1400..10000
03-10 14:02:24.334 4321 4546 I GAME : Month number is out of range 1..12
03-10 14:02:24.334 4321 4546 I GAME : Day of month value is out of range 1..31
03-10 14:02:24.369 4321 4546 I GAME : Year is out of valid range: 1400..10000
03-10 14:02:24.369 4321 4546 I GAME : Month number is out of range 1..12
03-10 14:02:24.369 4321 4546 I GAME : Day of month value is out of range 1..31
03-10 14:02:24.403 4321 4546 I GAME : Year is out of valid range: 1400..10000
03-10 14:02:24.403 4321 4546 I GAME : Month number is out of range 1..12
03-10 14:02:24.403 4321 4546 I GAME : Day of month value is out of range 1..31
03-10 14:02:24.435 4321 4546 I GAME : Year is out of valid range: 1400..10000
03-10 14:02:24.435 4321 4546 I GAME : Month number is out of range 1..12
03-10 14:02:24.436 4321 4546 I GAME : Day of month value is out of range 1..31
03-10 14:02:24.468 4321 4546 I GAME : Year is out of valid range: 1400..10000
03-10 14:02:24.468 4321 4546 I GAME : Month number is out of range 1..12
03-10 14:02:24.468 4321 4546 I GAME : Day of month value is out of range 1..31
03-10 14:02:24.497 4321 4546 D hwaps : APS: play type is 4
03-10 14:02:24.503 4321 4546 I GAME : Year is out of valid range: 1400..10000
03-10 14:02:24.503 4321 4546 I GAME : Month number is out of range 1..12
03-10 14:02:24.503 4321 4546 I GAME : Day of month value is out of range 1..31
03-10 14:02:24.531 4321 4546 D hwaps : APS: play type is 1
03-10 14:02:24.536 4321 4546 I GAME : Year is out of valid range: 1400..10000
03-10 14:02:24.537 4321 4546 I GAME : Month number is out of range 1..12
03-10 14:02:24.537 4321 4546 I GAME : Day of month value is out of range 1..31
03-10 14:02:24.571 4321 4546 I GAME : Year is out of valid range: 1400..10000
03-10 14:02:24.571 4321 4546 I GAME : Month number is out of range 1..12
03-10 14:02:24.571 4321 4546 I GAME : Day of month value is out of range 1..31
03-10 14:02:24.598 4321 4546 D hwaps : APS: play type is 4
03-10 14:02:24.603 4321 4546 I GAME : Year is out of valid range: 1400..10000
03-10 14:02:24.603 4321 4546 I GAME : Month number is out of range 1..12
03-10 14:02:24.603 4321 4546 I GAME : Day of month value is out of range 1..31
03-10 14:02:24.639 4321 4546 I GAME : Year is out of valid range: 1400..10000
03-10 14:02:24.639 4321 4546 I GAME : Month number is out of range 1..12
03-10 14:02:24.639 4321 4546 I GAME : Day of month value is out of range 1..31
03-10 14:02:24.665 4321 4546 D hwaps : APS: play type is 1
03-10 14:02:24.672 4321 4546 I GAME : Year is out of valid range: 1400..10000
03-10 14:02:24.672 4321 4546 I GAME : Month number is out of range 1..12
03-10 14:02:24.672 4321 4546 I GAME : Day of month value is out of range 1..31
03-10 14:02:24.703 4321 4546 I GAME : Year is out of valid range: 1400..10000
03-10 14:02:24.704 4321 4546 I GAME : Month number is out of range 1..12
03-10 14:02:24.704 4321 4546 I GAME : Day of month value is out of range 1..31
03-10 14:02:24.738 4321 4546 I GAME : Year is out of valid range: 1400..10000
03-10 14:02:24.738 4321 4546 I GAME : Month number is out of range 1..12
03-10 14:02:24.738 4321 4546 I GAME : Day of month value is out of range 1..31
03-10 14:02:24.765 4321 4546 D hwaps : APS: play type is 4
03-10 14:02:24.772 4321 4546 I GAME : Year is out of valid range: 1400..10000
03-10 14:02:24.772 4321 4546 I GAME : Month number is out of range 1..12
03-10 14:02:24.772 4321 4546 I GAME : Day of month value is out of range 1..31
03-10 14:02:24.800 4321 4546 I GAME : Can't unload sprite ui_main_03 (10)
03-10 14:02:24.801 4321 4546 I GAME : Can't unload sprite ui_main_04 (8)
03-10 14:02:24.801 4321 4546 I GAME : Can't unload sprite ui_splash (2)
03-10 14:02:24.801 4321 4546 I GAME : Can't unload sprite ui_game_logo (2)
03-10 14:02:24.801 4321 4546 I GAME : Can't unload sprite ui_emblems (9)
03-10 14:02:24.801 4321 4546 I GAME : Can't unload sprite ui_achievements (22)
03-10 14:02:24.808 4321 4546 I GAME : Year is out of valid range: 1400..10000
03-10 14:02:24.808 4321 4546 I GAME : Month number is out of range 1..12
03-10 14:02:24.808 4321 4546 I GAME : Day of month value is out of range 1..31
03-10 14:02:24.887 4321 4546 I GAME : [OnlineTask] 'fed:GetServerTime', state:
`started`, resultCode: -21
03-10 14:02:24.887 4321 4546 I GAME : [OnlineTask] 'fed:GetServerTime' error[-
21]: ''
03-10 14:02:24.887 4321 4546 I GAME : [OnlineTask] 'fed:GetServerTime', state:
`failed`, resultCode: -21
03-10 14:02:24.890 4321 4546 I GAME : Year is out of valid range: 1400..10000
03-10 14:02:24.891 4321 4546 I GAME : Month number is out of range 1..12
03-10 14:02:24.891 4321 4546 I GAME : Day of month value is out of range 1..31
03-10 14:02:24.899 4321 4546 I GAME : Model: 'fx_car_flare.pig' loaded
03-10 14:02:24.900 4321 4546 I GAME : Model: 'fx_car_flare_front.pig' loaded
03-10 14:02:24.902 4321 4546 I GAME : Model: 'aux_plane1m.pig' loaded
03-10 14:02:24.908 4321 4546 I GAME : Model: 'fx_nitro_flame3.pig' loaded
03-10 14:02:24.909 4321 4546 I GAME : Model:
'fx_nitro_trail_short_thick_1.pig' loaded
03-10 14:02:24.910 4321 4546 I GAME : Model: 'fx_nitro_trail_1.pig' loaded
03-10 14:02:24.911 4321 4546 I GAME : Model: 'fx_nitro_trail_short_1.pig'
loaded
03-10 14:02:24.912 4321 4546 I GAME : Model: 'fx_nitro_envelope.pig' loaded
03-10 14:02:24.913 4321 4546 I GAME : Model: 'garagege1_asphalt_logo.pig'
loaded
03-10 14:02:24.913 4321 4546 I GAME : Decompressing 'garagege1_g_logo.pig'
file from '@data01.zip' fs: 21K -> 50K.
03-10 14:02:24.916 4321 4546 I GAME : Model: 'garagege1_g_logo.pig' loaded
03-10 14:02:24.917 4321 4546 I GAME : Model: 'garagege1_nitro_logo.pig' loaded
03-10 14:02:24.918 4321 4546 I GAME : Model: 'garagege1_bendedbar.pig' loaded
03-10 14:02:24.918 4321 4546 I GAME : Model: 'garagege1_bar.pig' loaded
03-10 14:02:24.919 4321 4546 I GAME : Model: 'garagege_hexagon1.pig' loaded
03-10 14:02:24.920 4321 4546 I GAME : Model: 'garagege_hexagon2.pig' loaded
03-10 14:02:24.920 4321 4546 I GAME : Model: 'garagege_hexagon3.pig' loaded
03-10 14:02:24.922 4321 4546 I GAME : Decompressing 'garagege1_geo.pig' file
from '@data01.zip' fs: 26K -> 64K.
03-10 14:02:24.924 4321 4546 I GAME : Model: 'garagege1_geo.pig' loaded
03-10 14:02:24.925 4321 4546 I GAME : Model: 'garagege1_floor.pig' loaded
03-10 14:02:24.925 4321 4546 I GAME : Model: 'garagege1_yacht.pig' loaded
03-10 14:02:24.927 4321 4546 I GAME : Model: 'garagege1_beach.pig' loaded
03-10 14:02:24.927 4321 4546 I GAME : Model: 'garagege1_sea.pig' loaded
03-10 14:02:24.929 4321 4546 I GAME : Model: 'garagege1_light_spot.pig' loaded
03-10 14:02:24.929 4321 4546 I GAME : Model: 'garagege1_light_floor.pig'
loaded
03-10 14:02:24.930 4321 4546 I GAME : Model:
'garagege1_light_floor_narrow.pig' loaded
03-10 14:02:24.932 4321 4546 I GAME : Model: 'garagege1_rect_light.pig' loaded
03-10 14:02:24.934 4321 4546 I GAME : Model: 'garagege1_skybox.pig' loaded
03-10 14:02:24.935 4321 4546 I GAME : Model: 'tree_palm_a_000.pig' loaded
03-10 14:02:24.936 4321 4546 I GAME : Model: 'fx_carshadow_splotch.pig' loaded
03-10 14:02:24.939 4321 4546 I GAME : Model: 'bush_a_000.pig' loaded
03-10 14:02:24.945 4321 4546 I GAME : Model: 'bird.pig' loaded
03-10 14:02:24.948 4321 4546 I GAME : Model: 'car_shadow.pig' loaded
03-10 14:02:24.949 4321 4546 I GAME : Model: 'camera_mainmenu.pig' loaded
03-10 14:02:24.950 4321 4546 I GAME : Model: 'garagege1_top_light.pig' loaded
03-10 14:02:24.951 4321 4546 I GAME : Model: 'garagege1_godsrays.pig' loaded
03-10 14:02:24.954 4321 4546 I GAME : Model: 'fx_stream.pig' loaded
03-10 14:02:24.957 4321 4546 I GAME : [OnlineTask] 'fed:GetServerTime', state:
`started`, resultCode: 0
03-10 14:02:24.957 4321 4546 I GAME : [OnlineTask] 'fed:GetServerTime' error[-
21]: ''
03-10 14:02:24.961 4321 4546 I GAME : Year is out of valid range: 1400..10000
03-10 14:02:24.961 4321 4546 I GAME : Month number is out of range 1..12
03-10 14:02:24.961 4321 4546 I GAME : Day of month value is out of range 1..31
03-10 14:02:24.975 4321 4546 I GAME : Year is out of valid range: 1400..10000
03-10 14:02:24.975 4321 4546 I GAME : Month number is out of range 1..12
03-10 14:02:24.975 4321 4546 I GAME : Day of month value is out of range 1..31
03-10 14:02:25.003 4321 4546 I GAME : Year is out of valid range: 1400..10000
03-10 14:02:25.003 4321 4546 I GAME : Month number is out of range 1..12
03-10 14:02:25.003 4321 4546 I GAME : Day of month value is out of range 1..31
03-10 14:02:25.049 4321 4546 I GAME : SubstanceLoader: Loaded
fx_special_godrayintense.sbsbin#0 (format - 0)
03-10 14:02:25.099 4321 4546 I GAME : SubstanceLoader: Loaded
aux_clouds3.sbsbin#0 (format - 0)
03-10 14:02:25.112 4321 4546 I GAME : SubstanceLoader: Loaded
fx_special_godrayintense3.sbsbin#0 (format - 0)
03-10 14:02:25.118 4321 4546 I GAME : SubstanceLoader: Loaded
fx_special_clouds3.sbsbin#0 (format - 0)
03-10 14:02:25.135 4321 4546 I GAME : SubstanceLoader: Loaded
fx_waves.sbsbin#0 (format - 0)
03-10 14:02:25.146 4321 4546 I GAME : Year is out of valid range: 1400..10000
03-10 14:02:25.146 4321 4546 I GAME : Month number is out of range 1..12
03-10 14:02:25.146 4321 4546 I GAME : Day of month value is out of range 1..31
03-10 14:02:25.162 4321 4546 I GAME : SubstanceLoader: Loaded
menu_paraboloid.sbsbin#0 (format - 0)
03-10 14:02:25.169 4321 4546 I GAME : SubstanceLoader: Loaded
nitro_logo.sbsbin#0 (format - 0)
03-10 14:02:25.181 4321 4546 I GAME : SubstanceLoader: Loaded
white_noise.sbsbin#0 (format - 0)
03-10 14:02:25.324 4321 4546 I GAME : SubstanceLoader: Loaded
garagege1_floor.sbsbin#0 (format - 0)
03-10 14:02:25.336 4321 4546 I GAME : SubstanceLoader: Loaded
garagege1_floor.sbsbin#1 (format - 0)
03-10 14:02:25.347 4321 4546 I GAME : SubstanceLoader: Loaded
garagege1_floor.sbsbin#2 (format - 0)
03-10 14:02:25.370 4321 4546 I GAME : Year is out of valid range: 1400..10000
03-10 14:02:25.370 4321 4546 I GAME : Month number is out of range 1..12
03-10 14:02:25.370 4321 4546 I GAME : Day of month value is out of range 1..31
03-10 14:02:25.656 4321 4546 I GAME : SubstanceLoader: Loaded
ter_rock_chn.sbsbin#0 (format - 0)
03-10 14:02:25.721 4321 4546 I GAME : SubstanceLoader: Loaded
garagege1_sand.sbsbin#0 (format - 0)
03-10 14:02:25.736 4321 4546 I GAME : Year is out of valid range: 1400..10000
03-10 14:02:25.736 4321 4546 I GAME : Month number is out of range 1..12
03-10 14:02:25.736 4321 4546 I GAME : Day of month value is out of range 1..31
03-10 14:02:25.760 4321 4546 I GAME : SubstanceLoader: Loaded ocean.sbsbin#0
(format - 0)
03-10 14:02:25.781 4321 4546 I GAME : SubstanceLoader: Loaded
water_nm.sbsbin#0 (format - 0)
03-10 14:02:25.790 4321 4546 I GAME : Decompressing 'palm_a.sbsbin' file from
'@data01.zip' fs: 17K -> 39K.
03-10 14:02:25.967 4321 4546 I GAME : SubstanceLoader: Loaded palm_a.sbsbin#0
(format - 0)
03-10 14:02:25.971 4321 4546 I GAME : SubstanceLoader: Loaded palm_a.sbsbin#1
(format - 0)
03-10 14:02:25.987 4321 4546 I GAME : Year is out of valid range: 1400..10000
03-10 14:02:25.987 4321 4546 I GAME : Month number is out of range 1..12
03-10 14:02:25.987 4321 4546 I GAME : Day of month value is out of range 1..31
03-10 14:02:26.005 4321 4546 I GAME : SubstanceLoader: Loaded
garagege1_palm_shadow.sbsbin#0 (format - 0)
03-10 14:02:26.006 4321 4546 I GAME : Decompressing 'nev_bush.sbsbin' file
from '@data01.zip' fs: 15K -> 37K.
03-10 14:02:26.161 4321 4546 I GAME : SubstanceLoader: Loaded
nev_bush.sbsbin#0 (format - 0)
03-10 14:02:26.179 4321 4546 I GAME : Year is out of valid range: 1400..10000
03-10 14:02:26.179 4321 4546 I GAME : Month number is out of range 1..12
03-10 14:02:26.179 4321 4546 I GAME : Day of month value is out of range 1..31
03-10 14:02:26.185 4321 4546 I GAME : Decompressing 'bird_anim.anim' file from
'@data01.zip' fs: 23K -> 53K.
03-10 14:02:26.475 4321 4546 I GAME : SubstanceLoader: Loaded
car_shadows.sbsbin#0 (format - 0)
03-10 14:02:26.478 4321 4546 I GAME : SubstanceLoader: Loaded
car_shadows.sbsbin#1 (format - 0)
03-10 14:02:26.481 4321 4546 I GAME : SubstanceLoader: Loaded
car_shadows.sbsbin#2 (format - 0)
03-10 14:02:26.483 4321 4546 I GAME : SubstanceLoader: Loaded
car_shadows.sbsbin#3 (format - 0)
03-10 14:02:26.486 4321 4546 I GAME : SubstanceLoader: Loaded
car_shadows.sbsbin#4 (format - 0)
03-10 14:02:26.489 4321 4546 I GAME : SubstanceLoader: Loaded
car_shadows.sbsbin#5 (format - 0)
03-10 14:02:26.493 4321 4546 I GAME : SubstanceLoader: Loaded
car_shadows.sbsbin#6 (format - 0)
03-10 14:02:26.495 4321 4546 I GAME : SubstanceLoader: Loaded
car_shadows.sbsbin#7 (format - 0)
03-10 14:02:26.499 4321 4546 I GAME : SubstanceLoader: Loaded
car_shadows.sbsbin#8 (format - 0)
03-10 14:02:26.501 4321 4546 I GAME : SubstanceLoader: Loaded
car_shadows.sbsbin#9 (format - 0)
03-10 14:02:26.503 4321 4546 I GAME : SubstanceLoader: Loaded
car_shadows.sbsbin#10 (format - 0)
03-10 14:02:26.506 4321 4546 I GAME : SubstanceLoader: Loaded
car_shadows.sbsbin#11 (format - 0)
03-10 14:02:26.508 4321 4546 I GAME : SubstanceLoader: Loaded
car_shadows.sbsbin#12 (format - 0)
03-10 14:02:26.511 4321 4546 I GAME : SubstanceLoader: Loaded
car_shadows.sbsbin#13 (format - 0)
03-10 14:02:26.513 4321 4546 I GAME : SubstanceLoader: Loaded
car_shadows.sbsbin#14 (format - 0)
03-10 14:02:26.516 4321 4546 I GAME : SubstanceLoader: Loaded
car_shadows.sbsbin#15 (format - 0)
03-10 14:02:26.518 4321 4546 I GAME : SubstanceLoader: Loaded
car_shadows.sbsbin#16 (format - 0)
03-10 14:02:26.521 4321 4546 I GAME : SubstanceLoader: Loaded
car_shadows.sbsbin#17 (format - 0)
03-10 14:02:26.523 4321 4546 I GAME : SubstanceLoader: Loaded
car_shadows.sbsbin#18 (format - 0)
03-10 14:02:26.525 4321 4546 I GAME : SubstanceLoader: Loaded
car_shadows.sbsbin#19 (format - 0)
03-10 14:02:26.528 4321 4546 I GAME : SubstanceLoader: Loaded
car_shadows.sbsbin#20 (format - 0)
03-10 14:02:26.531 4321 4546 I GAME : SubstanceLoader: Loaded
car_shadows.sbsbin#21 (format - 0)
03-10 14:02:26.534 4321 4546 I GAME : SubstanceLoader: Loaded
car_shadows.sbsbin#22 (format - 0)
03-10 14:02:26.536 4321 4546 I GAME : SubstanceLoader: Loaded
car_shadows.sbsbin#23 (format - 0)
03-10 14:02:26.538 4321 4546 I GAME : SubstanceLoader: Loaded
car_shadows.sbsbin#24 (format - 0)
03-10 14:02:26.550 4321 4546 I GAME : Year is out of valid range: 1400..10000
03-10 14:02:26.550 4321 4546 I GAME : Month number is out of range 1..12
03-10 14:02:26.550 4321 4546 I GAME : Day of month value is out of range 1..31
03-10 14:02:26.554 4321 4546 I GAME : Decompressing 'garage_cam_00.anim' file
from '@data01.zip' fs: 28K -> 34K.
03-10 14:02:26.583 4321 4546 I GAME : SubstanceLoader: Loaded
fx_special_clouds.sbsbin#0 (format - 0)
03-10 14:02:26.596 4321 4546 I GAME : SubstanceLoader: Loaded fx_dust.sbsbin#0
(format - 0)
03-10 14:02:26.653 4321 4546 I GAME : SubstanceLoader: Loaded
skybox_nev.sbsbin#0 (format - 0)
03-10 14:02:26.660 4321 4546 I GAME : SubstanceLoader: Loaded
skybox_nev.sbsbin#1 (format - 0)
03-10 14:02:26.663 4321 4546 I GAME : SubstanceLoader: Loaded
skybox_nev.sbsbin#2 (format - 0)
03-10 14:02:26.670 4321 4546 I GAME : SubstanceLoader: Loaded
skybox_gar.sbsbin#0 (format - 0)
03-10 14:02:26.681 4321 4546 I GAME : Year is out of valid range: 1400..10000
03-10 14:02:26.681 4321 4546 I GAME : Month number is out of range 1..12
03-10 14:02:26.681 4321 4546 I GAME : Day of month value is out of range 1..31
03-10 14:02:26.706 4321 4546 I GAME : SubstanceLoader: Loaded
fx_special_darkswirls.sbsbin#0 (format - 0)
03-10 14:02:26.713 4321 4546 I GAME : Year is out of valid range: 1400..10000
03-10 14:02:26.713 4321 4546 I GAME : Month number is out of range 1..12
03-10 14:02:26.713 4321 4546 I GAME : Day of month value is out of range 1..31
03-10 14:02:26.717 4321 4546 I GAME : Starting post init
03-10 14:02:26.721 4321 4546 I GAME : SubstanceLoader: Loaded
fx_paraboloid_mask.sbsbin#0 (format - 0)
03-10 14:02:26.722 4321 4546 I GAME : Total entities on level: 1171
03-10 14:02:26.723 4321 4546 I GAME : Processing of 1171 / 1171 entities
finished
03-10 14:02:26.727 4321 4546 I GAME : Post init finished
03-10 14:02:26.738 4321 4546 I GAME : Year is out of valid range: 1400..10000
03-10 14:02:26.738 4321 4546 I GAME : Month number is out of range 1..12
03-10 14:02:26.738 4321 4546 I GAME : Day of month value is out of range 1..31
03-10 14:02:26.757 4321 4546 I GAME : Year is out of valid range: 1400..10000
03-10 14:02:26.757 4321 4546 I GAME : Month number is out of range 1..12
03-10 14:02:26.757 4321 4546 I GAME : Day of month value is out of range 1..31
