03-10 14:02:26.785 4321 4546 I VAD=====: Android_SetApplicationLoading 0
03-10 14:02:26.786 4321 4546 D VAD=====: SetApplicationLoadingfalse
03-10 14:02:26.792 4321 4546 I GAME : Year is out of valid range: 1400..10000
03-10 14:02:26.792 4321 4546 I GAME : Month number is out of range 1..12
03-10 14:02:26.792 4321 4546 I GAME : Day of month value is out of range 1..31
03-10 14:02:26.826 4321 4546 I GAME : Year is out of valid range: 1400..10000
03-10 14:02:26.826 4321 4546 I GAME : Month number is out of range 1..12
03-10 14:02:26.826 4321 4546 I GAME : Day of month value is out of range 1..31
03-10 14:02:26.863 4321 4546 I GAME : Year is out of valid range: 1400..10000
03-10 14:02:26.863 4321 4546 I GAME : Month number is out of range 1..12
03-10 14:02:26.863 4321 4546 I GAME : Day of month value is out of range 1..31
03-10 14:02:26.897 4321 4546 I GAME : Year is out of valid range: 1400..10000
03-10 14:02:26.897 4321 4546 I GAME : Month number is out of range 1..12
03-10 14:02:26.897 4321 4546 I GAME : Day of month value is out of range 1..31
03-10 14:02:26.929 4321 4546 I GAME : Year is out of valid range: 1400..10000
03-10 14:02:26.929 4321 4546 I GAME : Month number is out of range 1..12
03-10 14:02:26.929 4321 4546 I GAME : Day of month value is out of range 1..31
03-10 14:02:26.958 4321 4546 I GAME : [OnlineTask] 'fed:GetServerTime', state:
`started`, resultCode: -21
03-10 14:02:26.958 4321 4546 I GAME : [OnlineTask] 'fed:GetServerTime' error[-
21]: ''
03-10 14:02:26.964 4321 4546 I GAME : Year is out of valid range: 1400..10000
03-10 14:02:26.964 4321 4546 I GAME : Month number is out of range 1..12
03-10 14:02:26.964 4321 4546 I GAME : Day of month value is out of range 1..31
03-10 14:02:26.996 4321 4546 I GAME : Year is out of valid range: 1400..10000
03-10 14:02:26.996 4321 4546 I GAME : Month number is out of range 1..12
03-10 14:02:26.996 4321 4546 I GAME : Day of month value is out of range 1..31
03-10 14:02:27.029 4321 4546 I GAME : Year is out of valid range: 1400..10000
03-10 14:02:27.029 4321 4546 I GAME : Month number is out of range 1..12
03-10 14:02:27.029 4321 4546 I GAME : Day of month value is out of range 1..31
03-10 14:02:27.107 4321 4546 I GAME : Year is out of valid range: 1400..10000
03-10 14:02:27.107 4321 4546 I GAME : Month number is out of range 1..12
03-10 14:02:27.107 4321 4546 I GAME : Day of month value is out of range 1..31
03-10 14:02:27.109 4321 4546 D hwaps : APS: play type is 1
03-10 14:02:27.122 4321 4546 I GAME : Year is out of valid range: 1400..10000
03-10 14:02:27.122 4321 4546 I GAME : Month number is out of range 1..12
03-10 14:02:27.122 4321 4546 I GAME : Day of month value is out of range 1..31
03-10 14:02:27.144 4321 4546 I GAME : Decompressing 'fx_lut_garage.tga' file
from '@data01.zip' fs: 7K -> 32K.
03-10 14:02:27.148 4321 4546 I GAME : SubstanceLoader: Loaded
fx_vignet_garage.sbsbin#0 (format - 0)
03-10 14:02:27.150 4321 4546 I GAME : SetFarDistance( 5000.00 )
03-10 14:02:27.150 4321 4546 I GAME : Decompressing 'm_menu.ogg' file from
'@data01.zip' fs: 121K -> 124K.
03-10 14:02:27.176 4321 4546 I GAME : Loading sound 'm_menu.ogg'
03-10 14:02:27.177 4321 4546 I GAME : Decompressing 'm_menu.ogg' file from
'@data01.zip' fs: 121K -> 124K.
03-10 14:02:27.198 4321 4546 I GAME : GS_Career::GS_Career()::
m_currentPageIndex = -1
03-10 14:02:27.198 4321 4546 D hwaps : APS: play type is 4
03-10 14:02:27.203 4321 4546 I GAME : Year is out of valid range: 1400..10000
03-10 14:02:27.203 4321 4546 I GAME : Month number is out of range 1..12
03-10 14:02:27.203 4321 4546 I GAME : Day of month value is out of range 1..31
03-10 14:02:27.209 4321 4546 I GAME : Decompressing 'ui_main_02.tga' file from
'@data01.zip' fs: 1K -> 512K.
03-10 14:02:27.214 4321 4546 I GAME : Decompressing 'ui_main_02.tga__alpha'
file from '@data01.zip' fs: 85K -> 512K.
03-10 14:02:27.230 4321 4546 I GAME : Decompressing 'ui_iap_icons.tga' file
from '@data01.zip' fs: 142K -> 512K.
03-10 14:02:27.242 4321 4546 I GAME : Decompressing 'ui_iap_icons.tga__alpha'
file from '@data01.zip' fs: 63K -> 512K.
03-10 14:02:27.279 4321 4546 I GAME : Decompressing 'ui_car_paks_new.tga' file
from '@data01.zip' fs: 235K -> 2048K.
03-10 14:02:27.299 4321 4546 I GAME : Decompressing
'ui_car_paks_new.tga__alpha' file from '@data01.zip' fs: 82K -> 2048K.
03-10 14:02:27.347 4321 4546 I GAME : Model: 'car_alfaromeo_mito.pig' loaded
03-10 14:02:27.350 4321 4546 I GAME : Decompressing
'common_cars_atlas_00_df.tga' file from '@data01.zip' fs: 54K -> 128K.
03-10 14:02:27.363 4321 4546 I GAME : SubstanceLoader: Loaded
car_carbon.sbsbin#0 (format - 12)
03-10 14:02:27.366 4321 4546 I GAME : Decompressing
'car_alfaromeo_mito_df.tga' file from '@data01.zip' fs: 15K -> 32K.
03-10 14:02:27.418 4321 4546 I GAME : Year is out of valid range: 1400..10000
03-10 14:02:27.419 4321 4546 I GAME : Month number is out of range 1..12
03-10 14:02:27.419 4321 4546 I GAME : Day of month value is out of range 1..31
03-10 14:02:27.420 4321 4546 I GAME : Year is out of valid range: 1400..10000
03-10 14:02:27.420 4321 4546 I GAME : Month number is out of range 1..12
03-10 14:02:27.420 4321 4546 I GAME : Day of month value is out of range 1..31
03-10 14:02:27.424 4321 4546 I GAME : Decompressing 'ui_main_01.tga' file from
'@data01.zip' fs: 16K -> 512K.
03-10 14:02:27.429 4321 4546 I GAME : Decompressing 'ui_main_01.tga__alpha'
file from '@data01.zip' fs: 62K -> 512K.
03-10 14:02:27.444 4321 4321 W Thread-32937: type=1400 audit(0.0:44533): avc:
denied { accept } for scontext=u:r:untrusted_app:s0:c512,c768
tcontext=u:r:surfaceflinger:s0 tclass=unix_stream_socket permissive=0
03-10 14:02:27.460 4321 4546 I GAME : GS_Career::ResumeMenuState()::
ScrollToPage = 0; NumSeasonsDB = 6; m_numSeasons = 1
03-10 14:02:27.470 4321 4546 I GAME : Year is out of valid range: 1400..10000
03-10 14:02:27.470 4321 4546 I GAME : Month number is out of range 1..12
03-10 14:02:27.470 4321 4546 I GAME : Day of month value is out of range 1..31
03-10 14:02:27.471 4321 4546 I GAME : Year is out of valid range: 1400..10000
03-10 14:02:27.472 4321 4546 I GAME : Month number is out of range 1..12
03-10 14:02:27.472 4321 4546 I GAME : Day of month value is out of range 1..31
03-10 14:02:27.480 4321 4321 W Thread-32944: type=1400 audit(0.0:44535): avc:
denied { accept } for scontext=u:r:untrusted_app:s0:c512,c768
tcontext=u:r:surfaceflinger:s0 tclass=unix_stream_socket permissive=0
03-10 14:02:27.484 4321 4546 D hwaps : APS: play type is 1
03-10 14:02:27.491 4321 4546 I GAME : Year is out of valid range: 1400..10000
03-10 14:02:27.491 4321 4546 I GAME : Month number is out of range 1..12
03-10 14:02:27.491 4321 4546 I GAME : Day of month value is out of range 1..31
03-10 14:02:27.510 4321 4321 W Thread-32952: type=1400 audit(0.0:44538): avc:
denied { accept } for scontext=u:r:untrusted_app:s0:c512,c768
tcontext=u:r:surfaceflinger:s0 tclass=unix_stream_socket permissive=0
03-10 14:02:27.514 4321 4321 I chatty : uid=10105(u0_a105)
com.gameloft.android.GloftANPH identical 3 lines
03-10 14:02:27.514 4321 4321 W Thread-32952: type=1400 audit(0.0:44542): avc:
denied { accept } for scontext=u:r:untrusted_app:s0:c512,c768
tcontext=u:r:surfaceflinger:s0 tclass=unix_stream_socket permissive=0
03-10 14:02:27.522 4321 4546 I GAME : Year is out of valid range: 1400..10000
03-10 14:02:27.522 4321 4546 I GAME : Month number is out of range 1..12
03-10 14:02:27.522 4321 4546 I GAME : Day of month value is out of range 1..31
03-10 14:02:27.540 4321 4321 W Thread-32960: type=1400 audit(0.0:44543): avc:
denied { accept } for scontext=u:r:untrusted_app:s0:c512,c768
tcontext=u:r:surfaceflinger:s0 tclass=unix_stream_socket permissive=0
03-10 14:02:27.544 4321 4546 D hwaps : APS: play type is 4
03-10 14:02:27.554 4321 4546 I GAME : Year is out of valid range: 1400..10000
03-10 14:02:27.554 4321 4546 I GAME : Month number is out of range 1..12
03-10 14:02:27.554 4321 4546 I GAME : Day of month value is out of range 1..31
03-10 14:02:27.587 4321 4321 W Thread-32968: type=1400 audit(0.0:44544): avc:
denied { accept } for scontext=u:r:untrusted_app:s0:c512,c768
tcontext=u:r:surfaceflinger:s0 tclass=unix_stream_socket permissive=0
03-10 14:02:27.592 4321 4546 D hwaps : APS: play type is 1
03-10 14:02:27.596 4321 4546 I GAME : Year is out of valid range: 1400..10000
03-10 14:02:27.596 4321 4546 I GAME : Month number is out of range 1..12
03-10 14:02:27.596 4321 4546 I GAME : Day of month value is out of range 1..31
03-10 14:02:27.620 4321 4321 W Thread-32976: type=1400 audit(0.0:44545): avc:
denied { accept } for scontext=u:r:untrusted_app:s0:c512,c768
tcontext=u:r:surfaceflinger:s0 tclass=unix_stream_socket permissive=0
03-10 14:02:27.623 4321 4546 D hwaps : APS: play type is 4
03-10 14:02:27.627 4321 4546 I GAME : Year is out of valid range: 1400..10000
03-10 14:02:27.627 4321 4546 I GAME : Month number is out of range 1..12
03-10 14:02:27.627 4321 4546 I GAME : Day of month value is out of range 1..31
03-10 14:02:27.650 4321 4321 W Thread-32984: type=1400 audit(0.0:44546): avc:
denied { accept } for scontext=u:r:untrusted_app:s0:c512,c768
tcontext=u:r:surfaceflinger:s0 tclass=unix_stream_socket permissive=0
03-10 14:02:27.659 4321 4546 I GAME : Year is out of valid range: 1400..10000
03-10 14:02:27.659 4321 4546 I GAME : Month number is out of range 1..12
03-10 14:02:27.659 4321 4546 I GAME : Day of month value is out of range 1..31
03-10 14:02:27.684 4321 4321 W Thread-32992: type=1400 audit(0.0:44547): avc:
denied { accept } for scontext=u:r:untrusted_app:s0:c512,c768
tcontext=u:r:surfaceflinger:s0 tclass=unix_stream_socket permissive=0
03-10 14:02:27.689 4321 4546 D hwaps : APS: play type is 1
03-10 14:02:27.694 4321 4546 I GAME : Year is out of valid range: 1400..10000
03-10 14:02:27.694 4321 4546 I GAME : Month number is out of range 1..12
03-10 14:02:27.694 4321 4546 I GAME : Day of month value is out of range 1..31
03-10 14:02:27.720 4321 4321 W Thread-33000: type=1400 audit(0.0:44548): avc:
denied { accept } for scontext=u:r:untrusted_app:s0:c512,c768
tcontext=u:r:surfaceflinger:s0 tclass=unix_stream_socket permissive=0
03-10 14:02:27.725 4321 4546 D hwaps : APS: play type is 4
03-10 14:02:27.729 4321 4546 I GAME : Year is out of valid range: 1400..10000
03-10 14:02:27.729 4321 4546 I GAME : Month number is out of range 1..12
03-10 14:02:27.729 4321 4546 I GAME : Day of month value is out of range 1..31
03-10 14:02:27.754 4321 4321 W Thread-33008: type=1400 audit(0.0:44549): avc:
denied { accept } for scontext=u:r:untrusted_app:s0:c512,c768
tcontext=u:r:surfaceflinger:s0 tclass=unix_stream_socket permissive=0
03-10 14:02:27.762 4321 4546 I GAME : Year is out of valid range: 1400..10000
03-10 14:02:27.762 4321 4546 I GAME : Month number is out of range 1..12
03-10 14:02:27.762 4321 4546 I GAME : Day of month value is out of range 1..31
03-10 14:02:27.787 4321 4321 W Thread-33016: type=1400 audit(0.0:44550): avc:
denied { accept } for scontext=u:r:untrusted_app:s0:c512,c768
tcontext=u:r:surfaceflinger:s0 tclass=unix_stream_socket permissive=0
03-10 14:02:27.791 4321 4546 D hwaps : APS: play type is 1
03-10 14:02:27.796 4321 4546 I GAME : Year is out of valid range: 1400..10000
03-10 14:02:27.796 4321 4546 I GAME : Month number is out of range 1..12
03-10 14:02:27.796 4321 4546 I GAME : Day of month value is out of range 1..31
03-10 14:02:27.820 4321 4321 W Thread-33024: type=1400 audit(0.0:44551): avc:
denied { accept } for scontext=u:r:untrusted_app:s0:c512,c768
tcontext=u:r:surfaceflinger:s0 tclass=unix_stream_socket permissive=0
03-10 14:02:27.823 4321 4546 D hwaps : APS: play type is 4
03-10 14:02:27.827 4321 4546 I GAME : Year is out of valid range: 1400..10000
03-10 14:02:27.827 4321 4546 I GAME : Month number is out of range 1..12
03-10 14:02:27.827 4321 4546 I GAME : Day of month value is out of range 1..31
03-10 14:02:27.857 4321 4321 W Thread-33032: type=1400 audit(0.0:44552): avc:
denied { accept } for scontext=u:r:untrusted_app:s0:c512,c768
tcontext=u:r:surfaceflinger:s0 tclass=unix_stream_socket permissive=0
03-10 14:02:27.864 4321 4546 I GAME : Year is out of valid range: 1400..10000
03-10 14:02:27.864 4321 4546 I GAME : Month number is out of range 1..12
03-10 14:02:27.864 4321 4546 I GAME : Day of month value is out of range 1..31
03-10 14:02:27.887 4321 4321 W Thread-33040: type=1400 audit(0.0:44553): avc:
denied { accept } for scontext=u:r:untrusted_app:s0:c512,c768
tcontext=u:r:surfaceflinger:s0 tclass=unix_stream_socket permissive=0
03-10 14:02:27.895 4321 4546 I GAME : Year is out of valid range: 1400..10000
03-10 14:02:27.895 4321 4546 I GAME : Month number is out of range 1..12
03-10 14:02:27.895 4321 4546 I GAME : Day of month value is out of range 1..31
03-10 14:02:27.920 4321 4321 W Thread-33048: type=1400 audit(0.0:44554): avc:
denied { accept } for scontext=u:r:untrusted_app:s0:c512,c768
tcontext=u:r:surfaceflinger:s0 tclass=unix_stream_socket permissive=0
03-10 14:02:27.929 4321 4546 I GAME : Year is out of valid range: 1400..10000
03-10 14:02:27.929 4321 4546 I GAME : Month number is out of range 1..12
03-10 14:02:27.929 4321 4546 I GAME : Day of month value is out of range 1..31
03-10 14:02:27.954 4321 4321 W Thread-33056: type=1400 audit(0.0:44555): avc:
denied { accept } for scontext=u:r:untrusted_app:s0:c512,c768
tcontext=u:r:surfaceflinger:s0 tclass=unix_stream_socket permissive=0
03-10 14:02:27.958 4321 4546 D hwaps : APS: play type is 1
03-10 14:02:27.962 4321 4546 I GAME : Year is out of valid range: 1400..10000
03-10 14:02:27.962 4321 4546 I GAME : Month number is out of range 1..12
03-10 14:02:27.962 4321 4546 I GAME : Day of month value is out of range 1..31
03-10 14:02:27.987 4321 4321 W Thread-33064: type=1400 audit(0.0:44556): avc:
denied { accept } for scontext=u:r:untrusted_app:s0:c512,c768
tcontext=u:r:surfaceflinger:s0 tclass=unix_stream_socket permissive=0
03-10 14:02:27.996 4321 4546 I GAME : Year is out of valid range: 1400..10000
03-10 14:02:27.996 4321 4546 I GAME : Month number is out of range 1..12
03-10 14:02:27.996 4321 4546 I GAME : Day of month value is out of range 1..31
03-10 14:02:28.024 4321 4321 W Thread-33072: type=1400 audit(0.0:44557): avc:
denied { accept } for scontext=u:r:untrusted_app:s0:c512,c768
tcontext=u:r:surfaceflinger:s0 tclass=unix_stream_socket permissive=0
03-10 14:02:28.031 4321 4546 I GAME : Year is out of valid range: 1400..10000
03-10 14:02:28.031 4321 4546 I GAME : Month number is out of range 1..12
03-10 14:02:28.031 4321 4546 I GAME : Day of month value is out of range 1..31
03-10 14:02:28.057 4321 4321 W Thread-33080: type=1400 audit(0.0:44558): avc:
denied { accept } for scontext=u:r:untrusted_app:s0:c512,c768
tcontext=u:r:surfaceflinger:s0 tclass=unix_stream_socket permissive=0
03-10 14:02:28.064 4321 4546 I GAME : Year is out of valid range: 1400..10000
03-10 14:02:28.065 4321 4546 I GAME : Month number is out of range 1..12
03-10 14:02:28.065 4321 4546 I GAME : Day of month value is out of range 1..31
03-10 14:02:28.094 4321 4321 W Thread-33088: type=1400 audit(0.0:44559): avc:
denied { accept } for scontext=u:r:untrusted_app:s0:c512,c768
tcontext=u:r:surfaceflinger:s0 tclass=unix_stream_socket permissive=0
03-10 14:02:28.096 4321 4546 D hwaps : APS: play type is 4
03-10 14:02:28.101 4321 4546 I GAME : Year is out of valid range: 1400..10000
03-10 14:02:28.101 4321 4546 I GAME : Month number is out of range 1..12
03-10 14:02:28.101 4321 4546 I GAME : Day of month value is out of range 1..31
03-10 14:02:28.127 4321 4321 W Thread-33096: type=1400 audit(0.0:44560): avc:
denied { accept } for scontext=u:r:untrusted_app:s0:c512,c768
tcontext=u:r:surfaceflinger:s0 tclass=unix_stream_socket permissive=0
03-10 14:02:28.136 4321 4546 I GAME : Year is out of valid range: 1400..10000
03-10 14:02:28.136 4321 4546 I GAME : Month number is out of range 1..12
03-10 14:02:28.137 4321 4546 I GAME : Day of month value is out of range 1..31
03-10 14:02:28.164 4321 4321 W Thread-33104: type=1400 audit(0.0:44561): avc:
denied { accept } for scontext=u:r:untrusted_app:s0:c512,c768
tcontext=u:r:surfaceflinger:s0 tclass=unix_stream_socket permissive=0
03-10 14:02:28.171 4321 4546 I GAME : Year is out of valid range: 1400..10000
03-10 14:02:28.171 4321 4546 I GAME : Month number is out of range 1..12
03-10 14:02:28.171 4321 4546 I GAME : Day of month value is out of range 1..31
03-10 14:02:28.197 4321 4321 W Thread-33112: type=1400 audit(0.0:44562): avc:
denied { accept } for scontext=u:r:untrusted_app:s0:c512,c768
tcontext=u:r:surfaceflinger:s0 tclass=unix_stream_socket permissive=0
03-10 14:02:28.203 4321 4546 I GAME : Year is out of valid range: 1400..10000
03-10 14:02:28.203 4321 4546 I GAME : Month number is out of range 1..12
03-10 14:02:28.203 4321 4546 I GAME : Day of month value is out of range 1..31
03-10 14:02:28.227 4321 4321 W Thread-33120: type=1400 audit(0.0:44563): avc:
denied { accept } for scontext=u:r:untrusted_app:s0:c512,c768
tcontext=u:r:surfaceflinger:s0 tclass=unix_stream_socket permissive=0
03-10 14:02:28.234 4321 4546 I GAME : Year is out of valid range: 1400..10000
03-10 14:02:28.234 4321 4546 I GAME : Month number is out of range 1..12
03-10 14:02:28.234 4321 4546 I GAME : Day of month value is out of range 1..31
03-10 14:02:28.260 4321 4321 W Thread-33128: type=1400 audit(0.0:44564): avc:
denied { accept } for scontext=u:r:untrusted_app:s0:c512,c768
tcontext=u:r:surfaceflinger:s0 tclass=unix_stream_socket permissive=0
03-10 14:02:28.268 4321 4546 I GAME : Year is out of valid range: 1400..10000
03-10 14:02:28.268 4321 4546 I GAME : Month number is out of range 1..12
03-10 14:02:28.268 4321 4546 I GAME : Day of month value is out of range 1..31
03-10 14:02:28.294 4321 4321 W Thread-33136: type=1400 audit(0.0:44565): avc:
denied { accept } for scontext=u:r:untrusted_app:s0:c512,c768
tcontext=u:r:surfaceflinger:s0 tclass=unix_stream_socket permissive=0
03-10 14:02:28.302 4321 4546 I GAME : Year is out of valid range: 1400..10000
03-10 14:02:28.302 4321 4546 I GAME : Month number is out of range 1..12
03-10 14:02:28.302 4321 4546 I GAME : Day of month value is out of range 1..31
03-10 14:02:28.335 4321 4546 I GAME : Year is out of valid range: 1400..10000
03-10 14:02:28.336 4321 4546 I GAME : Month number is out of range 1..12
03-10 14:02:28.336 4321 4546 I GAME : Day of month value is out of range 1..31
03-10 14:02:28.368 4321 4546 I GAME : Year is out of valid range: 1400..10000
03-10 14:02:28.368 4321 4546 I GAME : Month number is out of range 1..12
03-10 14:02:28.368 4321 4546 I GAME : Day of month value is out of range 1..31
03-10 14:02:28.402 4321 4546 I GAME : Year is out of valid range: 1400..10000
03-10 14:02:28.402 4321 4546 I GAME : Month number is out of range 1..12
03-10 14:02:28.402 4321 4546 I GAME : Day of month value is out of range 1..31
03-10 14:02:28.434 4321 4546 I GAME : Year is out of valid range: 1400..10000
03-10 14:02:28.434 4321 4546 I GAME : Month number is out of range 1..12
03-10 14:02:28.434 4321 4546 I GAME : Day of month value is out of range 1..31
03-10 14:02:28.470 4321 4546 I GAME : Year is out of valid range: 1400..10000
03-10 14:02:28.470 4321 4546 I GAME : Month number is out of range 1..12
03-10 14:02:28.470 4321 4546 I GAME : Day of month value is out of range 1..31
03-10 14:02:28.504 4321 4546 I GAME : Year is out of valid range: 1400..10000
03-10 14:02:28.504 4321 4546 I GAME : Month number is out of range 1..12
03-10 14:02:28.504 4321 4546 I GAME : Day of month value is out of range 1..31
03-10 14:02:28.536 4321 4546 I GAME : Year is out of valid range: 1400..10000
03-10 14:02:28.536 4321 4546 I GAME : Month number is out of range 1..12
03-10 14:02:28.536 4321 4546 I GAME : Day of month value is out of range 1..31
03-10 14:02:28.569 4321 4546 I GAME : Year is out of valid range: 1400..10000
03-10 14:02:28.569 4321 4546 I GAME : Month number is out of range 1..12
03-10 14:02:28.569 4321 4546 I GAME : Day of month value is out of range 1..31
03-10 14:02:28.603 4321 4546 I GAME : Year is out of valid range: 1400..10000
03-10 14:02:28.603 4321 4546 I GAME : Month number is out of range 1..12
03-10 14:02:28.603 4321 4546 I GAME : Day of month value is out of range 1..31
03-10 14:02:28.637 4321 4546 I GAME : Year is out of valid range: 1400..10000
03-10 14:02:28.637 4321 4546 I GAME : Month number is out of range 1..12
03-10 14:02:28.637 4321 4546 I GAME : Day of month value is out of range 1..31
03-10 14:02:28.664 4321 4321 W Thread-33224: type=1400 audit(0.0:44578): avc:
denied { accept } for scontext=u:r:untrusted_app:s0:c512,c768
tcontext=u:r:surfaceflinger:s0 tclass=unix_stream_socket permissive=0
03-10 14:02:28.671 4321 4546 I GAME : Year is out of valid range: 1400..10000
03-10 14:02:28.671 4321 4546 I GAME : Month number is out of range 1..12
03-10 14:02:28.671 4321 4546 I GAME : Day of month value is out of range 1..31
03-10 14:02:28.697 4321 4321 W Thread-33232: type=1400 audit(0.0:44579): avc:
denied { accept } for scontext=u:r:untrusted_app:s0:c512,c768
tcontext=u:r:surfaceflinger:s0 tclass=unix_stream_socket permissive=0
03-10 14:02:28.704 4321 4546 I GAME : Year is out of valid range: 1400..10000
03-10 14:02:28.704 4321 4546 I GAME : Month number is out of range 1..12
03-10 14:02:28.704 4321 4546 I GAME : Day of month value is out of range 1..31
03-10 14:02:28.730 4321 4321 W Thread-33240: type=1400 audit(0.0:44580): avc:
denied { accept } for scontext=u:r:untrusted_app:s0:c512,c768
tcontext=u:r:surfaceflinger:s0 tclass=unix_stream_socket permissive=0
03-10 14:02:28.737 4321 4546 I GAME : Year is out of valid range: 1400..10000
03-10 14:02:28.737 4321 4546 I GAME : Month number is out of range 1..12
03-10 14:02:28.737 4321 4546 I GAME : Day of month value is out of range 1..31
03-10 14:02:28.764 4321 4321 W Thread-33248: type=1400 audit(0.0:44581): avc:
denied { accept } for scontext=u:r:untrusted_app:s0:c512,c768
tcontext=u:r:surfaceflinger:s0 tclass=unix_stream_socket permissive=0
03-10 14:02:28.770 4321 4546 I GAME : Year is out of valid range: 1400..10000
03-10 14:02:28.770 4321 4546 I GAME : Month number is out of range 1..12
03-10 14:02:28.770 4321 4546 I GAME : Day of month value is out of range 1..31
03-10 14:02:28.797 4321 4321 W Thread-33256: type=1400 audit(0.0:44582): avc:
denied { accept } for scontext=u:r:untrusted_app:s0:c512,c768
tcontext=u:r:surfaceflinger:s0 tclass=unix_stream_socket permissive=0
03-10 14:02:28.806 4321 4546 I GAME : Year is out of valid range: 1400..10000
03-10 14:02:28.806 4321 4546 I GAME : Month number is out of range 1..12
03-10 14:02:28.806 4321 4546 I GAME : Day of month value is out of range 1..31
03-10 14:02:28.830 4321 4321 W Thread-33264: type=1400 audit(0.0:44583): avc:
denied { accept } for scontext=u:r:untrusted_app:s0:c512,c768
tcontext=u:r:surfaceflinger:s0 tclass=unix_stream_socket permissive=0
03-10 14:02:28.834 4321 4546 D hwaps : APS: play type is 1
03-10 14:02:28.838 4321 4546 I GAME : Year is out of valid range: 1400..10000
03-10 14:02:28.838 4321 4546 I GAME : Month number is out of range 1..12
03-10 14:02:28.838 4321 4546 I GAME : Day of month value is out of range 1..31
03-10 14:02:28.864 4321 4321 W Thread-33272: type=1400 audit(0.0:44584): avc:
denied { accept } for scontext=u:r:untrusted_app:s0:c512,c768
tcontext=u:r:surfaceflinger:s0 tclass=unix_stream_socket permissive=0
03-10 14:02:28.871 4321 4546 I GAME : Year is out of valid range: 1400..10000
03-10 14:02:28.871 4321 4546 I GAME : Month number is out of range 1..12
03-10 14:02:28.871 4321 4546 I GAME : Day of month value is out of range 1..31
03-10 14:02:28.897 4321 4321 W Thread-33280: type=1400 audit(0.0:44585): avc:
denied { accept } for scontext=u:r:untrusted_app:s0:c512,c768
tcontext=u:r:surfaceflinger:s0 tclass=unix_stream_socket permissive=0
03-10 14:02:28.904 4321 4546 I GAME : Year is out of valid range: 1400..10000
03-10 14:02:28.904 4321 4546 I GAME : Month number is out of range 1..12
03-10 14:02:28.904 4321 4546 I GAME : Day of month value is out of range 1..31
03-10 14:02:28.930 4321 4321 W Thread-33288: type=1400 audit(0.0:44586): avc:
denied { accept } for scontext=u:r:untrusted_app:s0:c512,c768
tcontext=u:r:surfaceflinger:s0 tclass=unix_stream_socket permissive=0
03-10 14:02:28.938 4321 4546 I GAME : Year is out of valid range: 1400..10000
03-10 14:02:28.938 4321 4546 I GAME : Month number is out of range 1..12
03-10 14:02:28.938 4321 4546 I GAME : Day of month value is out of range 1..31
03-10 14:02:28.964 4321 4321 W Thread-33296: type=1400 audit(0.0:44587): avc:
denied { accept } for scontext=u:r:untrusted_app:s0:c512,c768
tcontext=u:r:surfaceflinger:s0 tclass=unix_stream_socket permissive=0
03-10 14:02:28.968 4321 4546 D hwaps : APS: play type is 4
03-10 14:02:28.971 4321 4546 I GAME : Year is out of valid range: 1400..10000
03-10 14:02:28.972 4321 4546 I GAME : Month number is out of range 1..12
03-10 14:02:28.972 4321 4546 I GAME : Day of month value is out of range 1..31
03-10 14:02:28.997 4321 4321 W Thread-33304: type=1400 audit(0.0:44588): avc:
denied { accept } for scontext=u:r:untrusted_app:s0:c512,c768
tcontext=u:r:surfaceflinger:s0 tclass=unix_stream_socket permissive=0
03-10 14:02:29.005 4321 4546 I GAME : Year is out of valid range: 1400..10000
03-10 14:02:29.005 4321 4546 I GAME : Month number is out of range 1..12
03-10 14:02:29.005 4321 4546 I GAME : Day of month value is out of range 1..31
03-10 14:02:29.030 4321 4321 W Thread-33312: type=1400 audit(0.0:44589): avc:
denied { accept } for scontext=u:r:untrusted_app:s0:c512,c768
tcontext=u:r:surfaceflinger:s0 tclass=unix_stream_socket permissive=0
03-10 14:02:29.038 4321 4546 I GAME : Year is out of valid range: 1400..10000
03-10 14:02:29.038 4321 4546 I GAME : Month number is out of range 1..12
03-10 14:02:29.038 4321 4546 I GAME : Day of month value is out of range 1..31
03-10 14:02:29.064 4321 4321 W Thread-33320: type=1400 audit(0.0:44590): avc:
denied { accept } for scontext=u:r:untrusted_app:s0:c512,c768
tcontext=u:r:surfaceflinger:s0 tclass=unix_stream_socket permissive=0
03-10 14:02:29.071 4321 4546 I GAME : Year is out of valid range: 1400..10000
03-10 14:02:29.071 4321 4546 I GAME : Month number is out of range 1..12
03-10 14:02:29.071 4321 4546 I GAME : Day of month value is out of range 1..31
03-10 14:02:29.097 4321 4321 W Thread-33328: type=1400 audit(0.0:44591): avc:
denied { accept } for scontext=u:r:untrusted_app:s0:c512,c768
tcontext=u:r:surfaceflinger:s0 tclass=unix_stream_socket permissive=0
03-10 14:02:29.102 4321 4546 I GAME : cleanup sound: 'sfx_nitro_blitz.vxn'
03-10 14:02:29.102 4321 4546 D hwaps : APS: play type is 1
03-10 14:02:29.107 4321 4546 I GAME : Year is out of valid range: 1400..10000
03-10 14:02:29.107 4321 4546 I GAME : Month number is out of range 1..12
03-10 14:02:29.107 4321 4546 I GAME : Day of month value is out of range 1..31
03-10 14:02:29.134 4321 4321 W Thread-33336: type=1400 audit(0.0:44592): avc:
denied { accept } for scontext=u:r:untrusted_app:s0:c512,c768
tcontext=u:r:surfaceflinger:s0 tclass=unix_stream_socket permissive=0
03-10 14:02:29.140 4321 4546 I GAME : Year is out of valid range: 1400..10000
03-10 14:02:29.140 4321 4546 I GAME : Month number is out of range 1..12
03-10 14:02:29.140 4321 4546 I GAME : Day of month value is out of range 1..31
03-10 14:02:29.164 4321 4321 W Thread-33344: type=1400 audit(0.0:44593): avc:
denied { accept } for scontext=u:r:untrusted_app:s0:c512,c768
tcontext=u:r:surfaceflinger:s0 tclass=unix_stream_socket permissive=0
03-10 14:02:29.172 4321 4546 I GAME : Year is out of valid range: 1400..10000
03-10 14:02:29.172 4321 4546 I GAME : Month number is out of range 1..12
03-10 14:02:29.172 4321 4546 I GAME : Day of month value is out of range 1..31
03-10 14:02:29.197 4321 4321 W Thread-33352: type=1400 audit(0.0:44594): avc:
denied { accept } for scontext=u:r:untrusted_app:s0:c512,c768
tcontext=u:r:surfaceflinger:s0 tclass=unix_stream_socket permissive=0
03-10 14:02:29.202 4321 4546 D hwaps : APS: play type is 4
03-10 14:02:29.206 4321 4546 I GAME : Year is out of valid range: 1400..10000
03-10 14:02:29.206 4321 4546 I GAME : Month number is out of range 1..12
03-10 14:02:29.206 4321 4546 I GAME : Day of month value is out of range 1..31
03-10 14:02:29.230 4321 4321 W Thread-33360: type=1400 audit(0.0:44595): avc:
denied { accept } for scontext=u:r:untrusted_app:s0:c512,c768
tcontext=u:r:surfaceflinger:s0 tclass=unix_stream_socket permissive=0
03-10 14:02:29.240 4321 4546 I GAME : Year is out of valid range: 1400..10000
03-10 14:02:29.240 4321 4546 I GAME : Month number is out of range 1..12
03-10 14:02:29.240 4321 4546 I GAME : Day of month value is out of range 1..31
03-10 14:02:29.267 4321 4321 W Thread-33368: type=1400 audit(0.0:44596): avc:
denied { accept } for scontext=u:r:untrusted_app:s0:c512,c768
tcontext=u:r:surfaceflinger:s0 tclass=unix_stream_socket permissive=0
03-10 14:02:29.269 4321 4546 D hwaps : APS: play type is 1
03-10 14:02:29.273 4321 4546 I GAME : Year is out of valid range: 1400..10000
03-10 14:02:29.273 4321 4546 I GAME : Month number is out of range 1..12
03-10 14:02:29.273 4321 4546 I GAME : Day of month value is out of range 1..31
03-10 14:02:29.297 4321 4321 W Thread-33376: type=1400 audit(0.0:44597): avc:
denied { accept } for scontext=u:r:untrusted_app:s0:c512,c768
tcontext=u:r:surfaceflinger:s0 tclass=unix_stream_socket permissive=0
03-10 14:02:29.308 4321 4546 I GAME : Year is out of valid range: 1400..10000
03-10 14:02:29.308 4321 4546 I GAME : Month number is out of range 1..12
03-10 14:02:29.308 4321 4546 I GAME : Day of month value is out of range 1..31
03-10 14:02:29.356 4321 4546 I GAME : Year is out of valid range: 1400..10000
03-10 14:02:29.356 4321 4546 I GAME : Month number is out of range 1..12
03-10 14:02:29.356 4321 4546 I GAME : Day of month value is out of range 1..31
03-10 14:02:29.382 4321 4546 D hwaps : APS: play type is 4
03-10 14:02:29.386 4321 4546 I GAME : Year is out of valid range: 1400..10000
03-10 14:02:29.386 4321 4546 I GAME : Month number is out of range 1..12
03-10 14:02:29.386 4321 4546 I GAME : Day of month value is out of range 1..31
03-10 14:02:29.428 4321 4546 I GAME : Year is out of valid range: 1400..10000
03-10 14:02:29.428 4321 4546 I GAME : Month number is out of range 1..12
03-10 14:02:29.428 4321 4546 I GAME : Day of month value is out of range 1..31
03-10 14:02:29.469 4321 4546 D hwaps : APS: play type is 1
03-10 14:02:29.474 4321 4546 I GAME : Year is out of valid range: 1400..10000
03-10 14:02:29.474 4321 4546 I GAME : Month number is out of range 1..12
03-10 14:02:29.474 4321 4546 I GAME : Day of month value is out of range 1..31
03-10 14:02:29.514 4321 4546 I GAME : Year is out of valid range: 1400..10000
03-10 14:02:29.514 4321 4546 I GAME : Month number is out of range 1..12
03-10 14:02:29.514 4321 4546 I GAME : Day of month value is out of range 1..31
03-10 14:02:29.551 4321 4546 D hwaps : APS: play type is 4
03-10 14:02:29.555 4321 4546 I GAME : Year is out of valid range: 1400..10000
03-10 14:02:29.555 4321 4546 I GAME : Month number is out of range 1..12
03-10 14:02:29.555 4321 4546 I GAME : Day of month value is out of range 1..31
03-10 14:02:29.594 4321 4546 I GAME : Year is out of valid range: 1400..10000
03-10 14:02:29.594 4321 4546 I GAME : Month number is out of range 1..12
03-10 14:02:29.594 4321 4546 I GAME : Day of month value is out of range 1..31
03-10 14:02:29.629 4321 4546 I GAME : Year is out of valid range: 1400..10000
03-10 14:02:29.629 4321 4546 I GAME : Month number is out of range 1..12
03-10 14:02:29.629 4321 4546 I GAME : Day of month value is out of range 1..31
03-10 14:02:29.671 4321 4546 I GAME : Year is out of valid range: 1400..10000
03-10 14:02:29.671 4321 4546 I GAME : Month number is out of range 1..12
03-10 14:02:29.671 4321 4546 I GAME : Day of month value is out of range 1..31
03-10 14:02:29.700 4321 4321 W Thread-33457: type=1400 audit(0.0:44611): avc:
denied { accept } for scontext=u:r:untrusted_app:s0:c512,c768
tcontext=u:r:surfaceflinger:s0 tclass=unix_stream_socket permissive=0
03-10 14:02:29.710 4321 4546 I GAME : Year is out of valid range: 1400..10000
03-10 14:02:29.710 4321 4546 I GAME : Month number is out of range 1..12
03-10 14:02:29.710 4321 4546 I GAME : Day of month value is out of range 1..31
03-10 14:02:29.744 4321 4321 W Thread-33465: type=1400 audit(0.0:44612): avc:
denied { accept } for scontext=u:r:untrusted_app:s0:c512,c768
tcontext=u:r:surfaceflinger:s0 tclass=unix_stream_socket permissive=0
03-10 14:02:29.752 4321 4546 I GAME : Year is out of valid range: 1400..10000
03-10 14:02:29.752 4321 4546 I GAME : Month number is out of range 1..12
03-10 14:02:29.752 4321 4546 I GAME : Day of month value is out of range 1..31
03-10 14:02:29.784 4321 4321 W Thread-33473: type=1400 audit(0.0:44614): avc:
denied { accept } for scontext=u:r:untrusted_app:s0:c512,c768
tcontext=u:r:surfaceflinger:s0 tclass=unix_stream_socket permissive=0
03-10 14:02:29.786 4321 4546 I GAME : cleanup sound:
'sfx_impact_crashcam_1.ogg'
03-10 14:02:29.787 4321 4546 I GAME : cleanup sound: 'sfx_med_impact_1.ogg'
03-10 14:02:29.791 4321 4546 I GAME : Year is out of valid range: 1400..10000
03-10 14:02:29.791 4321 4546 I GAME : Month number is out of range 1..12
03-10 14:02:29.791 4321 4546 I GAME : Day of month value is out of range 1..31
03-10 14:02:29.820 4321 4321 W Thread-33481: type=1400 audit(0.0:44615): avc:
denied { accept } for scontext=u:r:untrusted_app:s0:c512,c768
tcontext=u:r:surfaceflinger:s0 tclass=unix_stream_socket permissive=0
03-10 14:02:29.829 4321 4546 I GAME : Year is out of valid range: 1400..10000
03-10 14:02:29.829 4321 4546 I GAME : Month number is out of range 1..12
03-10 14:02:29.829 4321 4546 I GAME : Day of month value is out of range 1..31
03-10 14:02:29.864 4321 4321 W Thread-33489: type=1400 audit(0.0:44616): avc:
denied { accept } for scontext=u:r:untrusted_app:s0:c512,c768
tcontext=u:r:surfaceflinger:s0 tclass=unix_stream_socket permissive=0
03-10 14:02:29.871 4321 4546 I GAME : Year is out of valid range: 1400..10000
03-10 14:02:29.871 4321 4546 I GAME : Month number is out of range 1..12
03-10 14:02:29.871 4321 4546 I GAME : Day of month value is out of range 1..31
03-10 14:02:29.904 4321 4321 W Thread-33497: type=1400 audit(0.0:44617): avc:
denied { accept } for scontext=u:r:untrusted_app:s0:c512,c768
tcontext=u:r:surfaceflinger:s0 tclass=unix_stream_socket permissive=0
03-10 14:02:29.910 4321 4546 I GAME : Year is out of valid range: 1400..10000
03-10 14:02:29.910 4321 4546 I GAME : Month number is out of range 1..12
03-10 14:02:29.910 4321 4546 I GAME : Day of month value is out of range 1..31
03-10 14:02:29.940 4321 4321 W Thread-33505: type=1400 audit(0.0:44618): avc:
denied { accept } for scontext=u:r:untrusted_app:s0:c512,c768
tcontext=u:r:surfaceflinger:s0 tclass=unix_stream_socket permissive=0
03-10 14:02:29.944 4321 4321 W Thread-33505: type=1400 audit(0.0:44619): avc:
denied { accept } for scontext=u:r:untrusted_app:s0:c512,c768
tcontext=u:r:surfaceflinger:s0 tclass=unix_stream_socket permissive=0
03-10 14:02:29.949 4321 4546 I GAME : Year is out of valid range: 1400..10000
03-10 14:02:29.949 4321 4546 I GAME : Month number is out of range 1..12
03-10 14:02:29.950 4321 4546 I GAME : Day of month value is out of range 1..31
03-10 14:02:29.980 4321 4321 W Thread-33513: type=1400 audit(0.0:44620): avc:
denied { accept } for scontext=u:r:untrusted_app:s0:c512,c768
tcontext=u:r:surfaceflinger:s0 tclass=unix_stream_socket permissive=0
03-10 14:02:29.989 4321 4546 I GAME : Year is out of valid range: 1400..10000
03-10 14:02:29.989 4321 4546 I GAME : Month number is out of range 1..12
03-10 14:02:29.989 4321 4546 I GAME : Day of month value is out of range 1..31
03-10 14:02:30.020 4321 4321 W Thread-33521: type=1400 audit(0.0:44621): avc:
denied { accept } for scontext=u:r:untrusted_app:s0:c512,c768
tcontext=u:r:surfaceflinger:s0 tclass=unix_stream_socket permissive=0
03-10 14:02:30.030 4321 4546 I GAME : Year is out of valid range: 1400..10000
03-10 14:02:30.030 4321 4546 I GAME : Month number is out of range 1..12
03-10 14:02:30.030 4321 4546 I GAME : Day of month value is out of range 1..31
03-10 14:02:30.060 4321 4321 W Thread-33529: type=1400 audit(0.0:44622): avc:
denied { accept } for scontext=u:r:untrusted_app:s0:c512,c768
tcontext=u:r:surfaceflinger:s0 tclass=unix_stream_socket permissive=0
03-10 14:02:30.069 4321 4546 I GAME : Year is out of valid range: 1400..10000
03-10 14:02:30.069 4321 4546 I GAME : Month number is out of range 1..12
03-10 14:02:30.069 4321 4546 I GAME : Day of month value is out of range 1..31
03-10 14:02:30.100 4321 4321 W Thread-33537: type=1400 audit(0.0:44623): avc:
denied { accept } for scontext=u:r:untrusted_app:s0:c512,c768
tcontext=u:r:surfaceflinger:s0 tclass=unix_stream_socket permissive=0
03-10 14:02:30.109 4321 4546 I GAME : Year is out of valid range: 1400..10000
03-10 14:02:30.109 4321 4546 I GAME : Month number is out of range 1..12
03-10 14:02:30.109 4321 4546 I GAME : Day of month value is out of range 1..31
03-10 14:02:30.140 4321 4321 W Thread-33545: type=1400 audit(0.0:44624): avc:
denied { accept } for scontext=u:r:untrusted_app:s0:c512,c768
tcontext=u:r:surfaceflinger:s0 tclass=unix_stream_socket permissive=0
03-10 14:02:30.149 4321 4546 I GAME : Year is out of valid range: 1400..10000
03-10 14:02:30.149 4321 4546 I GAME : Month number is out of range 1..12
03-10 14:02:30.149 4321 4546 I GAME : Day of month value is out of range 1..31
03-10 14:02:30.184 4321 4321 W Thread-33553: type=1400 audit(0.0:44626): avc:
denied { accept } for scontext=u:r:untrusted_app:s0:c512,c768
tcontext=u:r:surfaceflinger:s0 tclass=unix_stream_socket permissive=0
03-10 14:02:30.189 4321 4546 I GAME : Year is out of valid range: 1400..10000
03-10 14:02:30.189 4321 4546 I GAME : Month number is out of range 1..12
03-10 14:02:30.189 4321 4546 I GAME : Day of month value is out of range 1..31
03-10 14:02:30.220 4321 4321 W Thread-33561: type=1400 audit(0.0:44627): avc:
denied { accept } for scontext=u:r:untrusted_app:s0:c512,c768
tcontext=u:r:surfaceflinger:s0 tclass=unix_stream_socket permissive=0
03-10 14:02:30.229 4321 4546 I GAME : Year is out of valid range: 1400..10000
03-10 14:02:30.229 4321 4546 I GAME : Month number is out of range 1..12
03-10 14:02:30.229 4321 4546 I GAME : Day of month value is out of range 1..31
03-10 14:02:30.264 4321 4321 W Thread-33569: type=1400 audit(0.0:44628): avc:
denied { accept } for scontext=u:r:untrusted_app:s0:c512,c768
tcontext=u:r:surfaceflinger:s0 tclass=unix_stream_socket permissive=0
03-10 14:02:30.271 4321 4546 I GAME : Year is out of valid range: 1400..10000
03-10 14:02:30.271 4321 4546 I GAME : Month number is out of range 1..12
03-10 14:02:30.271 4321 4546 I GAME : Day of month value is out of range 1..31
03-10 14:02:30.300 4321 4321 W Thread-33577: type=1400 audit(0.0:44629): avc:
denied { accept } for scontext=u:r:untrusted_app:s0:c512,c768
tcontext=u:r:surfaceflinger:s0 tclass=unix_stream_socket permissive=0
03-10 14:02:30.309 4321 4546 I GAME : Year is out of valid range: 1400..10000
03-10 14:02:30.309 4321 4546 I GAME : Month number is out of range 1..12
03-10 14:02:30.309 4321 4546 I GAME : Day of month value is out of range 1..31
03-10 14:02:30.344 4321 4321 W Thread-33585: type=1400 audit(0.0:44630): avc:
denied { accept } for scontext=u:r:untrusted_app:s0:c512,c768
tcontext=u:r:surfaceflinger:s0 tclass=unix_stream_socket permissive=0
03-10 14:02:30.352 4321 4546 I GAME : Year is out of valid range: 1400..10000
03-10 14:02:30.352 4321 4546 I GAME : Month number is out of range 1..12
03-10 14:02:30.352 4321 4546 I GAME : Day of month value is out of range 1..31
03-10 14:02:30.391 4321 4546 I GAME : Year is out of valid range: 1400..10000
03-10 14:02:30.391 4321 4546 I GAME : Month number is out of range 1..12
03-10 14:02:30.391 4321 4546 I GAME : Day of month value is out of range 1..31
03-10 14:02:30.431 4321 4546 I GAME : Year is out of valid range: 1400..10000
03-10 14:02:30.431 4321 4546 I GAME : Month number is out of range 1..12
03-10 14:02:30.431 4321 4546 I GAME : Day of month value is out of range 1..31
03-10 14:02:30.469 4321 4546 I GAME : Year is out of valid range: 1400..10000
03-10 14:02:30.469 4321 4546 I GAME : Month number is out of range 1..12
03-10 14:02:30.469 4321 4546 I GAME : Day of month value is out of range 1..31
03-10 14:02:30.512 4321 4546 I GAME : Year is out of valid range: 1400..10000
03-10 14:02:30.512 4321 4546 I GAME : Month number is out of range 1..12
03-10 14:02:30.512 4321 4546 I GAME : Day of month value is out of range 1..31
03-10 14:02:30.553 4321 4546 I GAME : Year is out of valid range: 1400..10000
03-10 14:02:30.553 4321 4546 I GAME : Month number is out of range 1..12
03-10 14:02:30.553 4321 4546 I GAME : Day of month value is out of range 1..31
03-10 14:02:30.592 4321 4546 I GAME : Year is out of valid range: 1400..10000
03-10 14:02:30.592 4321 4546 I GAME : Month number is out of range 1..12
03-10 14:02:30.592 4321 4546 I GAME : Day of month value is out of range 1..31
03-10 14:02:30.630 4321 4546 I GAME : Year is out of valid range: 1400..10000
03-10 14:02:30.630 4321 4546 I GAME : Month number is out of range 1..12
03-10 14:02:30.630 4321 4546 I GAME : Day of month value is out of range 1..31
03-10 14:02:30.673 4321 4546 I GAME : Year is out of valid range: 1400..10000
03-10 14:02:30.673 4321 4546 I GAME : Month number is out of range 1..12
03-10 14:02:30.673 4321 4546 I GAME : Day of month value is out of range 1..31
03-10 14:02:30.704 4321 4321 W Thread-33657: type=1400 audit(0.0:44643): avc:
denied { accept } for scontext=u:r:untrusted_app:s0:c512,c768
tcontext=u:r:surfaceflinger:s0 tclass=unix_stream_socket permissive=0
03-10 14:02:30.713 4321 4546 I GAME : Year is out of valid range: 1400..10000
03-10 14:02:30.713 4321 4546 I GAME : Month number is out of range 1..12
03-10 14:02:30.713 4321 4546 I GAME : Day of month value is out of range 1..31
03-10 14:02:30.744 4321 4321 W Thread-33665: type=1400 audit(0.0:44645): avc:
denied { accept } for scontext=u:r:untrusted_app:s0:c512,c768
tcontext=u:r:surfaceflinger:s0 tclass=unix_stream_socket permissive=0
03-10 14:02:30.752 4321 4546 I GAME : Year is out of valid range: 1400..10000
03-10 14:02:30.752 4321 4546 I GAME : Month number is out of range 1..12
03-10 14:02:30.752 4321 4546 I GAME : Day of month value is out of range 1..31
03-10 14:02:30.787 4321 4321 W Thread-33673: type=1400 audit(0.0:44646): avc:
denied { accept } for scontext=u:r:untrusted_app:s0:c512,c768
tcontext=u:r:surfaceflinger:s0 tclass=unix_stream_socket permissive=0
03-10 14:02:30.793 4321 4546 I GAME : Year is out of valid range: 1400..10000
03-10 14:02:30.793 4321 4546 I GAME : Month number is out of range 1..12
03-10 14:02:30.793 4321 4546 I GAME : Day of month value is out of range 1..31
03-10 14:02:30.824 4321 4321 W Thread-33681: type=1400 audit(0.0:44647): avc:
denied { accept } for scontext=u:r:untrusted_app:s0:c512,c768
tcontext=u:r:surfaceflinger:s0 tclass=unix_stream_socket permissive=0
03-10 14:02:30.832 4321 4546 I GAME : Year is out of valid range: 1400..10000
03-10 14:02:30.832 4321 4546 I GAME : Month number is out of range 1..12
03-10 14:02:30.832 4321 4546 I GAME : Day of month value is out of range 1..31
03-10 14:02:30.864 4321 4321 W Thread-33689: type=1400 audit(0.0:44648): avc:
denied { accept } for scontext=u:r:untrusted_app:s0:c512,c768
tcontext=u:r:surfaceflinger:s0 tclass=unix_stream_socket permissive=0
03-10 14:02:30.872 4321 4546 I GAME : Year is out of valid range: 1400..10000
03-10 14:02:30.872 4321 4546 I GAME : Month number is out of range 1..12
03-10 14:02:30.872 4321 4546 I GAME : Day of month value is out of range 1..31
03-10 14:02:30.907 4321 4321 W Thread-33697: type=1400 audit(0.0:44649): avc:
denied { accept } for scontext=u:r:untrusted_app:s0:c512,c768
tcontext=u:r:surfaceflinger:s0 tclass=unix_stream_socket permissive=0
03-10 14:02:30.913 4321 4546 I GAME : Year is out of valid range: 1400..10000
03-10 14:02:30.914 4321 4546 I GAME : Month number is out of range 1..12
03-10 14:02:30.914 4321 4546 I GAME : Day of month value is out of range 1..31
03-10 14:02:30.944 4321 4321 W Thread-33705: type=1400 audit(0.0:44651): avc:
denied { accept } for scontext=u:r:untrusted_app:s0:c512,c768
tcontext=u:r:surfaceflinger:s0 tclass=unix_stream_socket permissive=0
03-10 14:02:30.953 4321 4546 I GAME : Year is out of valid range: 1400..10000
03-10 14:02:30.953 4321 4546 I GAME : Month number is out of range 1..12
03-10 14:02:30.953 4321 4546 I GAME : Day of month value is out of range 1..31
03-10 14:02:30.984 4321 4321 W Thread-33713: type=1400 audit(0.0:44652): avc:
denied { accept } for scontext=u:r:untrusted_app:s0:c512,c768
tcontext=u:r:surfaceflinger:s0 tclass=unix_stream_socket permissive=0
03-10 14:02:30.990 4321 4546 I GAME : [OnlineTask] 'fed:GetServerTime', state:
`started`, resultCode: -21
03-10 14:02:30.990 4321 4546 I GAME : [OnlineTask] 'fed:GetServerTime' error[-
21]: ''
03-10 14:02:30.993 4321 4546 I GAME : Year is out of valid range: 1400..10000
03-10 14:02:30.993 4321 4546 I GAME : Month number is out of range 1..12
03-10 14:02:30.993 4321 4546 I GAME : Day of month value is out of range 1..31
03-10 14:02:31.024 4321 4321 W Thread-33721: type=1400 audit(0.0:44653): avc:
denied { accept } for scontext=u:r:untrusted_app:s0:c512,c768
tcontext=u:r:surfaceflinger:s0 tclass=unix_stream_socket permissive=0
03-10 14:02:31.033 4321 4546 I GAME : Year is out of valid range: 1400..10000
03-10 14:02:31.033 4321 4546 I GAME : Month number is out of range 1..12
03-10 14:02:31.033 4321 4546 I GAME : Day of month value is out of range 1..31
03-10 14:02:31.064 4321 4321 W Thread-33729: type=1400 audit(0.0:44654): avc:
denied { accept } for scontext=u:r:untrusted_app:s0:c512,c768
tcontext=u:r:surfaceflinger:s0 tclass=unix_stream_socket permissive=0
03-10 14:02:31.072 4321 4546 I GAME : Year is out of valid range: 1400..10000
03-10 14:02:31.072 4321 4546 I GAME : Month number is out of range 1..12
03-10 14:02:31.072 4321 4546 I GAME : Day of month value is out of range 1..31
03-10 14:02:31.104 4321 4321 W Thread-33737: type=1400 audit(0.0:44655): avc:
denied { accept } for scontext=u:r:untrusted_app:s0:c512,c768
tcontext=u:r:surfaceflinger:s0 tclass=unix_stream_socket permissive=0
03-10 14:02:31.107 4321 4321 W Thread-33737: type=1400 audit(0.0:44656): avc:
denied { accept } for scontext=u:r:untrusted_app:s0:c512,c768
tcontext=u:r:surfaceflinger:s0 tclass=unix_stream_socket permissive=0
03-10 14:02:31.113 4321 4546 I GAME : Year is out of valid range: 1400..10000
03-10 14:02:31.113 4321 4546 I GAME : Month number is out of range 1..12
03-10 14:02:31.114 4321 4546 I GAME : Day of month value is out of range 1..31
03-10 14:02:31.144 4321 4321 W Thread-33745: type=1400 audit(0.0:44657): avc:
denied { accept } for scontext=u:r:untrusted_app:s0:c512,c768
tcontext=u:r:surfaceflinger:s0 tclass=unix_stream_socket permissive=0
03-10 14:02:31.152 4321 4546 I GAME : Year is out of valid range: 1400..10000
03-10 14:02:31.152 4321 4546 I GAME : Month number is out of range 1..12
03-10 14:02:31.152 4321 4546 I GAME : Day of month value is out of range 1..31
03-10 14:02:31.184 4321 4321 W Thread-33753: type=1400 audit(0.0:44658): avc:
denied { accept } for scontext=u:r:untrusted_app:s0:c512,c768
tcontext=u:r:surfaceflinger:s0 tclass=unix_stream_socket permissive=0
03-10 14:02:31.194 4321 4546 I GAME : Year is out of valid range: 1400..10000
03-10 14:02:31.194 4321 4546 I GAME : Month number is out of range 1..12
03-10 14:02:31.194 4321 4546 I GAME : Day of month value is out of range 1..31
03-10 14:02:31.224 4321 4321 W Thread-33761: type=1400 audit(0.0:44659): avc:
denied { accept } for scontext=u:r:untrusted_app:s0:c512,c768
tcontext=u:r:surfaceflinger:s0 tclass=unix_stream_socket permissive=0
03-10 14:02:31.234 4321 4546 I GAME : Year is out of valid range: 1400..10000
03-10 14:02:31.234 4321 4546 I GAME : Month number is out of range 1..12
03-10 14:02:31.234 4321 4546 I GAME : Day of month value is out of range 1..31
03-10 14:02:31.264 4321 4321 W Thread-33769: type=1400 audit(0.0:44660): avc:
denied { accept } for scontext=u:r:untrusted_app:s0:c512,c768
tcontext=u:r:surfaceflinger:s0 tclass=unix_stream_socket permissive=0
03-10 14:02:31.272 4321 4546 I GAME : Year is out of valid range: 1400..10000
03-10 14:02:31.272 4321 4546 I GAME : Month number is out of range 1..12
03-10 14:02:31.272 4321 4546 I GAME : Day of month value is out of range 1..31
03-10 14:02:31.307 4321 4321 W Thread-33777: type=1400 audit(0.0:44661): avc:
denied { accept } for scontext=u:r:untrusted_app:s0:c512,c768
tcontext=u:r:surfaceflinger:s0 tclass=unix_stream_socket permissive=0
03-10 14:02:31.313 4321 4546 I GAME : Year is out of valid range: 1400..10000
03-10 14:02:31.313 4321 4546 I GAME : Month number is out of range 1..12
03-10 14:02:31.313 4321 4546 I GAME : Day of month value is out of range 1..31
03-10 14:02:31.353 4321 4546 I GAME : Year is out of valid range: 1400..10000
03-10 14:02:31.353 4321 4546 I GAME : Month number is out of range 1..12
03-10 14:02:31.353 4321 4546 I GAME : Day of month value is out of range 1..31
03-10 14:02:31.393 4321 4546 I GAME : Year is out of valid range: 1400..10000
03-10 14:02:31.393 4321 4546 I GAME : Month number is out of range 1..12
03-10 14:02:31.393 4321 4546 I GAME : Day of month value is out of range 1..31
03-10 14:02:31.434 4321 4546 I GAME : Year is out of valid range: 1400..10000
03-10 14:02:31.435 4321 4546 I GAME : Month number is out of range 1..12
03-10 14:02:31.435 4321 4546 I GAME : Day of month value is out of range 1..31
03-10 14:02:31.474 4321 4546 I GAME : Year is out of valid range: 1400..10000
03-10 14:02:31.474 4321 4546 I GAME : Month number is out of range 1..12
03-10 14:02:31.474 4321 4546 I GAME : Day of month value is out of range 1..31
03-10 14:02:31.514 4321 4546 I GAME : Year is out of valid range: 1400..10000
