03-10 13:59:12.758 4321 4546 I GAME : Month number is out of range 1..12
03-10 13:59:12.758 4321 4546 I GAME : Day of month value is out of range 1..31
03-10 13:59:12.761 4321 4619 I GAME : [LODsGenerator] finished in: 47, ms
03-10 13:59:12.764 4321 4619 I GAME : [LODsGenerator] LOD: 2
03-10 13:59:12.765 4321 4619 I GAME : [LODsGenerator] LOD: 3
03-10 13:59:12.795 4321 4619 I GAME : processing model:
'car_ford_mustang_shelby_gt500_opt.pig'
03-10 13:59:12.795 4321 4619 I GAME : Decompressing
'car_ford_mustang_shelby_gt500_opt.pig' file from '@data01.zip' fs: 135K -> 260K.
03-10 13:59:12.796 4321 4546 I GAME : Year is out of valid range: 1400..10000
03-10 13:59:12.796 4321 4546 I GAME : Month number is out of range 1..12
03-10 13:59:12.796 4321 4546 I GAME : Day of month value is out of range 1..31
03-10 13:59:12.805 4321 4619 I GAME : [LODsGenerator] LOD: 2
03-10 13:59:12.806 4321 4619 I GAME : [LODsGenerator] material 'carpaint',
reduce factor: 1.00
03-10 13:59:12.824 4321 4546 I GAME : File
'/storage/emulated/0/Android/data/com.gameloft.android.GloftANPH/files/Logcat.txt'
is not lowercase. It will not load in POSIX devices
03-10 13:59:12.824 4321 4546 I GAME : File
'/storage/emulated/0/Android/data/com.gameloft.android.GloftANPH/files/PN.db' is
not lowercase. It will not load in POSIX devices
03-10 13:59:12.824 4321 4546 I GAME : File
'/storage/emulated/0/Android/data/com.gameloft.android.GloftANPH/files/OLU_NOTIFICA
TION_STATUS.txt' is not lowercase. It will not load in POSIX devices
03-10 13:59:12.824 4321 4546 I GAME : File
'/storage/emulated/0/Android/data/com.gameloft.android.GloftANPH/files/Logcat.txt'
is not lowercase. It will not load in POSIX devices
03-10 13:59:12.824 4321 4546 I GAME : File
'/storage/emulated/0/Android/data/com.gameloft.android.GloftANPH/files/PN.db' is
not lowercase. It will not load in POSIX devices
03-10 13:59:12.824 4321 4546 I GAME : File
'/storage/emulated/0/Android/data/com.gameloft.android.GloftANPH/files/OLU_NOTIFICA
TION_STATUS.txt' is not lowercase. It will not load in POSIX devices
03-10 13:59:12.826 4321 4546 I GAME : File
'/storage/emulated/0/Android/data/com.gameloft.android.GloftANPH/files/Logcat.txt'
is not lowercase. It will not load in POSIX devices
03-10 13:59:12.826 4321 4546 I GAME : File
'/storage/emulated/0/Android/data/com.gameloft.android.GloftANPH/files/PN.db' is
not lowercase. It will not load in POSIX devices
03-10 13:59:12.826 4321 4546 I GAME : File
'/storage/emulated/0/Android/data/com.gameloft.android.GloftANPH/files/OLU_NOTIFICA
TION_STATUS.txt' is not lowercase. It will not load in POSIX devices
03-10 13:59:12.826 4321 4546 I GAME : File
'/storage/emulated/0/Android/data/com.gameloft.android.GloftANPH/files/Logcat.txt'
is not lowercase. It will not load in POSIX devices
03-10 13:59:12.826 4321 4546 I GAME : File
'/storage/emulated/0/Android/data/com.gameloft.android.GloftANPH/files/PN.db' is
not lowercase. It will not load in POSIX devices
03-10 13:59:12.826 4321 4546 I GAME : File
'/storage/emulated/0/Android/data/com.gameloft.android.GloftANPH/files/OLU_NOTIFICA
TION_STATUS.txt' is not lowercase. It will not load in POSIX devices
03-10 13:59:12.826 4321 4546 I GAME : Decompressing
'car_koenigsegg_one_opt.pig' file from '@data01.zip' fs: 201K -> 356K.
03-10 13:59:12.838 4321 4546 I GAME : Decompressing
'car_koenigsegg_one_opt.pig' file from '@data01.zip' fs: 201K -> 356K.
03-10 13:59:12.852 4321 4619 I GAME : [LODsGenerator] statistics on borders:
0.673566
03-10 13:59:12.853 4321 4546 I GAME : File
'/storage/emulated/0/Android/data/com.gameloft.android.GloftANPH/files/Logcat.txt'
is not lowercase. It will not load in POSIX devices
03-10 13:59:12.853 4321 4546 I GAME : File
'/storage/emulated/0/Android/data/com.gameloft.android.GloftANPH/files/PN.db' is
not lowercase. It will not load in POSIX devices
03-10 13:59:12.853 4321 4546 I GAME : File
'/storage/emulated/0/Android/data/com.gameloft.android.GloftANPH/files/OLU_NOTIFICA
TION_STATUS.txt' is not lowercase. It will not load in POSIX devices
03-10 13:59:12.853 4321 4546 I GAME : File
'/storage/emulated/0/Android/data/com.gameloft.android.GloftANPH/files/Logcat.txt'
is not lowercase. It will not load in POSIX devices
03-10 13:59:12.853 4321 4546 I GAME : File
'/storage/emulated/0/Android/data/com.gameloft.android.GloftANPH/files/PN.db' is
not lowercase. It will not load in POSIX devices
03-10 13:59:12.853 4321 4546 I GAME : File
'/storage/emulated/0/Android/data/com.gameloft.android.GloftANPH/files/OLU_NOTIFICA
TION_STATUS.txt' is not lowercase. It will not load in POSIX devices
03-10 13:59:12.860 4321 4619 I GAME : [LODsGenerator] calculator in:
vertices: 2947, triangles, 3696
03-10 13:59:12.873 4321 4546 I GAME : Year is out of valid range: 1400..10000
03-10 13:59:12.873 4321 4546 I GAME : Month number is out of range 1..12
03-10 13:59:12.873 4321 4546 I GAME : Day of month value is out of range 1..31
03-10 13:59:12.905 4321 4546 I GAME : Year is out of valid range: 1400..10000
03-10 13:59:12.905 4321 4546 I GAME : Month number is out of range 1..12
03-10 13:59:12.905 4321 4546 I GAME : Day of month value is out of range 1..31
03-10 13:59:12.932 4321 4546 I GAME : [OnlineTask] 'fed:GetServerTime', state:
`started`, resultCode: -21
03-10 13:59:12.932 4321 4546 I GAME : [OnlineTask] 'fed:GetServerTime' error[-
21]: ''
03-10 13:59:12.932 4321 4546 I GAME : [OnlineTask] 'fed:GetServerTime', state:
`failed`, resultCode: -21
03-10 13:59:12.935 4321 4546 I GAME : Year is out of valid range: 1400..10000
03-10 13:59:12.935 4321 4546 I GAME : Month number is out of range 1..12
03-10 13:59:12.935 4321 4546 I GAME : Day of month value is out of range 1..31
03-10 13:59:12.969 4321 4546 I GAME : [OnlineTask] 'fed:GetServerTime', state:
`started`, resultCode: 0
03-10 13:59:12.969 4321 4546 I GAME : [OnlineTask] 'fed:GetServerTime' error[-
21]: ''
03-10 13:59:12.972 4321 4546 I GAME : Year is out of valid range: 1400..10000
03-10 13:59:12.972 4321 4546 I GAME : Month number is out of range 1..12
03-10 13:59:12.972 4321 4546 I GAME : Day of month value is out of range 1..31
03-10 13:59:13.003 4321 4546 I GAME : Year is out of valid range: 1400..10000
03-10 13:59:13.003 4321 4546 I GAME : Month number is out of range 1..12
03-10 13:59:13.003 4321 4546 I GAME : Day of month value is out of range 1..31
03-10 13:59:13.036 4321 4546 I GAME : Year is out of valid range: 1400..10000
03-10 13:59:13.036 4321 4546 I GAME : Month number is out of range 1..12
03-10 13:59:13.036 4321 4546 I GAME : Day of month value is out of range 1..31
03-10 13:59:13.070 4321 4546 I GAME : Year is out of valid range: 1400..10000
03-10 13:59:13.070 4321 4546 I GAME : Month number is out of range 1..12
03-10 13:59:13.070 4321 4546 I GAME : Day of month value is out of range 1..31
03-10 13:59:13.103 4321 4546 I GAME : Year is out of valid range: 1400..10000
03-10 13:59:13.103 4321 4546 I GAME : Month number is out of range 1..12
03-10 13:59:13.103 4321 4546 I GAME : Day of month value is out of range 1..31
03-10 13:59:13.136 4321 4546 I GAME : Year is out of valid range: 1400..10000
03-10 13:59:13.136 4321 4546 I GAME : Month number is out of range 1..12
03-10 13:59:13.136 4321 4546 I GAME : Day of month value is out of range 1..31
03-10 13:59:13.169 4321 4546 I GAME : Year is out of valid range: 1400..10000
03-10 13:59:13.169 4321 4546 I GAME : Month number is out of range 1..12
03-10 13:59:13.169 4321 4546 I GAME : Day of month value is out of range 1..31
03-10 13:59:13.194 4321 4321 W Thread-2740: type=1400 audit(0.0:39596): avc:
denied { accept } for scontext=u:r:untrusted_app:s0:c512,c768
tcontext=u:r:surfaceflinger:s0 tclass=unix_stream_socket permissive=0
03-10 13:59:13.203 4321 4546 I GAME : Year is out of valid range: 1400..10000
03-10 13:59:13.203 4321 4546 I GAME : Month number is out of range 1..12
03-10 13:59:13.203 4321 4546 I GAME : Day of month value is out of range 1..31
03-10 13:59:13.228 4321 4619 I GAME : [LODsGenerator] calculator out:
vertices: 1986, triangles: 1774
03-10 13:59:13.235 4321 4546 I GAME : Year is out of valid range: 1400..10000
03-10 13:59:13.235 4321 4546 I GAME : Month number is out of range 1..12
03-10 13:59:13.235 4321 4546 I GAME : Day of month value is out of range 1..31
03-10 13:59:13.243 4321 4619 I GAME : [LODsGenerator] finished in: 437, ms
03-10 13:59:13.243 4321 4619 I GAME : [LODsGenerator] material
'plastic_black', reduce factor: 1.00
03-10 13:59:13.260 4321 4321 W Thread-2756: type=1400 audit(0.0:39598): avc:
denied { accept } for scontext=u:r:untrusted_app:s0:c512,c768
tcontext=u:r:surfaceflinger:s0 tclass=unix_stream_socket permissive=0
03-10 13:59:13.268 4321 4619 I GAME : [LODsGenerator] statistics on borders:
0.819351
03-10 13:59:13.269 4321 4546 I GAME : Year is out of valid range: 1400..10000
03-10 13:59:13.269 4321 4546 I GAME : Month number is out of range 1..12
03-10 13:59:13.269 4321 4546 I GAME : Day of month value is out of range 1..31
03-10 13:59:13.273 4321 4619 I GAME : [LODsGenerator] calculator in:
vertices: 1943, triangles, 2029
03-10 13:59:13.297 4321 4321 W Thread-2764: type=1400 audit(0.0:39599): avc:
denied { accept } for scontext=u:r:untrusted_app:s0:c512,c768
tcontext=u:r:surfaceflinger:s0 tclass=unix_stream_socket permissive=0
03-10 13:59:13.304 4321 4546 I GAME : [OnlineTask]
'WebTaskhttp://201205igp.gameloft.com/redir/hdloading.php?
game=OV30&g_ver=1.0.3&lg=en&country=ph&device=HUAWEI_ATU-
L22&f=8.0.0&udid=QFJ9X18331G19992&androidid=0a097a0ba380868f&hdidfv=4a008998-5bbb-
48d7-b94c-fa3450527543&google_optout=1&line_number=0&check=2&decrypted=2', state:
`started`, resultCode: -220
03-10 13:59:13.308 4321 4546 I GAME : Year is out of valid range: 1400..10000
03-10 13:59:13.308 4321 4546 I GAME : Month number is out of range 1..12
03-10 13:59:13.308 4321 4546 I GAME : Day of month value is out of range 1..31
03-10 13:59:13.327 4321 4321 W Thread-2772: type=1400 audit(0.0:39600): avc:
denied { accept } for scontext=u:r:untrusted_app:s0:c512,c768
tcontext=u:r:surfaceflinger:s0 tclass=unix_stream_socket permissive=0
03-10 13:59:13.335 4321 4546 I GAME : [OnlineTask]
'WebTaskhttp://201205igp.gameloft.com/redir/hdloading.php?
game=OV30&g_ver=1.0.3&lg=en&country=ph&device=HUAWEI_ATU-
L22&f=8.0.0&udid=QFJ9X18331G19992&androidid=0a097a0ba380868f&hdidfv=4a008998-5bbb-
48d7-b94c-fa3450527543&google_optout=1&line_number=0&check=2&decrypted=2' error[-
220]: ''
03-10 13:59:13.335 4321 4546 I GAME : [WebTask::OnComplete]
03-10 13:59:13.335 4321 4546 I GAME : [OnlineTask]
'WebTaskhttp://201205igp.gameloft.com/redir/hdloading.php?
game=OV30&g_ver=1.0.3&lg=en&country=ph&device=HUAWEI_ATU-
L22&f=8.0.0&udid=QFJ9X18331G19992&androidid=0a097a0ba380868f&hdidfv=4a008998-5bbb-
48d7-b94c-fa3450527543&google_optout=1&line_number=0&check=2&decrypted=2', state:
`failed`, resultCode: -220
03-10 13:59:13.338 4321 4546 I GAME : Year is out of valid range: 1400..10000
03-10 13:59:13.338 4321 4546 I GAME : Month number is out of range 1..12
03-10 13:59:13.338 4321 4546 I GAME : Day of month value is out of range 1..31
03-10 13:59:13.364 4321 4619 I GAME : [LODsGenerator] calculator out:
vertices: 1593, triangles: 1329
03-10 13:59:13.372 4321 4546 I GAME : Year is out of valid range: 1400..10000
03-10 13:59:13.372 4321 4546 I GAME : Month number is out of range 1..12
03-10 13:59:13.372 4321 4546 I GAME : Day of month value is out of range 1..31
03-10 13:59:13.375 4321 4619 I GAME : [LODsGenerator] finished in: 132, ms
03-10 13:59:13.375 4321 4619 I GAME : [LODsGenerator] LOD: 3
03-10 13:59:13.375 4321 4619 I GAME : [LODsGenerator] material 'carpaint',
reduce factor: 1.00
03-10 13:59:13.398 4321 4619 I GAME : [LODsGenerator] statistics on borders:
0.999496
03-10 13:59:13.403 4321 4619 I GAME : [LODsGenerator] calculator in:
vertices: 1986, triangles, 1774
03-10 13:59:13.403 4321 4619 I GAME : [LODsGenerator] calculator out:
vertices: 1986, triangles: 1774
03-10 13:59:13.403 4321 4546 I GAME : [OnlineTask] 'fed:UpdateDeviceInfo',
state: `started`, resultCode: -21
03-10 13:59:13.404 4321 4546 D DataSharing: Reading GloftANPH_GAIA_GDID from
local map = s2cqodv9amr/fZw0
03-10 13:59:13.404 4321 4546 D DataSharing: Reading GloftANPH_GAIA_GDID from
local map = s2cqodv9amr/fZw0
03-10 13:59:13.404 4321 4546 I GAME : [OnlineTask] 'fed:UpdateDeviceInfo'
error[-21]: ''
03-10 13:59:13.408 4321 4546 I GAME : Year is out of valid range: 1400..10000
03-10 13:59:13.408 4321 4546 I GAME : Month number is out of range 1..12
03-10 13:59:13.408 4321 4546 I GAME : Day of month value is out of range 1..31
03-10 13:59:13.416 4321 4619 I GAME : [LODsGenerator] finished in: 41, ms
03-10 13:59:13.416 4321 4619 I GAME : [LODsGenerator] material
'plastic_black', reduce factor: 1.00
03-10 13:59:13.433 4321 4619 I GAME : [LODsGenerator] statistics on borders:
0.999372
03-10 13:59:13.437 4321 4619 I GAME : [LODsGenerator] calculator in:
vertices: 1593, triangles, 1329
03-10 13:59:13.437 4321 4619 I GAME : [LODsGenerator] calculator out:
vertices: 1593, triangles: 1329
03-10 13:59:13.447 4321 4619 I GAME : [LODsGenerator] finished in: 31, ms
03-10 13:59:13.449 4321 4619 I GAME : [LODsGenerator] LOD: 2
03-10 13:59:13.449 4321 4619 I GAME : [LODsGenerator] material 'rims', reduce
factor: 1.00
03-10 13:59:13.467 4321 4619 I GAME : [LODsGenerator] statistics on borders:
0.993211
03-10 13:59:13.470 4321 4619 I GAME : [LODsGenerator] calculator in:
vertices: 1473, triangles, 1283
03-10 13:59:13.473 4321 4619 I GAME : [LODsGenerator] calculator out:
vertices: 1464, triangles: 1265
03-10 13:59:13.481 4321 4619 I GAME : [LODsGenerator] finished in: 32, ms
03-10 13:59:13.481 4321 4619 I GAME : [LODsGenerator] LOD: 3
03-10 13:59:13.481 4321 4619 I GAME : [LODsGenerator] material 'rims', reduce
factor: 1.00
03-10 13:59:13.497 4321 4619 I GAME : [LODsGenerator] statistics on borders:
0.999317
03-10 13:59:13.500 4321 4619 I GAME : [LODsGenerator] calculator in:
vertices: 1464, triangles, 1265
03-10 13:59:13.500 4321 4619 I GAME : [LODsGenerator] calculator out:
vertices: 1464, triangles: 1265
03-10 13:59:13.509 4321 4619 I GAME : [LODsGenerator] finished in: 28, ms
03-10 13:59:13.509 4321 4546 I GAME : Year is out of valid range: 1400..10000
03-10 13:59:13.509 4321 4546 I GAME : Month number is out of range 1..12
03-10 13:59:13.509 4321 4546 I GAME : Day of month value is out of range 1..31
03-10 13:59:13.510 4321 4546 I GAME : Year is out of valid range: 1400..10000
03-10 13:59:13.510 4321 4546 I GAME : Month number is out of range 1..12
03-10 13:59:13.510 4321 4546 I GAME : Day of month value is out of range 1..31
03-10 13:59:13.514 4321 4546 I GAME : Year is out of valid range: 1400..10000
03-10 13:59:13.514 4321 4546 I GAME : Month number is out of range 1..12
03-10 13:59:13.514 4321 4546 I GAME : Day of month value is out of range 1..31
03-10 13:59:13.524 4321 4546 I GAME : Year is out of valid range: 1400..10000
03-10 13:59:13.524 4321 4546 I GAME : Month number is out of range 1..12
03-10 13:59:13.524 4321 4546 I GAME : Day of month value is out of range 1..31
03-10 13:59:13.542 4321 4619 I GAME : processing model:
'car_ford_mustang_2015_opt.pig'
03-10 13:59:13.543 4321 4619 I GAME : Decompressing
'car_ford_mustang_2015_opt.pig' file from '@data01.zip' fs: 153K -> 290K.
03-10 13:59:13.552 4321 4546 I GAME : File
'/storage/emulated/0/Android/data/com.gameloft.android.GloftANPH/files/Logcat.txt'
is not lowercase. It will not load in POSIX devices
03-10 13:59:13.552 4321 4546 I GAME : File
'/storage/emulated/0/Android/data/com.gameloft.android.GloftANPH/files/PN.db' is
not lowercase. It will not load in POSIX devices
03-10 13:59:13.552 4321 4546 I GAME : File
'/storage/emulated/0/Android/data/com.gameloft.android.GloftANPH/files/OLU_NOTIFICA
TION_STATUS.txt' is not lowercase. It will not load in POSIX devices
03-10 13:59:13.552 4321 4546 I GAME : File
'/storage/emulated/0/Android/data/com.gameloft.android.GloftANPH/files/Logcat.txt'
is not lowercase. It will not load in POSIX devices
03-10 13:59:13.552 4321 4546 I GAME : File
'/storage/emulated/0/Android/data/com.gameloft.android.GloftANPH/files/PN.db' is
not lowercase. It will not load in POSIX devices
03-10 13:59:13.552 4321 4546 I GAME : File
'/storage/emulated/0/Android/data/com.gameloft.android.GloftANPH/files/OLU_NOTIFICA
TION_STATUS.txt' is not lowercase. It will not load in POSIX devices
03-10 13:59:13.554 4321 4619 I GAME : [LODsGenerator] LOD: 2
03-10 13:59:13.554 4321 4546 I GAME : File
'/storage/emulated/0/Android/data/com.gameloft.android.GloftANPH/files/Logcat.txt'
is not lowercase. It will not load in POSIX devices
03-10 13:59:13.554 4321 4546 I GAME : File
'/storage/emulated/0/Android/data/com.gameloft.android.GloftANPH/files/PN.db' is
not lowercase. It will not load in POSIX devices
03-10 13:59:13.554 4321 4546 I GAME : File
'/storage/emulated/0/Android/data/com.gameloft.android.GloftANPH/files/OLU_NOTIFICA
TION_STATUS.txt' is not lowercase. It will not load in POSIX devices
03-10 13:59:13.554 4321 4546 I GAME : File
'/storage/emulated/0/Android/data/com.gameloft.android.GloftANPH/files/Logcat.txt'
is not lowercase. It will not load in POSIX devices
03-10 13:59:13.554 4321 4546 I GAME : File
'/storage/emulated/0/Android/data/com.gameloft.android.GloftANPH/files/PN.db' is
not lowercase. It will not load in POSIX devices
03-10 13:59:13.554 4321 4546 I GAME : File
'/storage/emulated/0/Android/data/com.gameloft.android.GloftANPH/files/OLU_NOTIFICA
TION_STATUS.txt' is not lowercase. It will not load in POSIX devices
03-10 13:59:13.555 4321 4546 I GAME : Decompressing
'car_ford_mustang_shelby_gt500_opt.pig' file from '@data01.zip' fs: 135K -> 260K.
03-10 13:59:13.555 4321 4619 I GAME : [LODsGenerator] material
'plastik_black', reduce factor: 1.00
03-10 13:59:13.563 4321 4546 I GAME : Decompressing
'car_ford_mustang_shelby_gt500_opt.pig' file from '@data01.zip' fs: 135K -> 260K.
03-10 13:59:13.576 4321 4546 I GAME : File
'/storage/emulated/0/Android/data/com.gameloft.android.GloftANPH/files/Logcat.txt'
is not lowercase. It will not load in POSIX devices
03-10 13:59:13.576 4321 4546 I GAME : File
'/storage/emulated/0/Android/data/com.gameloft.android.GloftANPH/files/PN.db' is
not lowercase. It will not load in POSIX devices
03-10 13:59:13.576 4321 4546 I GAME : File
'/storage/emulated/0/Android/data/com.gameloft.android.GloftANPH/files/OLU_NOTIFICA
TION_STATUS.txt' is not lowercase. It will not load in POSIX devices
03-10 13:59:13.576 4321 4546 I GAME : File
'/storage/emulated/0/Android/data/com.gameloft.android.GloftANPH/files/Logcat.txt'
is not lowercase. It will not load in POSIX devices
03-10 13:59:13.576 4321 4546 I GAME : File
'/storage/emulated/0/Android/data/com.gameloft.android.GloftANPH/files/PN.db' is
not lowercase. It will not load in POSIX devices
03-10 13:59:13.576 4321 4546 I GAME : File
'/storage/emulated/0/Android/data/com.gameloft.android.GloftANPH/files/OLU_NOTIFICA
TION_STATUS.txt' is not lowercase. It will not load in POSIX devices
03-10 13:59:13.593 4321 4619 I GAME : [LODsGenerator] statistics on borders:
0.923541
03-10 13:59:13.600 4321 4619 I GAME : [LODsGenerator] calculator in:
vertices: 3152, triangles, 3079
03-10 13:59:13.602 4321 4546 I GAME : Year is out of valid range: 1400..10000
03-10 13:59:13.602 4321 4546 I GAME : Month number is out of range 1..12
03-10 13:59:13.602 4321 4546 I GAME : Day of month value is out of range 1..31
03-10 13:59:13.604 4321 4546 I GAME : Year is out of valid range: 1400..10000
03-10 13:59:13.604 4321 4546 I GAME : Month number is out of range 1..12
03-10 13:59:13.604 4321 4546 I GAME : Day of month value is out of range 1..31
03-10 13:59:13.606 4321 4546 I GAME : Year is out of valid range: 1400..10000
03-10 13:59:13.606 4321 4546 I GAME : Month number is out of range 1..12
03-10 13:59:13.606 4321 4546 I GAME : Day of month value is out of range 1..31
03-10 13:59:13.609 4321 4546 I GAME : Year is out of valid range: 1400..10000
03-10 13:59:13.609 4321 4546 I GAME : Month number is out of range 1..12
03-10 13:59:13.609 4321 4546 I GAME : Day of month value is out of range 1..31
03-10 13:59:13.616 4321 4546 I GAME : Year is out of valid range: 1400..10000
03-10 13:59:13.616 4321 4546 I GAME : Month number is out of range 1..12
03-10 13:59:13.616 4321 4546 I GAME : Day of month value is out of range 1..31
03-10 13:59:13.645 4321 4546 I GAME : Year is out of valid range: 1400..10000
03-10 13:59:13.645 4321 4546 I GAME : Month number is out of range 1..12
03-10 13:59:13.645 4321 4546 I GAME : Day of month value is out of range 1..31
03-10 13:59:13.647 4321 4546 I GAME : Year is out of valid range: 1400..10000
03-10 13:59:13.647 4321 4546 I GAME : Month number is out of range 1..12
03-10 13:59:13.647 4321 4546 I GAME : Day of month value is out of range 1..31
03-10 13:59:13.650 4321 4546 I GAME : Year is out of valid range: 1400..10000
03-10 13:59:13.650 4321 4546 I GAME : Month number is out of range 1..12
03-10 13:59:13.650 4321 4546 I GAME : Day of month value is out of range 1..31
03-10 13:59:13.656 4321 4546 I GAME : Year is out of valid range: 1400..10000
03-10 13:59:13.656 4321 4546 I GAME : Month number is out of range 1..12
03-10 13:59:13.656 4321 4546 I GAME : Day of month value is out of range 1..31
03-10 13:59:13.684 4321 4546 I GAME : Year is out of valid range: 1400..10000
03-10 13:59:13.684 4321 4546 I GAME : Month number is out of range 1..12
03-10 13:59:13.684 4321 4546 I GAME : Day of month value is out of range 1..31
03-10 13:59:13.689 4321 4619 I GAME : [LODsGenerator] calculator out:
vertices: 2912, triangles: 2599
03-10 13:59:13.690 4321 4546 I GAME : Year is out of valid range: 1400..10000
03-10 13:59:13.690 4321 4546 I GAME : Month number is out of range 1..12
03-10 13:59:13.690 4321 4546 I GAME : Day of month value is out of range 1..31
03-10 13:59:13.710 4321 4619 I GAME : [LODsGenerator] finished in: 155, ms
03-10 13:59:13.710 4321 4619 I GAME : [LODsGenerator] material 'carpaint',
reduce factor: 1.00
03-10 13:59:13.713 4321 4546 I GAME : Year is out of valid range: 1400..10000
03-10 13:59:13.713 4321 4546 I GAME : Month number is out of range 1..12
03-10 13:59:13.713 4321 4546 I GAME : Day of month value is out of range 1..31
03-10 13:59:13.718 4321 4546 I GAME : Year is out of valid range: 1400..10000
03-10 13:59:13.718 4321 4546 I GAME : Month number is out of range 1..12
03-10 13:59:13.718 4321 4546 I GAME : Day of month value is out of range 1..31
03-10 13:59:13.748 4321 4546 I GAME : Year is out of valid range: 1400..10000
03-10 13:59:13.748 4321 4546 I GAME : Month number is out of range 1..12
03-10 13:59:13.748 4321 4546 I GAME : Day of month value is out of range 1..31
03-10 13:59:13.754 4321 4546 I GAME : Year is out of valid range: 1400..10000
03-10 13:59:13.754 4321 4546 I GAME : Month number is out of range 1..12
03-10 13:59:13.755 4321 4546 I GAME : Day of month value is out of range 1..31
03-10 13:59:13.778 4321 4546 I GAME : Year is out of valid range: 1400..10000
03-10 13:59:13.778 4321 4546 I GAME : Month number is out of range 1..12
03-10 13:59:13.778 4321 4546 I GAME : Day of month value is out of range 1..31
03-10 13:59:13.785 4321 4546 I GAME : Year is out of valid range: 1400..10000
03-10 13:59:13.785 4321 4546 I GAME : Month number is out of range 1..12
03-10 13:59:13.785 4321 4546 I GAME : Day of month value is out of range 1..31
03-10 13:59:13.788 4321 4619 I GAME : [LODsGenerator] statistics on borders:
0.733201
03-10 13:59:13.801 4321 4619 I GAME : [LODsGenerator] calculator in:
vertices: 4539, triangles, 5613
03-10 13:59:13.810 4321 4546 I GAME : Year is out of valid range: 1400..10000
03-10 13:59:13.810 4321 4546 I GAME : Month number is out of range 1..12
03-10 13:59:13.810 4321 4546 I GAME : Day of month value is out of range 1..31
03-10 13:59:13.817 4321 4546 I GAME : Year is out of valid range: 1400..10000
03-10 13:59:13.817 4321 4546 I GAME : Month number is out of range 1..12
03-10 13:59:13.817 4321 4546 I GAME : Day of month value is out of range 1..31
03-10 13:59:13.865 4321 4546 I GAME : Year is out of valid range: 1400..10000
03-10 13:59:13.865 4321 4546 I GAME : Month number is out of range 1..12
03-10 13:59:13.865 4321 4546 I GAME : Day of month value is out of range 1..31
03-10 13:59:13.870 4321 4546 I GAME : Year is out of valid range: 1400..10000
03-10 13:59:13.870 4321 4546 I GAME : Month number is out of range 1..12
03-10 13:59:13.871 4321 4546 I GAME : Day of month value is out of range 1..31
03-10 13:59:13.900 4321 4546 I GAME : Year is out of valid range: 1400..10000
03-10 13:59:13.900 4321 4546 I GAME : Month number is out of range 1..12
03-10 13:59:13.900 4321 4546 I GAME : Day of month value is out of range 1..31
03-10 13:59:13.905 4321 4546 I GAME : Year is out of valid range: 1400..10000
03-10 13:59:13.905 4321 4546 I GAME : Month number is out of range 1..12
03-10 13:59:13.905 4321 4546 I GAME : Day of month value is out of range 1..31
03-10 13:59:13.934 4321 4546 I GAME : Year is out of valid range: 1400..10000
03-10 13:59:13.934 4321 4546 I GAME : Month number is out of range 1..12
03-10 13:59:13.934 4321 4546 I GAME : Day of month value is out of range 1..31
03-10 13:59:13.939 4321 4546 I GAME : Year is out of valid range: 1400..10000
03-10 13:59:13.939 4321 4546 I GAME : Month number is out of range 1..12
03-10 13:59:13.939 4321 4546 I GAME : Day of month value is out of range 1..31
03-10 13:59:13.968 4321 4546 I GAME : Year is out of valid range: 1400..10000
03-10 13:59:13.968 4321 4546 I GAME : Month number is out of range 1..12
03-10 13:59:13.968 4321 4546 I GAME : Day of month value is out of range 1..31
03-10 13:59:13.973 4321 4546 I GAME : Year is out of valid range: 1400..10000
03-10 13:59:13.973 4321 4546 I GAME : Month number is out of range 1..12
03-10 13:59:13.973 4321 4546 I GAME : Day of month value is out of range 1..31
03-10 13:59:14.002 4321 4546 I GAME : Year is out of valid range: 1400..10000
03-10 13:59:14.002 4321 4546 I GAME : Month number is out of range 1..12
03-10 13:59:14.002 4321 4546 I GAME : Day of month value is out of range 1..31
03-10 13:59:14.008 4321 4546 I GAME : Year is out of valid range: 1400..10000
03-10 13:59:14.008 4321 4546 I GAME : Month number is out of range 1..12
03-10 13:59:14.008 4321 4546 I GAME : Day of month value is out of range 1..31
03-10 13:59:14.036 4321 4546 I GAME : Year is out of valid range: 1400..10000
03-10 13:59:14.037 4321 4546 I GAME : Month number is out of range 1..12
03-10 13:59:14.037 4321 4546 I GAME : Day of month value is out of range 1..31
03-10 13:59:14.044 4321 4546 I GAME : Year is out of valid range: 1400..10000
03-10 13:59:14.044 4321 4546 I GAME : Month number is out of range 1..12
03-10 13:59:14.044 4321 4546 I GAME : Day of month value is out of range 1..31
03-10 13:59:14.072 4321 4546 I GAME : Year is out of valid range: 1400..10000
03-10 13:59:14.072 4321 4546 I GAME : Month number is out of range 1..12
03-10 13:59:14.072 4321 4546 I GAME : Day of month value is out of range 1..31
03-10 13:59:14.080 4321 4546 I GAME : Year is out of valid range: 1400..10000
03-10 13:59:14.080 4321 4546 I GAME : Month number is out of range 1..12
03-10 13:59:14.080 4321 4546 I GAME : Day of month value is out of range 1..31
03-10 13:59:14.113 4321 4546 I GAME : Year is out of valid range: 1400..10000
03-10 13:59:14.113 4321 4546 I GAME : Month number is out of range 1..12
03-10 13:59:14.113 4321 4546 I GAME : Day of month value is out of range 1..31
03-10 13:59:14.115 4321 4546 I GAME : Year is out of valid range: 1400..10000
03-10 13:59:14.115 4321 4546 I GAME : Month number is out of range 1..12
03-10 13:59:14.115 4321 4546 I GAME : Day of month value is out of range 1..31
03-10 13:59:14.121 4321 4546 I GAME : Year is out of valid range: 1400..10000
03-10 13:59:14.121 4321 4546 I GAME : Month number is out of range 1..12
03-10 13:59:14.121 4321 4546 I GAME : Day of month value is out of range 1..31
03-10 13:59:14.149 4321 4546 I GAME : Year is out of valid range: 1400..10000
03-10 13:59:14.150 4321 4546 I GAME : Month number is out of range 1..12
03-10 13:59:14.150 4321 4546 I GAME : Day of month value is out of range 1..31
03-10 13:59:14.155 4321 4546 I GAME : Year is out of valid range: 1400..10000
03-10 13:59:14.155 4321 4546 I GAME : Month number is out of range 1..12
03-10 13:59:14.155 4321 4546 I GAME : Day of month value is out of range 1..31
03-10 13:59:14.185 4321 4546 I GAME : Year is out of valid range: 1400..10000
03-10 13:59:14.185 4321 4546 I GAME : Month number is out of range 1..12
03-10 13:59:14.185 4321 4546 I GAME : Day of month value is out of range 1..31
03-10 13:59:14.191 4321 4546 I GAME : Year is out of valid range: 1400..10000
03-10 13:59:14.191 4321 4546 I GAME : Month number is out of range 1..12
03-10 13:59:14.191 4321 4546 I GAME : Day of month value is out of range 1..31
03-10 13:59:14.217 4321 4321 W Thread-3021: type=1400 audit(0.0:39631): avc:
denied { accept } for scontext=u:r:untrusted_app:s0:c512,c768
tcontext=u:r:surfaceflinger:s0 tclass=unix_stream_socket permissive=0
03-10 13:59:14.220 4321 4546 I GAME : Year is out of valid range: 1400..10000
03-10 13:59:14.220 4321 4546 I GAME : Month number is out of range 1..12
03-10 13:59:14.220 4321 4546 I GAME : Day of month value is out of range 1..31
03-10 13:59:14.226 4321 4546 I GAME : Year is out of valid range: 1400..10000
03-10 13:59:14.226 4321 4546 I GAME : Month number is out of range 1..12
03-10 13:59:14.226 4321 4546 I GAME : Day of month value is out of range 1..31
03-10 13:59:14.250 4321 4321 W Thread-3032: type=1400 audit(0.0:39632): avc:
denied { accept } for scontext=u:r:untrusted_app:s0:c512,c768
tcontext=u:r:surfaceflinger:s0 tclass=unix_stream_socket permissive=0
03-10 13:59:14.253 4321 4546 I GAME : Year is out of valid range: 1400..10000
03-10 13:59:14.253 4321 4546 I GAME : Month number is out of range 1..12
03-10 13:59:14.253 4321 4546 I GAME : Day of month value is out of range 1..31
03-10 13:59:14.258 4321 4546 I GAME : Year is out of valid range: 1400..10000
03-10 13:59:14.259 4321 4546 I GAME : Month number is out of range 1..12
03-10 13:59:14.259 4321 4546 I GAME : Day of month value is out of range 1..31
03-10 13:59:14.280 4321 4321 W Thread-3043: type=1400 audit(0.0:39633): avc:
denied { accept } for scontext=u:r:untrusted_app:s0:c512,c768
tcontext=u:r:surfaceflinger:s0 tclass=unix_stream_socket permissive=0
03-10 13:59:14.285 4321 4546 I GAME : Year is out of valid range: 1400..10000
03-10 13:59:14.286 4321 4546 I GAME : Month number is out of range 1..12
03-10 13:59:14.286 4321 4546 I GAME : Day of month value is out of range 1..31
03-10 13:59:14.288 4321 4546 I GAME : [OnlineTask] 'fed:Initialize', state:
`started`, resultCode: -2147483388
03-10 13:59:14.288 4321 4546 D DataSharing: Reading GloftANPH_GAIA_FIRST_LAUNCH
from local map = false
03-10 13:59:14.288 4321 4546 I HEI : 7000
03-10 13:59:14.289 4321 4546 D DataSharing: Reading GloftANPH_GAIA_ANON_GLUID
from local map =
{"data":"mIkAStdIu1s0+ky5Q3VSUA==","gen":2,"password":"V093ZG05Zk9VZTMwOFEzUw==","p
ck_name":"GloftANPH","time":"1534639560","ver":2}
03-10 13:59:14.289 4321 4546 D DataSharing: Reading GloftANPH_GAIA_ANON_GLUID
from local map =
{"data":"mIkAStdIu1s0+ky5Q3VSUA==","gen":2,"password":"V093ZG05Zk9VZTMwOFEzUw==","p
ck_name":"GloftANPH","time":"1534639560","ver":2}
03-10 13:59:14.289 4321 4546 I HEI : 8001
03-10 13:59:14.289 4321 4546 I HEI : 20001
03-10 13:59:14.290 4321 4546 D DataSharing: Reading GloftANPH_GAIA_FIRST_LAUNCH
from local map = false
03-10 13:59:14.290 4321 4546 I HEI : 7001
03-10 13:59:14.290 4321 4546 D DataSharing: Reading GloftANPH_GAIA_ENC_KEY_GLUID
from local map =
{"data":"mIkAStdIu1s0+ky5Q3VSUA==","gen":2,"password":"V093ZG05Zk9VZTMwOFEzUw==","p
ck_name":"GloftANPH","time":"1534639560","ver":2}
03-10 13:59:14.290 4321 4546 D DataSharing: Reading GloftANPH_GAIA_ENC_KEY_GLUID
from local map =
{"data":"mIkAStdIu1s0+ky5Q3VSUA==","gen":2,"password":"V093ZG05Zk9VZTMwOFEzUw==","p
ck_name":"GloftANPH","time":"1534639560","ver":2}
03-10 13:59:14.291 4321 4546 I HEI : 8001
03-10 13:59:14.291 4321 4546 I HEI : 20001
03-10 13:59:14.292 4321 4546 D DataSharing: Reading GloftANPH_SELECTED_DC from
local map = mdc
03-10 13:59:14.292 4321 4546 D DataSharing: Reading GloftANPH_SELECTED_DC from
local map = mdc
03-10 13:59:14.292 4321 4546 D DataSharing: setSharedValue GloftANPH_SELECTED_DC
with value=mdc
03-10 13:59:14.293 4321 4546 D DataSharing: setSharedValue GloftANPH_SELECTED_DC
with same value as the already saved. SKIP
03-10 13:59:14.296 4321 4546 I GAME : Year is out of valid range: 1400..10000
03-10 13:59:14.296 4321 4546 I GAME : Month number is out of range 1..12
03-10 13:59:14.296 4321 4546 I GAME : Day of month value is out of range 1..31
03-10 13:59:14.320 4321 4321 W Thread-3063: type=1400 audit(0.0:39634): avc:
denied { accept } for scontext=u:r:untrusted_app:s0:c512,c768
tcontext=u:r:surfaceflinger:s0 tclass=unix_stream_socket permissive=0
03-10 13:59:14.323 4321 4546 I GAME : Year is out of valid range: 1400..10000
03-10 13:59:14.324 4321 4546 I GAME : Month number is out of range 1..12
03-10 13:59:14.324 4321 4546 I GAME : Day of month value is out of range 1..31
03-10 13:59:14.329 4321 4546 I GAME : Year is out of valid range: 1400..10000
03-10 13:59:14.329 4321 4546 I GAME : Month number is out of range 1..12
03-10 13:59:14.329 4321 4546 I GAME : Day of month value is out of range 1..31
03-10 13:59:14.354 4321 4321 W Thread-3074: type=1400 audit(0.0:39635): avc:
denied { accept } for scontext=u:r:untrusted_app:s0:c512,c768
tcontext=u:r:surfaceflinger:s0 tclass=unix_stream_socket permissive=0
03-10 13:59:14.358 4321 4546 I GAME : Year is out of valid range: 1400..10000
03-10 13:59:14.358 4321 4546 I GAME : Month number is out of range 1..12
03-10 13:59:14.358 4321 4546 I GAME : Day of month value is out of range 1..31
03-10 13:59:14.364 4321 4546 I GAME : Year is out of valid range: 1400..10000
03-10 13:59:14.364 4321 4546 I GAME : Month number is out of range 1..12
03-10 13:59:14.364 4321 4546 I GAME : Day of month value is out of range 1..31
03-10 13:59:14.393 4321 4546 I GAME : Year is out of valid range: 1400..10000
03-10 13:59:14.393 4321 4546 I GAME : Month number is out of range 1..12
03-10 13:59:14.393 4321 4546 I GAME : Day of month value is out of range 1..31
03-10 13:59:14.393 4321 4652 D DataSharing: Reading GloftANPH_GAIA_FIRST_LAUNCH
from local map = false
03-10 13:59:14.393 4321 4652 I HEI : 7000
03-10 13:59:14.394 4321 4652 D DataSharing: Reading GloftANPH_GAIA_ANON_GLUID
from local map =
{"data":"mIkAStdIu1s0+ky5Q3VSUA==","gen":2,"password":"V093ZG05Zk9VZTMwOFEzUw==","p
ck_name":"GloftANPH","time":"1534639560","ver":2}
03-10 13:59:14.395 4321 4652 D DataSharing: Reading GloftANPH_GAIA_ANON_GLUID
from local map =
{"data":"mIkAStdIu1s0+ky5Q3VSUA==","gen":2,"password":"V093ZG05Zk9VZTMwOFEzUw==","p
ck_name":"GloftANPH","time":"1534639560","ver":2}
03-10 13:59:14.395 4321 4652 I HEI : 8001
03-10 13:59:14.395 4321 4652 I HEI : 20001
03-10 13:59:14.395 4321 4652 D DataSharing: Reading GloftANPH_GAIA_FIRST_LAUNCH
from local map = false
03-10 13:59:14.396 4321 4652 I HEI : 7001
03-10 13:59:14.396 4321 4652 D DataSharing: Reading GloftANPH_GAIA_ENC_KEY_GLUID
from local map =
{"data":"mIkAStdIu1s0+ky5Q3VSUA==","gen":2,"password":"V093ZG05Zk9VZTMwOFEzUw==","p
ck_name":"GloftANPH","time":"1534639560","ver":2}
03-10 13:59:14.396 4321 4652 D DataSharing: Reading GloftANPH_GAIA_ENC_KEY_GLUID
from local map =
{"data":"mIkAStdIu1s0+ky5Q3VSUA==","gen":2,"password":"V093ZG05Zk9VZTMwOFEzUw==","p
ck_name":"GloftANPH","time":"1534639560","ver":2}
03-10 13:59:14.397 4321 4652 I HEI : 8001
03-10 13:59:14.397 4321 4652 I HEI : 20001
03-10 13:59:14.402 4321 4546 I GAME : Year is out of valid range: 1400..10000
03-10 13:59:14.402 4321 4546 I GAME : Month number is out of range 1..12
03-10 13:59:14.402 4321 4546 I GAME : Day of month value is out of range 1..31
03-10 13:59:14.434 4321 4546 I GAME : Year is out of valid range: 1400..10000
03-10 13:59:14.434 4321 4546 I GAME : Month number is out of range 1..12
03-10 13:59:14.434 4321 4546 I GAME : Day of month value is out of range 1..31
03-10 13:59:14.441 4321 4546 I GAME : Year is out of valid range: 1400..10000
03-10 13:59:14.441 4321 4546 I GAME : Month number is out of range 1..12
03-10 13:59:14.441 4321 4546 I GAME : Day of month value is out of range 1..31
03-10 13:59:14.471 4321 4546 I GAME : Year is out of valid range: 1400..10000
03-10 13:59:14.471 4321 4546 I GAME : Month number is out of range 1..12
03-10 13:59:14.471 4321 4546 I GAME : Day of month value is out of range 1..31
03-10 13:59:14.477 4321 4546 I GAME : Year is out of valid range: 1400..10000
03-10 13:59:14.477 4321 4546 I GAME : Month number is out of range 1..12
03-10 13:59:14.477 4321 4546 I GAME : Day of month value is out of range 1..31
03-10 13:59:14.501 4321 4655 D DataSharing: Reading GloftANPH_GAIA_FIRST_LAUNCH
from local map = false
03-10 13:59:14.501 4321 4655 I HEI : 7000
03-10 13:59:14.503 4321 4655 D DataSharing: Reading GloftANPH_GAIA_ANON_GLUID
from local map =
{"data":"mIkAStdIu1s0+ky5Q3VSUA==","gen":2,"password":"V093ZG05Zk9VZTMwOFEzUw==","p
ck_name":"GloftANPH","time":"1534639560","ver":2}
03-10 13:59:14.504 4321 4655 D DataSharing: Reading GloftANPH_GAIA_ANON_GLUID
from local map =
{"data":"mIkAStdIu1s0+ky5Q3VSUA==","gen":2,"password":"V093ZG05Zk9VZTMwOFEzUw==","p
ck_name":"GloftANPH","time":"1534639560","ver":2}
03-10 13:59:14.505 4321 4655 I HEI : 8001
03-10 13:59:14.505 4321 4655 I HEI : 20001
03-10 13:59:14.506 4321 4655 D DataSharing: Reading GloftANPH_GAIA_FIRST_LAUNCH
from local map = false
03-10 13:59:14.506 4321 4655 I HEI : 7001
03-10 13:59:14.506 4321 4546 I GAME : Year is out of valid range: 1400..10000
03-10 13:59:14.506 4321 4546 I GAME : Month number is out of range 1..12
03-10 13:59:14.506 4321 4546 I GAME : Day of month value is out of range 1..31
03-10 13:59:14.506 4321 4655 D DataSharing: Reading GloftANPH_GAIA_ENC_KEY_GLUID
from local map =
{"data":"mIkAStdIu1s0+ky5Q3VSUA==","gen":2,"password":"V093ZG05Zk9VZTMwOFEzUw==","p
ck_name":"GloftANPH","time":"1534639560","ver":2}
03-10 13:59:14.507 4321 4655 D DataSharing: Reading GloftANPH_GAIA_ENC_KEY_GLUID
from local map =
{"data":"mIkAStdIu1s0+ky5Q3VSUA==","gen":2,"password":"V093ZG05Zk9VZTMwOFEzUw==","p
ck_name":"GloftANPH","time":"1534639560","ver":2}
03-10 13:59:14.507 4321 4655 I HEI : 8001
03-10 13:59:14.507 4321 4655 I HEI : 20001
03-10 13:59:14.512 4321 4546 I GAME : Year is out of valid range: 1400..10000
03-10 13:59:14.512 4321 4546 I GAME : Month number is out of range 1..12
03-10 13:59:14.512 4321 4546 I GAME : Day of month value is out of range 1..31
03-10 13:59:14.541 4321 4546 I GAME : Year is out of valid range: 1400..10000
03-10 13:59:14.541 4321 4546 I GAME : Month number is out of range 1..12
03-10 13:59:14.541 4321 4546 I GAME : Day of month value is out of range 1..31
03-10 13:59:14.546 4321 4546 I GAME : Year is out of valid range: 1400..10000
03-10 13:59:14.547 4321 4546 I GAME : Month number is out of range 1..12
03-10 13:59:14.547 4321 4546 I GAME : Day of month value is out of range 1..31
03-10 13:59:14.574 4321 4546 I GAME : Year is out of valid range: 1400..10000
03-10 13:59:14.574 4321 4546 I GAME : Month number is out of range 1..12
03-10 13:59:14.574 4321 4546 I GAME : Day of month value is out of range 1..31
03-10 13:59:14.580 4321 4546 I GAME : Year is out of valid range: 1400..10000
03-10 13:59:14.580 4321 4546 I GAME : Month number is out of range 1..12
03-10 13:59:14.580 4321 4546 I GAME : Day of month value is out of range 1..31
03-10 13:59:14.607 4321 4546 I GAME : Year is out of valid range: 1400..10000
03-10 13:59:14.608 4321 4546 I GAME : Month number is out of range 1..12
03-10 13:59:14.608 4321 4546 I GAME : Day of month value is out of range 1..31
03-10 13:59:14.613 4321 4546 I GAME : Year is out of valid range: 1400..10000
03-10 13:59:14.613 4321 4546 I GAME : Month number is out of range 1..12
03-10 13:59:14.613 4321 4546 I GAME : Day of month value is out of range 1..31
03-10 13:59:14.614 4321 4546 D DataSharing: Reading GloftANPH_SELECTED_DC from
local map = mdc
03-10 13:59:14.614 4321 4546 D DataSharing: Reading GloftANPH_SELECTED_DC from
local map = mdc
03-10 13:59:14.642 4321 4546 I GAME : Year is out of valid range: 1400..10000
03-10 13:59:14.642 4321 4546 I GAME : Month number is out of range 1..12
03-10 13:59:14.642 4321 4546 I GAME : Day of month value is out of range 1..31
03-10 13:59:14.648 4321 4546 I GAME : Year is out of valid range: 1400..10000
03-10 13:59:14.648 4321 4546 I GAME : Month number is out of range 1..12
03-10 13:59:14.648 4321 4546 I GAME : Day of month value is out of range 1..31
03-10 13:59:14.675 4321 4546 I GAME : Year is out of valid range: 1400..10000
03-10 13:59:14.676 4321 4546 I GAME : Month number is out of range 1..12
03-10 13:59:14.676 4321 4546 I GAME : Day of month value is out of range 1..31
03-10 13:59:14.681 4321 4546 I GAME : Year is out of valid range: 1400..10000
03-10 13:59:14.681 4321 4546 I GAME : Month number is out of range 1..12
03-10 13:59:14.681 4321 4546 I GAME : Day of month value is out of range 1..31
03-10 13:59:14.708 4321 4546 I GAME : Year is out of valid range: 1400..10000
03-10 13:59:14.708 4321 4546 I GAME : Month number is out of range 1..12
03-10 13:59:14.708 4321 4546 I GAME : Day of month value is out of range 1..31
03-10 13:59:14.714 4321 4546 I GAME : Year is out of valid range: 1400..10000
03-10 13:59:14.714 4321 4546 I GAME : Month number is out of range 1..12
03-10 13:59:14.714 4321 4546 I GAME : Day of month value is out of range 1..31
03-10 13:59:14.743 4321 4546 I GAME : Year is out of valid range: 1400..10000
03-10 13:59:14.743 4321 4546 I GAME : Month number is out of range 1..12
03-10 13:59:14.743 4321 4546 I GAME : Day of month value is out of range 1..31
03-10 13:59:14.745 4321 4546 I GAME : Year is out of valid range: 1400..10000
03-10 13:59:14.745 4321 4546 I GAME : Month number is out of range 1..12
03-10 13:59:14.745 4321 4546 I GAME : Day of month value is out of range 1..31
03-10 13:59:14.751 4321 4546 I GAME : Year is out of valid range: 1400..10000
03-10 13:59:14.751 4321 4546 I GAME : Month number is out of range 1..12
03-10 13:59:14.751 4321 4546 I GAME : Day of month value is out of range 1..31
03-10 13:59:14.780 4321 4546 I GAME : Year is out of valid range: 1400..10000
03-10 13:59:14.780 4321 4546 I GAME : Month number is out of range 1..12
03-10 13:59:14.780 4321 4546 I GAME : Day of month value is out of range 1..31
03-10 13:59:14.787 4321 4546 I GAME : Year is out of valid range: 1400..10000
03-10 13:59:14.787 4321 4546 I GAME : Month number is out of range 1..12
03-10 13:59:14.787 4321 4546 I GAME : Day of month value is out of range 1..31
03-10 13:59:14.800 4321 4655 I GAME : [OnlineTask] 'fed:Initialize' error[-
2147483388]: ''
03-10 13:59:14.819 4321 4546 I GAME : Year is out of valid range: 1400..10000
03-10 13:59:14.819 4321 4546 I GAME : Month number is out of range 1..12
03-10 13:59:14.819 4321 4546 I GAME : Day of month value is out of range 1..31
03-10 13:59:14.825 4321 4546 I GAME : Year is out of valid range: 1400..10000
03-10 13:59:14.825 4321 4546 I GAME : Month number is out of range 1..12
03-10 13:59:14.825 4321 4546 I GAME : Day of month value is out of range 1..31
03-10 13:59:14.855 4321 4546 I GAME : Year is out of valid range: 1400..10000
03-10 13:59:14.855 4321 4546 I GAME : Month number is out of range 1..12
03-10 13:59:14.855 4321 4546 I GAME : Day of month value is out of range 1..31
03-10 13:59:14.861 4321 4546 I GAME : Year is out of valid range: 1400..10000
03-10 13:59:14.861 4321 4546 I GAME : Month number is out of range 1..12
03-10 13:59:14.861 4321 4546 I GAME : Day of month value is out of range 1..31
03-10 13:59:14.890 4321 4546 I GAME : Year is out of valid range: 1400..10000
03-10 13:59:14.890 4321 4546 I GAME : Month number is out of range 1..12
03-10 13:59:14.890 4321 4546 I GAME : Day of month value is out of range 1..31
03-10 13:59:14.896 4321 4546 I GAME : Year is out of valid range: 1400..10000
03-10 13:59:14.896 4321 4546 I GAME : Month number is out of range 1..12
03-10 13:59:14.896 4321 4546 I GAME : Day of month value is out of range 1..31
03-10 13:59:14.926 4321 4546 I GAME : Year is out of valid range: 1400..10000
03-10 13:59:14.926 4321 4546 I GAME : Month number is out of range 1..12
03-10 13:59:14.926 4321 4546 I GAME : Day of month value is out of range 1..31
03-10 13:59:14.932 4321 4546 I GAME : Year is out of valid range: 1400..10000
03-10 13:59:14.932 4321 4546 I GAME : Month number is out of range 1..12
03-10 13:59:14.932 4321 4546 I GAME : Day of month value is out of range 1..31
03-10 13:59:14.958 4321 4619 I GAME : [LODsGenerator] calculator out:
vertices: 3329, triangles: 3197
03-10 13:59:14.961 4321 4546 I GAME : Year is out of valid range: 1400..10000
03-10 13:59:14.961 4321 4546 I GAME : Month number is out of range 1..12
03-10 13:59:14.961 4321 4546 I GAME : Day of month value is out of range 1..31
03-10 13:59:14.967 4321 4546 I GAME : Year is out of valid range: 1400..10000
03-10 13:59:14.967 4321 4546 I GAME : Month number is out of range 1..12
03-10 13:59:14.967 4321 4546 I GAME : Day of month value is out of range 1..31
03-10 13:59:14.985 4321 4619 I GAME : [LODsGenerator] finished in: 1275, ms
03-10 13:59:14.985 4321 4619 I GAME : [LODsGenerator] LOD: 3
03-10 13:59:14.985 4321 4619 I GAME : [LODsGenerator] material
'plastik_black', reduce factor: 1.00
03-10 13:59:14.994 4321 4546 I GAME : Year is out of valid range: 1400..10000
03-10 13:59:14.994 4321 4546 I GAME : Month number is out of range 1..12
03-10 13:59:14.994 4321 4546 I GAME : Day of month value is out of range 1..31
03-10 13:59:14.996 4321 4546 I GAME : [OnlineTask] 'fed:GetServerTime', state:
`started`, resultCode: -21
03-10 13:59:14.996 4321 4546 I GAME : [OnlineTask] 'fed:GetServerTime' error[-
21]: ''
03-10 13:59:14.999 4321 4546 I GAME : Year is out of valid range: 1400..10000
03-10 13:59:14.999 4321 4546 I GAME : Month number is out of range 1..12
03-10 13:59:14.999 4321 4546 I GAME : Day of month value is out of range 1..31
03-10 13:59:15.022 4321 4619 I GAME : [LODsGenerator] statistics on borders:
0.999657
03-10 13:59:15.026 4321 4546 I GAME : Year is out of valid range: 1400..10000
03-10 13:59:15.026 4321 4546 I GAME : Month number is out of range 1..12
03-10 13:59:15.026 4321 4546 I GAME : Day of month value is out of range 1..31
03-10 13:59:15.029 4321 4619 I GAME : [LODsGenerator] calculator in:
vertices: 2912, triangles, 2599
03-10 13:59:15.029 4321 4619 I GAME : [LODsGenerator] calculator out:
vertices: 2912, triangles: 2599
03-10 13:59:15.031 4321 4546 I GAME : Year is out of valid range: 1400..10000
03-10 13:59:15.031 4321 4546 I GAME : Month number is out of range 1..12
03-10 13:59:15.031 4321 4546 I GAME : Day of month value is out of range 1..31
03-10 13:59:15.048 4321 4619 I GAME : [LODsGenerator] finished in: 62, ms
03-10 13:59:15.048 4321 4619 I GAME : [LODsGenerator] material 'carpaint',
reduce factor: 1.00
03-10 13:59:15.060 4321 4546 I GAME : Year is out of valid range: 1400..10000
03-10 13:59:15.060 4321 4546 I GAME : Month number is out of range 1..12
03-10 13:59:15.061 4321 4546 I GAME : Day of month value is out of range 1..31
03-10 13:59:15.065 4321 4546 I GAME : Year is out of valid range: 1400..10000
03-10 13:59:15.065 4321 4546 I GAME : Month number is out of range 1..12
03-10 13:59:15.065 4321 4546 I GAME : Day of month value is out of range 1..31
03-10 13:59:15.090 4321 4619 I GAME : [LODsGenerator] statistics on borders:
0.999700
03-10 13:59:15.095 4321 4546 I GAME : Year is out of valid range: 1400..10000
03-10 13:59:15.095 4321 4546 I GAME : Month number is out of range 1..12
03-10 13:59:15.095 4321 4546 I GAME : Day of month value is out of range 1..31
03-10 13:59:15.098 4321 4619 I GAME : [LODsGenerator] calculator in:
vertices: 3329, triangles, 3197
03-10 13:59:15.099 4321 4619 I GAME : [LODsGenerator] calculator out:
vertices: 3329, triangles: 3197
03-10 13:59:15.101 4321 4546 I GAME : Year is out of valid range: 1400..10000
03-10 13:59:15.101 4321 4546 I GAME : Month number is out of range 1..12
03-10 13:59:15.101 4321 4546 I GAME : Day of month value is out of range 1..31
03-10 13:59:15.123 4321 4619 I GAME : [LODsGenerator] finished in: 75, ms
03-10 13:59:15.125 4321 4619 I GAME : [LODsGenerator] LOD: 2
03-10 13:59:15.125 4321 4619 I GAME : [LODsGenerator] material 'rims', reduce
factor: 1.00
03-10 13:59:15.129 4321 4546 I GAME : Year is out of valid range: 1400..10000
03-10 13:59:15.129 4321 4546 I GAME : Month number is out of range 1..12
03-10 13:59:15.129 4321 4546 I GAME : Day of month value is out of range 1..31
03-10 13:59:15.134 4321 4546 I GAME : Year is out of valid range: 1400..10000
03-10 13:59:15.134 4321 4546 I GAME : Month number is out of range 1..12
03-10 13:59:15.134 4321 4546 I GAME : Day of month value is out of range 1..31
03-10 13:59:15.137 4321 4619 I GAME : [LODsGenerator] statistics on borders:
0.979982
03-10 13:59:15.140 4321 4619 I GAME : [LODsGenerator] calculator in:
vertices: 1099, triangles, 918
03-10 13:59:15.144 4321 4619 I GAME : [LODsGenerator] calculator out:
vertices: 1078, triangles: 876
03-10 13:59:15.151 4321 4619 I GAME : [LODsGenerator] finished in: 26, ms
03-10 13:59:15.151 4321 4619 I GAME : [LODsGenerator] LOD: 3
03-10 13:59:15.152 4321 4619 I GAME : [LODsGenerator] material 'rims', reduce
factor: 1.00
03-10 13:59:15.162 4321 4546 I GAME : Year is out of valid range: 1400..10000
03-10 13:59:15.162 4321 4546 I GAME : Month number is out of range 1..12
03-10 13:59:15.162 4321 4546 I GAME : Day of month value is out of range 1..31
03-10 13:59:15.164 4321 4619 I GAME : [LODsGenerator] statistics on borders:
0.999072
03-10 13:59:15.166 4321 4619 I GAME : [LODsGenerator] calculator in:
vertices: 1078, triangles, 876
03-10 13:59:15.166 4321 4619 I GAME : [LODsGenerator] calculator out:
vertices: 1078, triangles: 876
